000
CDUS43 KLOT 290634
CLIRFD


CLIMATE REPORT
NATIONAL WEATHER SERVICE CHICAGO IL
133 AM CDT FRI MAY 29 2015


...................................

...THE ROCKFORD IL CLIMATE SUMMARY FOR MAY 28 2015...

CLIMATE NORMAL PERIOD 1981 TO 2010
CLIMATE RECORD PERIOD 1905 TO 2015


WEATHER ITEM   OBSERVED TIME   RECORD YEAR NORMAL DEPARTURE LAST
                VALUE   (LST)  VALUE       VALUE  FROM      YEAR
                                                  NORMAL
..................................................................
TEMPERATURE (F)
 YESTERDAY
  MAXIMUM         83    312 PM  93    2006  76      7       78
                                      1991
  MINIMUM         55    432 AM  36    1992  52      3       58
                                      1949
  AVERAGE         69                        64      5       68

PRECIPITATION (IN)
  YESTERDAY        0.00          4.77 1996   0.14  -0.14     0.00
  MONTH TO DATE    4.32                      3.57   0.75     2.33
  SINCE MAR 1      8.74                      9.24  -0.50     6.23
  SINCE JAN 1     10.66                     12.02  -1.36     9.97

SNOWFALL (IN)
  YESTERDAY        0.0           0.0    MM   0.0    0.0      0.0
  MONTH TO DATE    T                         0.0    0.0       T
  SINCE MAR 1      7.6                       5.7    1.9      9.4
  SINCE JUL 1     35.5                      36.7   -1.2     56.9
  SNOW DEPTH       0

DEGREE DAYS
 HEATING
  YESTERDAY        0                         4     -4        0
  MONTH TO DATE  142                       191    -49      198
  SINCE MAR 1   1492                      1529    -37     1777
  SINCE JUL 1   6938                      6531    407     7669

 COOLING
  YESTERDAY        4                         3      1        3
  MONTH TO DATE   52                        38     14       62
  SINCE MAR 1     52                        46      6       62
  SINCE JAN 1     52                        46      6       62
..................................................................


WIND (MPH)
  HIGHEST WIND SPEED    20   HIGHEST WIND DIRECTION     S (160)
  HIGHEST GUST SPEED    25   HIGHEST GUST DIRECTION     S (160)
  AVERAGE WIND SPEED     7.8


SKY COVER
  POSSIBLE SUNSHINE  MM
  AVERAGE SKY COVER 0.5


WEATHER CONDITIONS
 THE FOLLOWING WEATHER WAS RECORDED YESTERDAY.
  NO SIGNIFICANT WEATHER WAS OBSERVED.


RELATIVE HUMIDITY (PERCENT)
 HIGHEST    93           200 AM
 LOWEST     36           400 PM
 AVERAGE    65

..........................................................


THE ROCKFORD IL CLIMATE NORMALS FOR TODAY
                         NORMAL    RECORD    YEAR
 MAXIMUM TEMPERATURE (F)   76        97      1934
 MINIMUM TEMPERATURE (F)   53        33      1965


SUNRISE AND SUNSET
MAY 29 2015...........SUNRISE   524 AM CDT   SUNSET   824 PM CDT
MAY 30 2015...........SUNRISE   524 AM CDT   SUNSET   824 PM CDT


-  INDICATES NEGATIVE NUMBERS.
R  INDICATES RECORD WAS SET OR TIED.
MM INDICATES DATA IS MISSING.
T  INDICATES TRACE AMOUNT.




$$
