000
CDUS43 KGRB 210644
CLIRHI


CLIMATE REPORT
NATIONAL WEATHER SERVICE GREEN BAY
143 AM CDT SAT OCT 21 2017


...................................

...THE RHINELANDER WI CLIMATE SUMMARY FOR OCTOBER 20 2017...

CLIMATE NORMAL PERIOD 1981 TO 2010
CLIMATE RECORD PERIOD 1908 TO 2017


WEATHER ITEM   OBSERVED TIME   RECORD YEAR NORMAL DEPARTURE LAST
                VALUE   (LST)  VALUE       VALUE  FROM      YEAR
                                                  NORMAL
..................................................................
TEMPERATURE (F)
 YESTERDAY
  MAXIMUM         75    230 PM  83    1947  52     23       44
  MINIMUM         53    641 AM  14    1917  33     20       34
  AVERAGE         64                        42     22       39

PRECIPITATION (IN)
  YESTERDAY        0.00          1.36 1934   0.09  -0.09     0.00
  MONTH TO DATE    3.48                      2.19   1.29     5.29
  SINCE SEP 1      5.43                      6.39  -0.96    10.91
  SINCE JAN 1     36.52                     27.27   9.25    38.50

SNOWFALL (IN)
  YESTERDAY        0.0           1.0  1982  MM     MM        0.0
  MONTH TO DATE    0.0                      MM     MM        0.0
  SINCE SEP 1      0.0                      MM     MM        0.0
  SINCE JUL 1      0.0                      MM     MM        0.0
  SNOW DEPTH       0

DEGREE DAYS
 HEATING
  YESTERDAY        1                        23    -22       26
  MONTH TO DATE  259                       389   -130      267
  SINCE SEP 1    466                       694   -228      427
  SINCE JUL 1    632                       821   -189      488

 COOLING
  YESTERDAY        0                         0      0        0
  MONTH TO DATE    0                         0      0        0
  SINCE SEP 1     53                        18     35       13
  SINCE JAN 1    215                       259    -44      321
..................................................................


WIND (MPH)
  HIGHEST WIND SPEED    18   HIGHEST WIND DIRECTION    SW (210)
  HIGHEST GUST SPEED    26   HIGHEST GUST DIRECTION    SW (210)
  AVERAGE WIND SPEED    10.9


SKY COVER
  POSSIBLE SUNSHINE  MM
  AVERAGE SKY COVER 0.0


WEATHER CONDITIONS
 THE FOLLOWING WEATHER WAS RECORDED YESTERDAY.
  NO SIGNIFICANT WEATHER WAS OBSERVED.


RELATIVE HUMIDITY (PERCENT)
 HIGHEST    77           700 AM
 LOWEST     35           200 PM
 AVERAGE    56

..........................................................


THE RHINELANDER WI CLIMATE NORMALS FOR TODAY
                         NORMAL    RECORD    YEAR
 MAXIMUM TEMPERATURE (F)   52        85      1947
 MINIMUM TEMPERATURE (F)   33        18      1930
                                             1917


SUNRISE AND SUNSET
OCTOBER 21 2017.......SUNRISE   723 AM CDT   SUNSET   601 PM CDT
OCTOBER 22 2017.......SUNRISE   724 AM CDT   SUNSET   600 PM CDT


-  INDICATES NEGATIVE NUMBERS.
R  INDICATES RECORD WAS SET OR TIED.
MM INDICATES DATA IS MISSING.
T  INDICATES TRACE AMOUNT.




$$
