000
CDUS43 KGRB 182132
CLIRHI


CLIMATE REPORT
NATIONAL WEATHER SERVICE GREEN BAY
431 PM CDT FRI AUG 18 2017


...................................

...THE RHINELANDER WI CLIMATE SUMMARY FOR AUGUST 18 2017...
VALID TODAY AS OF 0400 PM LOCAL TIME.

CLIMATE NORMAL PERIOD 1981 TO 2010
CLIMATE RECORD PERIOD 1908 TO 2017


WEATHER ITEM   OBSERVED TIME   RECORD YEAR NORMAL DEPARTURE LAST
                VALUE   (LST)  VALUE       VALUE  FROM      YEAR
                                                  NORMAL
..................................................................
TEMPERATURE (F)
 TODAY
  MAXIMUM         70    259 PM  96    1934  77     -7       83
  MINIMUM         59    701 AM  36    1950  53      6       56
  AVERAGE         65                        65      0       70

PRECIPITATION (IN)
  TODAY            T             2.07 1994   0.10  -0.10     0.00
  MONTH TO DATE    3.02                      1.91   1.11     3.76
  SINCE JUN 1     11.91                      9.82   2.09    14.60
  SINCE JAN 1     29.63                     19.50  10.13    25.68

SNOWFALL (IN)
  TODAY            0.0           0.0    MM  MM     MM        0.0
  MONTH TO DATE    0.0                      MM     MM        0.0
  SINCE JUN 1      0.0                      MM     MM        0.0
  SINCE JUL 1      0.0                      MM     MM        0.0
  SNOW DEPTH       0

DEGREE DAYS
 HEATING
  TODAY            0                         2     -2        0
  MONTH TO DATE   60                        34     26        0
  SINCE JUN 1    194                       219    -25      125
  SINCE JUL 1     96                        85     11       33

 COOLING
  TODAY            0                         2     -2        5
  MONTH TO DATE    9                        52    -43       86
  SINCE JUN 1    151                       210    -59      268
  SINCE JAN 1    153                       222    -69      283
..................................................................


WIND (MPH)
  HIGHEST WIND SPEED    15   HIGHEST WIND DIRECTION     W (280)
  HIGHEST GUST SPEED    21   HIGHEST GUST DIRECTION    NW (320)
  AVERAGE WIND SPEED     8.7


SKY COVER
  POSSIBLE SUNSHINE  MM
  AVERAGE SKY COVER 0.9


WEATHER CONDITIONS
 THE FOLLOWING WEATHER WAS RECORDED TODAY.
  LIGHT RAIN
  FOG


RELATIVE HUMIDITY (PERCENT)
 HIGHEST   100          1200 AM
 LOWEST     61           200 PM
 AVERAGE    81

..........................................................


THE RHINELANDER WI CLIMATE NORMALS FOR TOMORROW
                         NORMAL    RECORD    YEAR
 MAXIMUM TEMPERATURE (F)   77        93      1916
 MINIMUM TEMPERATURE (F)   53        36      2004


SUNRISE AND SUNSET
AUGUST 18 2017........SUNRISE   602 AM CDT   SUNSET   800 PM CDT
AUGUST 19 2017........SUNRISE   603 AM CDT   SUNSET   758 PM CDT


-  INDICATES NEGATIVE NUMBERS.
R  INDICATES RECORD WAS SET OR TIED.
MM INDICATES DATA IS MISSING.
T  INDICATES TRACE AMOUNT.




$$
