240
CDUS43 KGRB 022228
CLIRHI


CLIMATE REPORT
NATIONAL WEATHER SERVICE GREEN BAY
426 PM CST FRI DEC 2 2016


...................................

...THE RHINELANDER WI CLIMATE SUMMARY FOR DECEMBER 2 2016...
VALID TODAY AS OF 0400 PM LOCAL TIME.

CLIMATE NORMAL PERIOD 1981 TO 2010
CLIMATE RECORD PERIOD 1908 TO 2016


WEATHER ITEM   OBSERVED TIME   RECORD YEAR NORMAL DEPARTURE LAST
                VALUE   (LST)  VALUE       VALUE  FROM      YEAR
                                                  NORMAL
..................................................................
TEMPERATURE (F)
 TODAY
  MAXIMUM         32    303 PM  62    1998  29      3       35
  MINIMUM         28    803 AM -21    1976  14     14       25
  AVERAGE         30                        22      8       30

PRECIPITATION (IN)
  TODAY            0.00          0.80 1984   0.06  -0.06     0.09
  MONTH TO DATE    0.00                      0.11  -0.11     0.37
  SINCE DEC 1      0.00                      0.11  -0.11     0.37
  SINCE JAN 1     40.78                     30.07  10.71    27.79

SNOWFALL (IN)
  TODAY            0.0           6.0  1950  MM     MM        1.9
  MONTH TO DATE    0.0                      MM     MM        3.0
  SINCE DEC 1      0.0                      MM     MM        3.0
  SINCE JUL 1      6.6                      MM     MM        7.1
  SNOW DEPTH       0

DEGREE DAYS
 HEATING
  TODAY           35                        43     -8       35
  MONTH TO DATE   67                        86    -19       68
  SINCE DEC 1     67                        86    -19       68
  SINCE JUL 1   1549                      2220   -671     1785

 COOLING
  TODAY            0                         0      0        0
  MONTH TO DATE    0                         0      0        0
  SINCE DEC 1      0                         0      0        0
  SINCE JAN 1    321                       261     60      233
..................................................................


WIND (MPH)
  HIGHEST WIND SPEED    12   HIGHEST WIND DIRECTION    NW (300)
  HIGHEST GUST SPEED    16   HIGHEST GUST DIRECTION     W (290)
  AVERAGE WIND SPEED     7.4


SKY COVER
  POSSIBLE SUNSHINE  MM
  AVERAGE SKY COVER 1.0


WEATHER CONDITIONS
 THE FOLLOWING WEATHER WAS RECORDED TODAY.
  FOG


RELATIVE HUMIDITY (PERCENT)
 HIGHEST    92           200 AM
 LOWEST     78          1200 AM
 AVERAGE    85

..........................................................


THE RHINELANDER WI CLIMATE NORMALS FOR TOMORROW
                         NORMAL    RECORD    YEAR
 MAXIMUM TEMPERATURE (F)   29        61      1998
 MINIMUM TEMPERATURE (F)   14       -22      1927


SUNRISE AND SUNSET
DECEMBER  2 2016......SUNRISE   720 AM CST   SUNSET   415 PM CST
DECEMBER  3 2016......SUNRISE   721 AM CST   SUNSET   415 PM CST


-  INDICATES NEGATIVE NUMBERS.
R  INDICATES RECORD WAS SET OR TIED.
MM INDICATES DATA IS MISSING.
T  INDICATES TRACE AMOUNT.




$$
