000
CDUS43 KGRB 300637
CLIRHI

CLIMATE REPORT
NATIONAL WEATHER SERVICE GREEN BAY
135 AM CDT THU OCT 30 2014

...................................

...THE RHINELANDER WI CLIMATE SUMMARY FOR OCTOBER 29 2014...

CLIMATE NORMAL PERIOD 1981 TO 2010
CLIMATE RECORD PERIOD 1908 TO 2014

WEATHER ITEM   OBSERVED TIME   RECORD YEAR NORMAL DEPARTURE LAST
                VALUE   (LST)  VALUE       VALUE  FROM      YEAR
                                                  NORMAL
..................................................................
TEMPERATURE (F)
 YESTERDAY
  MAXIMUM         43   1256 PM  71    1937  48     -5       35
  MINIMUM         34    400 AM   8    1925  30      4       20
  AVERAGE         39                        39      0       28

PRECIPITATION (IN)
  YESTERDAY        T             1.34 1955   0.07  -0.07     0.03
  MONTH TO DATE    3.29                      2.90   0.39     3.84
  SINCE SEP 1      9.67                      7.10   2.57     5.96
  SINCE JAN 1     36.13                     27.98   8.15    32.80

SNOWFALL (IN)
  YESTERDAY        T             1.5  1933  MM     MM         T
  MONTH TO DATE    T                        MM     MM        2.2
  SINCE SEP 1      T                        MM     MM        2.2
  SINCE JUL 1      T                        MM     MM        2.2
  SNOW DEPTH       0

DEGREE DAYS
 HEATING
  YESTERDAY       26                        26      0       37
  MONTH TO DATE  616                       609      7      610
  SINCE SEP 1    930                       914     16      872
  SINCE JUL 1   1130                      1041     89     1062

COOLING
  YESTERDAY        0                         0      0        0
  MONTH TO DATE    0                         0      0        0
  SINCE SEP 1      1                        18    -17       17
  SINCE JAN 1    148                       259   -111      281
..................................................................

WIND (MPH)
  HIGHEST WIND SPEED    18   HIGHEST WIND DIRECTION     W (270)
  HIGHEST GUST SPEED    24   HIGHEST GUST DIRECTION     W (270)
  AVERAGE WIND SPEED     7.9

SKY COVER
  POSSIBLE SUNSHINE  MM
  AVERAGE SKY COVER 1.0

WEATHER CONDITIONS
 THE FOLLOWING WEATHER WAS RECORDED YESTERDAY.
  LIGHT SNOW
  FOG
  HAZE

RELATIVE HUMIDITY (PERCENT)
 HIGHEST    96           100 AM
 LOWEST     67           100 PM
 AVERAGE    82
.........................................................

THE RHINELANDER WI CLIMATE NORMALS FOR TODAY
                         NORMAL    RECORD    YEAR
 MAXIMUM TEMPERATURE (F)   47        79      1950
 MINIMUM TEMPERATURE (F)   30         2      1925

SUNRISE AND SUNSET
OCTOBER 30 2014.......SUNRISE   735 AM CDT   SUNSET   548 PM CDT
OCTOBER 31 2014.......SUNRISE   736 AM CDT   SUNSET   546 PM CDT

-  INDICATES NEGATIVE NUMBERS.
R  INDICATES RECORD WAS SET OR TIED.
MM INDICATES DATA IS MISSING.
T  INDICATES TRACE AMOUNT.

$$
