000
CDUS43 KGRB 060627
CLIRHI


CLIMATE REPORT
NATIONAL WEATHER SERVICE GREEN BAY
127 AM CDT FRI MAY 6 2016


...................................

...THE RHINELANDER WI CLIMATE SUMMARY FOR MAY 5 2016...

CLIMATE NORMAL PERIOD 1981 TO 2010
CLIMATE RECORD PERIOD 1908 TO 2016


WEATHER ITEM   OBSERVED TIME   RECORD YEAR NORMAL DEPARTURE LAST
                VALUE   (LST)  VALUE       VALUE  FROM      YEAR
                                                  NORMAL
..................................................................
TEMPERATURE (F)
 YESTERDAY
  MAXIMUM         69    421 PM  88    1918  62      7       70
  MINIMUM         25    301 AM  21    1954  37    -12       36
  AVERAGE         47                        50     -3       53

PRECIPITATION (IN)
  YESTERDAY        T             1.03 1982   0.11  -0.11     0.00
  MONTH TO DATE    0.10                      0.53  -0.43     0.39
  SINCE MAR 1      6.55                      4.68   1.87     4.41
  SINCE JAN 1      8.28                      6.72   1.56     5.30

SNOWFALL (IN)
  YESTERDAY        0.0           5.0  1979  MM     MM        0.0
  MONTH TO DATE    0.0                      MM     MM        0.0
  SINCE MAR 1     21.2                      MM     MM       20.4
  SINCE JUL 1     55.9                      MM     MM       89.3
  SNOW DEPTH       0

DEGREE DAYS
 HEATING
  YESTERDAY       18                        16      2       12
  MONTH TO DATE   93                        82     11       36
  SINCE MAR 1   1768                      1960   -192     1851
  SINCE JUL 1   7451                      8582  -1131     9192

 COOLING
  YESTERDAY        0                         0      0        0
  MONTH TO DATE    0                         0      0        1
  SINCE MAR 1      0                         1     -1        1
  SINCE JAN 1      0                         1     -1        1
..................................................................


WIND (MPH)
  HIGHEST WIND SPEED    15   HIGHEST WIND DIRECTION     W (280)
  HIGHEST GUST SPEED    22   HIGHEST GUST DIRECTION     W (260)
  AVERAGE WIND SPEED     4.3


SKY COVER
  POSSIBLE SUNSHINE  MM
  AVERAGE SKY COVER 0.0


WEATHER CONDITIONS
 THE FOLLOWING WEATHER WAS RECORDED YESTERDAY.
  LIGHT RAIN
  FOG


RELATIVE HUMIDITY (PERCENT)
 HIGHEST    92           400 AM
 LOWEST     21           200 PM
 AVERAGE    57

..........................................................


THE RHINELANDER WI CLIMATE NORMALS FOR TODAY
                         NORMAL    RECORD    YEAR
 MAXIMUM TEMPERATURE (F)   63        93      1934
                                             1930
 MINIMUM TEMPERATURE (F)   37        22      1983


SUNRISE AND SUNSET
MAY  6 2016...........SUNRISE   538 AM CDT   SUNSET   812 PM CDT
MAY  7 2016...........SUNRISE   536 AM CDT   SUNSET   813 PM CDT


-  INDICATES NEGATIVE NUMBERS.
R  INDICATES RECORD WAS SET OR TIED.
MM INDICATES DATA IS MISSING.
T  INDICATES TRACE AMOUNT.




$$
