000
CDUS43 KGRB 171145
CLIRHI


CLIMATE REPORT
NATIONAL WEATHER SERVICE GREEN BAY
543 AM CST SUN DEC 17 2017


...................................

...THE RHINELANDER WI CLIMATE SUMMARY FOR DECEMBER 16 2017...

CLIMATE NORMAL PERIOD 1981 TO 2010
CLIMATE RECORD PERIOD 1908 TO 2017


WEATHER ITEM   OBSERVED TIME   RECORD YEAR NORMAL DEPARTURE LAST
                VALUE   (LST)  VALUE       VALUE  FROM      YEAR
                                                  NORMAL
..................................................................
TEMPERATURE (F)
 YESTERDAY
  MAXIMUM         20   1159 PM  49    1913  25     -5       12
  MINIMUM          2    706 AM -28    1919   8     -6       -5
  AVERAGE         11                        16     -5        4

PRECIPITATION (IN)
  YESTERDAY        T             1.06 1940   0.05  -0.05     0.18
  MONTH TO DATE    1.62                      0.80   0.82     0.83
  SINCE DEC 1      1.62                      0.80   0.82     0.83
  SINCE JAN 1     40.18                     30.76   9.42    41.71

SNOWFALL (IN)
  YESTERDAY       MM             6.0  1921  MM     MM        2.8
  MONTH TO DATE   11.8                      MM     MM       11.5
  SINCE DEC 1     11.8                      MM     MM       11.5
  SINCE JUL 1     25.5                      MM     MM       18.1
  SNOW DEPTH      MM

DEGREE DAYS
 HEATING
  YESTERDAY       54                        49      5       61
  MONTH TO DATE  715                       735    -20      766
  SINCE DEC 1    715                       735    -20      766
  SINCE JUL 1   2688                      2869   -181     2248

 COOLING
  YESTERDAY        0                         0      0        0
  MONTH TO DATE    0                         0      0        0
  SINCE DEC 1      0                         0      0        0
  SINCE JAN 1    215                       261    -46      321
..................................................................


WIND (MPH)
  HIGHEST WIND SPEED    14   HIGHEST WIND DIRECTION     E (100)
  HIGHEST GUST SPEED    15   HIGHEST GUST DIRECTION     E (90)
  AVERAGE WIND SPEED     6.8


SKY COVER
  POSSIBLE SUNSHINE  MM
  AVERAGE SKY COVER 0.9


WEATHER CONDITIONS
 THE FOLLOWING WEATHER WAS RECORDED YESTERDAY.
  LIGHT SNOW
  FOG


RELATIVE HUMIDITY (PERCENT)
 HIGHEST   100           700 AM
 LOWEST     67          1100 AM
 AVERAGE    84

..........................................................


THE RHINELANDER WI CLIMATE NORMALS FOR TODAY
                         NORMAL    RECORD    YEAR
 MAXIMUM TEMPERATURE (F)   25        42      1997
                                             1913
 MINIMUM TEMPERATURE (F)    8       -25      1983


SUNRISE AND SUNSET
DECEMBER 17 2017......SUNRISE   733 AM CST   SUNSET   415 PM CST
DECEMBER 18 2017......SUNRISE   734 AM CST   SUNSET   415 PM CST


-  INDICATES NEGATIVE NUMBERS.
R  INDICATES RECORD WAS SET OR TIED.
MM INDICATES DATA IS MISSING.
T  INDICATES TRACE AMOUNT.




$$
