000
CDUS43 KGRB 260647
CLIRHI


CLIMATE REPORT
NATIONAL WEATHER SERVICE GREEN BAY
146 AM CDT FRI AUG 26 2016


...................................

...THE RHINELANDER WI CLIMATE SUMMARY FOR AUGUST 25 2016...

CLIMATE NORMAL PERIOD 1981 TO 2010
CLIMATE RECORD PERIOD 1908 TO 2016


WEATHER ITEM   OBSERVED TIME   RECORD YEAR NORMAL DEPARTURE LAST
                VALUE   (LST)  VALUE       VALUE  FROM      YEAR
                                                  NORMAL
..................................................................
TEMPERATURE (F)
 YESTERDAY
  MAXIMUM         78   1239 PM  92    2013  75      3       57
  MINIMUM         53   1157 PM  34    2008  52      1       50
                                      1917
  AVERAGE         66                        64      2       54

PRECIPITATION (IN)
  YESTERDAY        0.00          1.32 1932   0.10  -0.10     0.00
  MONTH TO DATE    5.67                      2.63   3.04     3.46
  SINCE JUN 1     16.51                     10.54   5.97    10.08
  SINCE JAN 1     27.59                     20.22   7.37    18.68

SNOWFALL (IN)
  YESTERDAY        0.0           0.0    MM  MM     MM        0.0
  MONTH TO DATE    0.0                      MM     MM        0.0
  SINCE JUN 1      0.0                      MM     MM        0.0
  SINCE JUL 1      0.0                      MM     MM        0.0
  SNOW DEPTH       0

DEGREE DAYS
 HEATING
  YESTERDAY        0                         3     -3       11
  MONTH TO DATE   14                        53    -39       68
  SINCE JUN 1    139                       238    -99      249
  SINCE JUL 1     47                       104    -57      117

 COOLING
  YESTERDAY        1                         2     -1        0
  MONTH TO DATE  100                        66     34       50
  SINCE JUN 1    282                       224     58      148
  SINCE JAN 1    297                       236     61      153
..................................................................


WIND (MPH)
  HIGHEST WIND SPEED    23   HIGHEST WIND DIRECTION     W (280)
  HIGHEST GUST SPEED    31   HIGHEST GUST DIRECTION     W (270)
  AVERAGE WIND SPEED     9.5


SKY COVER
  POSSIBLE SUNSHINE  MM
  AVERAGE SKY COVER 0.1


WEATHER CONDITIONS
 THE FOLLOWING WEATHER WAS RECORDED YESTERDAY.
  NO SIGNIFICANT WEATHER WAS OBSERVED.


RELATIVE HUMIDITY (PERCENT)
 HIGHEST   100           200 AM
 LOWEST     46          1100 AM
 AVERAGE    73

..........................................................


THE RHINELANDER WI CLIMATE NORMALS FOR TODAY
                         NORMAL    RECORD    YEAR
 MAXIMUM TEMPERATURE (F)   75        90      1991
 MINIMUM TEMPERATURE (F)   52        34      1915


SUNRISE AND SUNSET
AUGUST 26 2016........SUNRISE   612 AM CDT   SUNSET   746 PM CDT
AUGUST 27 2016........SUNRISE   613 AM CDT   SUNSET   744 PM CDT


-  INDICATES NEGATIVE NUMBERS.
R  INDICATES RECORD WAS SET OR TIED.
MM INDICATES DATA IS MISSING.
T  INDICATES TRACE AMOUNT.




$$
