000
CDUS43 KGRB 050832
CLIRHI


CLIMATE REPORT
NATIONAL WEATHER SERVICE GREEN BAY
332 AM CDT SUN JUL 5 2015


...................................

...THE RHINELANDER WI CLIMATE SUMMARY FOR JULY 4 2015...

CLIMATE NORMAL PERIOD 1981 TO 2010
CLIMATE RECORD PERIOD 1908 TO 2015


WEATHER ITEM   OBSERVED TIME   RECORD YEAR NORMAL DEPARTURE LAST
                VALUE   (LST)  VALUE       VALUE  FROM      YEAR
                                                  NORMAL
..................................................................
TEMPERATURE (F)
 YESTERDAY
  MAXIMUM         82    324 PM  95    1935  79      3       76
  MINIMUM         50    446 AM  37    1972  54     -4       39
                                      1917
  AVERAGE         66                        66      0       58

PRECIPITATION (IN)
  YESTERDAY        0.00          2.71 1949   0.14  -0.14     0.00
  MONTH TO DATE    T                         0.55  -0.55     0.03
  SINCE JUN 1      3.56                      4.44  -0.88     6.76
  SINCE JAN 1     12.16                     14.12  -1.96    17.87

SNOWFALL (IN)
  YESTERDAY        0.0           0.0    MM  MM     MM        0.0
  MONTH TO DATE    0.0                      MM     MM        0.0
  SINCE JUN 1      0.0                      MM     MM        0.0
  SINCE JUL 1      0.0                      MM     MM        0.0
  SNOW DEPTH       0

DEGREE DAYS
 HEATING
  YESTERDAY        0                         2     -2        7
  MONTH TO DATE   16                         8      8       25
  SINCE JUN 1    148                       142      6      118
  SINCE JUL 1     16                         8      8       25

 COOLING
  YESTERDAY        1                         3     -2        0
  MONTH TO DATE    1                        12    -11        0
  SINCE JUN 1      4                        65    -61       62
  SINCE JAN 1      9                        77    -68       69
..................................................................


WIND (MPH)
  HIGHEST WIND SPEED     8   HIGHEST WIND DIRECTION    SW (210)
  HIGHEST GUST SPEED    11   HIGHEST GUST DIRECTION    SW (220)
  AVERAGE WIND SPEED     1.7


SKY COVER
  POSSIBLE SUNSHINE  MM
  AVERAGE SKY COVER 0.2


WEATHER CONDITIONS
 THE FOLLOWING WEATHER WAS RECORDED YESTERDAY.
  FOG
  FOG W/VISIBILITY <= 1/4 MILE
  HAZE


RELATIVE HUMIDITY (PERCENT)
 HIGHEST   100           300 AM
 LOWEST     31           200 PM
 AVERAGE    66

..........................................................


THE RHINELANDER WI CLIMATE NORMALS FOR TODAY
                         NORMAL    RECORD    YEAR
 MAXIMUM TEMPERATURE (F)   79        93      1988
                                             1921
 MINIMUM TEMPERATURE (F)   54        37      1967


SUNRISE AND SUNSET
JULY  5 2015..........SUNRISE   515 AM CDT   SUNSET   850 PM CDT
JULY  6 2015..........SUNRISE   515 AM CDT   SUNSET   849 PM CDT


-  INDICATES NEGATIVE NUMBERS.
R  INDICATES RECORD WAS SET OR TIED.
MM INDICATES DATA IS MISSING.
T  INDICATES TRACE AMOUNT.




$$
