000
CDUS43 KGRB 310714
CLIRHI


CLIMATE REPORT
NATIONAL WEATHER SERVICE GREEN BAY
212 AM CDT TUE MAY 31 2016


...................................

...THE RHINELANDER WI CLIMATE SUMMARY FOR MAY 30 2016...

CLIMATE NORMAL PERIOD 1981 TO 2010
CLIMATE RECORD PERIOD 1908 TO 2016


WEATHER ITEM   OBSERVED TIME   RECORD YEAR NORMAL DEPARTURE LAST
                VALUE   (LST)  VALUE       VALUE  FROM      YEAR
                                                  NORMAL
..................................................................
TEMPERATURE (F)
 YESTERDAY
  MAXIMUM         79    417 PM  90    1939  69     10       55
  MINIMUM         47    430 AM  29    1915  45      2       36
  AVERAGE         63                        57      6       46

PRECIPITATION (IN)
  YESTERDAY        T             1.08 1952   0.13  -0.13     0.03
  MONTH TO DATE    2.58                      3.36  -0.78     3.69
  SINCE MAR 1      9.03                      7.51   1.52     7.71
  SINCE JAN 1     10.76                      9.55   1.21     8.60

SNOWFALL (IN)
  YESTERDAY        0.0           T    1953  MM     MM        0.0
  MONTH TO DATE    T                        MM     MM         T
  SINCE MAR 1     21.2                      MM     MM       20.4
  SINCE JUL 1     55.7                      MM     MM       89.3
  SNOW DEPTH       0

DEGREE DAYS
 HEATING
  YESTERDAY        2                         9     -7       19
  MONTH TO DATE  341                       379    -38      299
  SINCE MAR 1   2016                      2257   -241     2114
  SINCE JUL 1   7699                      8879  -1180     9455

 COOLING
  YESTERDAY        0                         1     -1        0
  MONTH TO DATE   15                         8      7        5
  SINCE MAR 1     15                         9      6        5
  SINCE JAN 1     15                         9      6        5
..................................................................


WIND (MPH)
  HIGHEST WIND SPEED    17   HIGHEST WIND DIRECTION     W (290)
  HIGHEST GUST SPEED    25   HIGHEST GUST DIRECTION     W (280)
  AVERAGE WIND SPEED     6.7


SKY COVER
  POSSIBLE SUNSHINE  MM
  AVERAGE SKY COVER 0.3


WEATHER CONDITIONS
 THE FOLLOWING WEATHER WAS RECORDED YESTERDAY.
  FOG
  FOG W/VISIBILITY <= 1/4 MILE
  HAZE


RELATIVE HUMIDITY (PERCENT)
 HIGHEST   100           400 AM
 LOWEST     28           300 PM
 AVERAGE    64

..........................................................


THE RHINELANDER WI CLIMATE NORMALS FOR TODAY
                         NORMAL    RECORD    YEAR
 MAXIMUM TEMPERATURE (F)   70        99      1934
 MINIMUM TEMPERATURE (F)   46        29      2009


SUNRISE AND SUNSET
MAY 31 2016...........SUNRISE   512 AM CDT   SUNSET   839 PM CDT
JUNE  1 2016..........SUNRISE   512 AM CDT   SUNSET   840 PM CDT


-  INDICATES NEGATIVE NUMBERS.
R  INDICATES RECORD WAS SET OR TIED.
MM INDICATES DATA IS MISSING.
T  INDICATES TRACE AMOUNT.




$$
