000
CDUS43 KGRB 200633
CLIRHI


CLIMATE REPORT
NATIONAL WEATHER SERVICE GREEN BAY
132 AM CDT SAT SEP 20 2014


...................................

...THE RHINELANDER WI CLIMATE SUMMARY FOR SEPTEMBER 19 2014...

CLIMATE NORMAL PERIOD 1981 TO 2010
CLIMATE RECORD PERIOD 1908 TO 2014


WEATHER ITEM   OBSERVED TIME   RECORD YEAR NORMAL DEPARTURE LAST
                VALUE   (LST)  VALUE       VALUE  FROM      YEAR
                                                  NORMAL
..................................................................
TEMPERATURE (F)
 YESTERDAY
  MAXIMUM         68    254 PM  86    1998  65      3       75
                                      1908
  MINIMUM         47    118 AM  29    2012  43      4       59
  AVERAGE         58                        54      4       67

PRECIPITATION (IN)
  YESTERDAY        0.00          2.09 1983   0.15  -0.15     1.02
  MONTH TO DATE    5.67                      2.64   3.03     1.76
  SINCE SEP 1      5.67                      2.64   3.03     1.76
  SINCE JAN 1     32.13                     23.52   8.61    28.60

SNOWFALL (IN)
  YESTERDAY        0.0           0.0    MM  MM     MM        0.0
  MONTH TO DATE    T                        MM     MM        0.0
  SINCE SEP 1      T                        MM     MM        0.0
  SINCE JUL 1      T                        MM     MM        0.0
  SNOW DEPTH       0

DEGREE DAYS
 HEATING
  YESTERDAY        7                        11     -4        0
  MONTH TO DATE  207                       153     54      142
  SINCE SEP 1    207                       153     54      142
  SINCE JUL 1    407                       280    127      332

 COOLING
  YESTERDAY        0                         0      0        2
  MONTH TO DATE    1                        16    -15       17
  SINCE SEP 1      1                        16    -15       17
  SINCE JAN 1    148                       257   -109      281
..................................................................


WIND (MPH)
  HIGHEST WIND SPEED    24   HIGHEST WIND DIRECTION     S (200)
  HIGHEST GUST SPEED    36   HIGHEST GUST DIRECTION    SW (210)
  AVERAGE WIND SPEED    11.9


SKY COVER
  POSSIBLE SUNSHINE  MM
  AVERAGE SKY COVER 0.5


WEATHER CONDITIONS
 THE FOLLOWING WEATHER WAS RECORDED YESTERDAY.
  FOG


RELATIVE HUMIDITY (PERCENT)
 HIGHEST   100           100 AM
 LOWEST     55           300 PM
 AVERAGE    78

..........................................................


THE RHINELANDER WI CLIMATE NORMALS FOR TODAY
                         NORMAL    RECORD    YEAR
 MAXIMUM TEMPERATURE (F)   64        87      1908
 MINIMUM TEMPERATURE (F)   43        28      1956


SUNRISE AND SUNSET
SEPTEMBER 20 2014.....SUNRISE   642 AM CDT   SUNSET   659 PM CDT
SEPTEMBER 21 2014.....SUNRISE   643 AM CDT   SUNSET   657 PM CDT


-  INDICATES NEGATIVE NUMBERS.
R  INDICATES RECORD WAS SET OR TIED.
MM INDICATES DATA IS MISSING.
T  INDICATES TRACE AMOUNT.




$$
