000
CDUS43 KGRB 262127
CLIRHI


CLIMATE REPORT
NATIONAL WEATHER SERVICE GREEN BAY
425 PM CDT MON JUN 26 2017


...................................

...THE RHINELANDER WI CLIMATE SUMMARY FOR JUNE 26 2017...
VALID TODAY AS OF 0400 PM LOCAL TIME.

CLIMATE NORMAL PERIOD 1981 TO 2010
CLIMATE RECORD PERIOD 1908 TO 2017


WEATHER ITEM   OBSERVED TIME   RECORD YEAR NORMAL DEPARTURE LAST
                VALUE   (LST)  VALUE       VALUE  FROM      YEAR
                                                  NORMAL
..................................................................
TEMPERATURE (F)
 TODAY
  MAXIMUM         62    236 PM  92    1921  77    -15       81
  MINIMUM         45    310 AM  38    1928  53     -8       65
  AVERAGE         54                        65    -11       73

PRECIPITATION (IN)
  TODAY            0.02          1.63 1931   0.14  -0.12      T
  MONTH TO DATE    6.73                      3.37   3.36     6.56
  SINCE JUN 1      6.73                      3.37   3.36     6.56
  SINCE JAN 1     24.45                     13.05  11.40    17.64

SNOWFALL (IN)
  TODAY            0.0           0.0    MM  MM     MM        0.0
  MONTH TO DATE    0.0                      MM     MM        0.0
  SINCE JUN 1      0.0                      MM     MM        0.0
  SINCE JUL 1     65.8                      MM     MM       55.7
  SNOW DEPTH       0

DEGREE DAYS
 HEATING
  TODAY           11                         3      8        0
  MONTH TO DATE   83                       126    -43       78
  SINCE JUN 1     83                       126    -43       78
  SINCE JUL 1   7759                      9012  -1253     7779

 COOLING
  TODAY            0                         3     -3        8
  MONTH TO DATE   63                        41     22       53
  SINCE JUN 1     63                        41     22       53
  SINCE JAN 1     65                        53     12       68
..................................................................


WIND (MPH)
  HIGHEST WIND SPEED    15   HIGHEST WIND DIRECTION     N (340)
  HIGHEST GUST SPEED    24   HIGHEST GUST DIRECTION     N (360)
  AVERAGE WIND SPEED     7.9


SKY COVER
  POSSIBLE SUNSHINE  MM
  AVERAGE SKY COVER 0.9


WEATHER CONDITIONS
 THE FOLLOWING WEATHER WAS RECORDED TODAY.
  LIGHT RAIN
  FOG


RELATIVE HUMIDITY (PERCENT)
 HIGHEST   100          1200 AM
 LOWEST     55           300 PM
 AVERAGE    78

..........................................................


THE RHINELANDER WI CLIMATE NORMALS FOR TOMORROW
                         NORMAL    RECORD    YEAR
 MAXIMUM TEMPERATURE (F)   78        95      1933
                                             1931
 MINIMUM TEMPERATURE (F)   53        37      1992


SUNRISE AND SUNSET
JUNE 26 2017..........SUNRISE   510 AM CDT   SUNSET   851 PM CDT
JUNE 27 2017..........SUNRISE   511 AM CDT   SUNSET   851 PM CDT


-  INDICATES NEGATIVE NUMBERS.
R  INDICATES RECORD WAS SET OR TIED.
MM INDICATES DATA IS MISSING.
T  INDICATES TRACE AMOUNT.




$$
