000
CDUS41 KAKQ 242127
CLIRIC


CLIMATE REPORT
NATIONAL WEATHER SERVICE WAKEFIELD, VA
527 PM EDT FRI OCT 24 2014


...................................

...THE RICHMOND VA CLIMATE SUMMARY FOR OCTOBER 24 2014...
VALID TODAY AS OF 0500 PM LOCAL TIME.

CLIMATE NORMAL PERIOD 1981 TO 2010
CLIMATE RECORD PERIOD 1871 TO 2014


WEATHER ITEM   OBSERVED TIME   RECORD YEAR NORMAL DEPARTURE LAST
                VALUE   (LST)  VALUE       VALUE  FROM      YEAR
                                                  NORMAL
..................................................................
TEMPERATURE (F)
 TODAY
  MAXIMUM         71    309 PM  86    2001  69      2       59
  MINIMUM         49    632 AM  27    1969  46      3       43
  AVERAGE         60

PRECIPITATION (IN)
  TODAY            0.00          1.43 2007   0.10  -0.10     0.00
  MONTH TO DATE    2.62                      2.28   0.34     4.24
  SINCE SEP 1      3.97                      6.41  -2.44     5.63
  SINCE JAN 1     29.64                     36.40  -6.76    44.50

SNOWFALL (IN)
  TODAY            0.0
  MONTH TO DATE    0.0
  SINCE NOV 1     14.5
  SINCE JUL 1      0.0
  SNOW DEPTH       0

DEGREE DAYS
 HEATING
  TODAY            5                         9     -4       14
  MONTH TO DATE   80                       138    -58       73
  SINCE SEP 1     87                       166    -79       86
  SINCE JUL 1     87                       167    -80       86

 COOLING
  TODAY            0                         1     -1        0
  MONTH TO DATE   48                        37     11       71
  SINCE SEP 1    292                       234     58      265
  SINCE JAN 1   1672                      1541    131     1670
..................................................................


WIND (MPH)
  RESULTANT WIND SPEED   8   RESULTANT WIND DIRECTION  NW (300)
  HIGHEST WIND SPEED    13   HIGHEST WIND DIRECTION     W (290)
  HIGHEST GUST SPEED    20   HIGHEST GUST DIRECTION    NW (300)


SKY COVER
  POSSIBLE SUNSHINE  MM
  AVERAGE SKY COVER 0.5


WEATHER CONDITIONS
 THE FOLLOWING WEATHER WAS RECORDED TODAY.
  NO SIGNIFICANT WEATHER WAS OBSERVED.


RELATIVE HUMIDITY (PERCENT)
 HIGHEST    74
 LOWEST     33
 AVERAGE    54

..........................................................


THE RICHMOND VA CLIMATE NORMALS FOR TOMORROW
                         NORMAL    RECORD    YEAR
 MAXIMUM TEMPERATURE (F)   68        83      1921
 MINIMUM TEMPERATURE (F)   45        28      1962


SUNRISE AND SUNSET
OCTOBER 24 2014.......SUNRISE   726 AM EDT   SUNSET   620 PM EDT
OCTOBER 25 2014.......SUNRISE   727 AM EDT   SUNSET   619 PM EDT


-  INDICATES NEGATIVE NUMBERS.
R  INDICATES RECORD WAS SET OR TIED.
MM INDICATES DATA IS MISSING.
T  INDICATES TRACE AMOUNT.




$$
