000
CDUS41 KAKQ 060638
CLIRIC


CLIMATE REPORT
NATIONAL WEATHER SERVICE WAKEFIELD, VA
138 AM EST TUE DEC 6 2016


...................................

...THE RICHMOND VA CLIMATE SUMMARY FOR DECEMBER 5 2016...

CLIMATE NORMAL PERIOD 1981 TO 2010
CLIMATE RECORD PERIOD 1871 TO 2016


WEATHER ITEM   OBSERVED TIME   RECORD YEAR NORMAL DEPARTURE LAST
                VALUE   (LST)  VALUE       VALUE  FROM      YEAR
                                                  NORMAL
..................................................................
TEMPERATURE (F)
 YESTERDAY
  MAXIMUM         52        MM  78    2001  54     -2       55
  MINIMUM         39        MM  16    1935  34      5       30
  AVERAGE         46                        44      2       43

PRECIPITATION (IN)
  YESTERDAY        0.24          1.30 2005   0.11   0.13     0.00
  MONTH TO DATE    0.49                      0.57  -0.08     0.51
  SINCE DEC 1      0.49                      0.57  -0.08     0.51
  SINCE JAN 1     50.44                     40.91   9.53    43.64

SNOWFALL (IN)
  YESTERDAY       MM             4.2  2005   0.0   MM
  MONTH TO DATE    0.0                       0.2   -0.2
  SINCE NOV 1      0.0                       0.4   -0.4
  SINCE JUL 1      0.0                       0.4   -0.4
  SNOW DEPTH       0

DEGREE DAYS
 HEATING
  YESTERDAY       19                        21     -2       22
  MONTH TO DATE  100                       103     -3       88
  SINCE DEC 1    100                       103     -3       88
  SINCE JUL 1    690                       779    -89      680

 COOLING
  YESTERDAY        0                         0      0        0
  MONTH TO DATE    0                         0      0        0
  SINCE DEC 1      0                         0      0        0
  SINCE JAN 1   1699                      1548    151     1817
..................................................................


WIND (MPH)
  HIGHEST WIND SPEED    12   HIGHEST WIND DIRECTION    NW (330)
  HIGHEST GUST SPEED    13   HIGHEST GUST DIRECTION     N (340)
  AVERAGE WIND SPEED     3.4


SKY COVER
  POSSIBLE SUNSHINE  MM
  AVERAGE SKY COVER 1.0


WEATHER CONDITIONS
 THE FOLLOWING WEATHER WAS RECORDED YESTERDAY.
  RAIN
  LIGHT RAIN
  FOG


RELATIVE HUMIDITY (PERCENT)
 HIGHEST   100           200 AM
 LOWEST     66           400 PM
 AVERAGE    83

..........................................................


THE RICHMOND VA CLIMATE NORMALS FOR TODAY
                         NORMAL    RECORD    YEAR
 MAXIMUM TEMPERATURE (F)   54        81      1998
 MINIMUM TEMPERATURE (F)   34        18      1969
                                             1935


SUNRISE AND SUNSET
DECEMBER  6 2016......SUNRISE   710 AM EST   SUNSET   451 PM EST
DECEMBER  7 2016......SUNRISE   711 AM EST   SUNSET   451 PM EST


-  INDICATES NEGATIVE NUMBERS.
R  INDICATES RECORD WAS SET OR TIED.
MM INDICATES DATA IS MISSING.
T  INDICATES TRACE AMOUNT.




$$
