000
CDUS41 KAKQ 290545
CLIRIC


CLIMATE REPORT
NATIONAL WEATHER SERVICE WAKEFIELD, VA
145 AM EDT THU JUN 29 2017


...................................

...THE RICHMOND VA CLIMATE SUMMARY FOR JUNE 28 2017...

CLIMATE NORMAL PERIOD 1981 TO 2010
CLIMATE RECORD PERIOD 1871 TO 2017


WEATHER ITEM   OBSERVED TIME   RECORD YEAR NORMAL DEPARTURE LAST
                VALUE   (LST)  VALUE       VALUE  FROM      YEAR
                                                  NORMAL
..................................................................
TEMPERATURE (F)
 YESTERDAY
  MAXIMUM         81    328 PM 102    2010  89     -8       83
  MINIMUM         57    506 AM  54    1927  68    -11       70
  AVERAGE         69                        78     -9       77

PRECIPITATION (IN)
  YESTERDAY        0.00          2.14 2000   0.13  -0.13     0.33
  MONTH TO DATE    2.33                      3.66  -1.33     7.29
  SINCE JUN 1      2.33                      3.66  -1.33     7.29
  SINCE JAN 1     20.86                     20.55   0.31    27.92

SNOWFALL (IN)
  YESTERDAY        0.0           0.0  2002   0.0    0.0
                                      2001
  MONTH TO DATE    0.0                       0.0    0.0
  SINCE NOV 1      7.1                      10.3   -3.2
  SINCE JUL 1      7.1                      10.3   -3.2
  SNOW DEPTH       0

DEGREE DAYS
 HEATING
  YESTERDAY        0                         0      0        0
  MONTH TO DATE    2                         5     -3        0
  SINCE JUN 1      2                         5     -3        0
  SINCE JUL 1   3171                      3771   -600     3325

 COOLING
  YESTERDAY        4                        13     -9       12
  MONTH TO DATE  290                       288      2      274
  SINCE JUN 1    290                       288      2      274
  SINCE JAN 1    513                       449     64      383
..................................................................


WIND (MPH)
  HIGHEST WIND SPEED    12   HIGHEST WIND DIRECTION    SE (140)
  HIGHEST GUST SPEED    17   HIGHEST GUST DIRECTION     N (20)
  AVERAGE WIND SPEED     6.1


SKY COVER
  POSSIBLE SUNSHINE  MM
  AVERAGE SKY COVER 0.3


WEATHER CONDITIONS
 THE FOLLOWING WEATHER WAS RECORDED YESTERDAY.
  NO SIGNIFICANT WEATHER WAS OBSERVED.


RELATIVE HUMIDITY (PERCENT)
 HIGHEST    84           600 AM
 LOWEST     35           100 PM
 AVERAGE    60

..........................................................


THE RICHMOND VA CLIMATE NORMALS FOR TODAY
                         NORMAL    RECORD    YEAR
 MAXIMUM TEMPERATURE (F)   89       103      2012
 MINIMUM TEMPERATURE (F)   68        53      1970


SUNRISE AND SUNSET
JUNE 29 2017..........SUNRISE   551 AM EDT   SUNSET   834 PM EDT
JUNE 30 2017..........SUNRISE   552 AM EDT   SUNSET   834 PM EDT


-  INDICATES NEGATIVE NUMBERS.
R  INDICATES RECORD WAS SET OR TIED.
MM INDICATES DATA IS MISSING.
T  INDICATES TRACE AMOUNT.




$$
