445
CDUS41 KAKQ 312138
CLIRIC


CLIMATE REPORT
NATIONAL WEATHER SERVICE WAKEFIELD, VA
538 PM EDT TUE MAY 31 2016


...................................

...THE RICHMOND VA CLIMATE SUMMARY FOR MAY 31 2016...
VALID TODAY AS OF 0500 PM LOCAL TIME.

CLIMATE NORMAL PERIOD 1981 TO 2010
CLIMATE RECORD PERIOD 1871 TO 2016


WEATHER ITEM   OBSERVED TIME   RECORD YEAR NORMAL DEPARTURE LAST
                VALUE   (LST)  VALUE       VALUE  FROM      YEAR
                                                  NORMAL
..................................................................
TEMPERATURE (F)
 TODAY
  MAXIMUM         84    352 PM  98    2011  82      2       90
                                      1991
  MINIMUM         65    556 AM  45    1938  60      5       68
  AVERAGE         75

PRECIPITATION (IN)
  TODAY            0.00          2.12 1972   0.13  -0.13      T
  MONTH TO DATE    9.79                      3.78   6.01     1.61
  SINCE MAR 1     12.98                     11.09   1.89    10.72
  SINCE JAN 1     20.63                     16.89   3.74    17.98

SNOWFALL (IN)
  TODAY            0.0
  MONTH TO DATE    0.0
  SINCE NOV 1     15.1
  SINCE JUL 1     15.1
  SNOW DEPTH       0

DEGREE DAYS
 HEATING
  TODAY            0                         1     -1        0
  MONTH TO DATE  110                        74     36       28
  SINCE MAR 1    737                       830    -93      744
  SINCE JUL 1   3325                      3766   -441     3846

 COOLING
  TODAY           10                         7      3       14
  MONTH TO DATE   79                       119    -40      237
  SINCE MAR 1    109                       161    -52      262
  SINCE JAN 1    109                       161    -52      262
..................................................................


WIND (MPH)
  RESULTANT WIND SPEED   3   RESULTANT WIND DIRECTION   E (70)
  HIGHEST WIND SPEED    12   HIGHEST WIND DIRECTION    NE (40)
  HIGHEST GUST SPEED    14   HIGHEST GUST DIRECTION    NE (30)


SKY COVER
  POSSIBLE SUNSHINE  MM
  AVERAGE SKY COVER 0.8


WEATHER CONDITIONS
 THE FOLLOWING WEATHER WAS RECORDED TODAY.
  FOG
  FOG W/VISIBILITY <= 1/4 MILE


RELATIVE HUMIDITY (PERCENT)
 HIGHEST   100
 LOWEST     58
 AVERAGE    79

..........................................................


THE RICHMOND VA CLIMATE NORMALS FOR TOMORROW
                         NORMAL    RECORD    YEAR
 MAXIMUM TEMPERATURE (F)   82        97      1991
 MINIMUM TEMPERATURE (F)   60        41      1938
                                             1930


SUNRISE AND SUNSET
MAY 31 2016...........SUNRISE   550 AM EDT   SUNSET   824 PM EDT
JUNE  1 2016..........SUNRISE   550 AM EDT   SUNSET   825 PM EDT


-  INDICATES NEGATIVE NUMBERS.
R  INDICATES RECORD WAS SET OR TIED.
MM INDICATES DATA IS MISSING.
T  INDICATES TRACE AMOUNT.




$$
