000
CDUS41 KAKQ 230550
CLIRIC


CLIMATE REPORT
NATIONAL WEATHER SERVICE WAKEFIELD, VA
150 AM EDT SAT MAY 23 2015


...................................

...THE RICHMOND VA CLIMATE SUMMARY FOR MAY 22 2015...

CLIMATE NORMAL PERIOD 1981 TO 2010
CLIMATE RECORD PERIOD 1871 TO 2015


WEATHER ITEM   OBSERVED TIME   RECORD YEAR NORMAL DEPARTURE LAST
                VALUE   (LST)  VALUE       VALUE  FROM      YEAR
                                                  NORMAL
..................................................................
TEMPERATURE (F)
 YESTERDAY
  MAXIMUM         76    500 PM  96    1941  79     -3       90
  MINIMUM         52    508 AM  38    2002  57     -5       64
  AVERAGE         64                        68     -4       77

PRECIPITATION (IN)
  YESTERDAY        0.00          1.21 1990   0.13  -0.13     0.66
  MONTH TO DATE    1.61                      2.60  -0.99     2.09
  SINCE MAR 1     10.72                      9.91   0.81     9.38
  SINCE JAN 1     17.98                     15.71   2.27    15.69

SNOWFALL (IN)
  YESTERDAY        0.0           0.0  2002   0.0    0.0
                                      2001
  MONTH TO DATE    0.0                       0.0    0.0
  SINCE NOV 1     12.8                      10.3    2.5
  SINCE JUL 1     12.8                      10.3    2.5
  SNOW DEPTH       0

DEGREE DAYS
 HEATING
  YESTERDAY        1                         2     -1        0
  MONTH TO DATE   28                        64    -36       19
  SINCE MAR 1    744                       820    -76      826
  SINCE JUL 1   3846                      3756     90     3779

 COOLING
  YESTERDAY        0                         5     -5       12
  MONTH TO DATE  144                        66     78      122
  SINCE MAR 1    169                       108     61      151
  SINCE JAN 1    169                       108     61      151
..................................................................


WIND (MPH)
  HIGHEST WIND SPEED    15   HIGHEST WIND DIRECTION     W (250)
  HIGHEST GUST SPEED    20   HIGHEST GUST DIRECTION     W (250)
  AVERAGE WIND SPEED     6.6


SKY COVER
  POSSIBLE SUNSHINE  MM
  AVERAGE SKY COVER 0.3


WEATHER CONDITIONS
 THE FOLLOWING WEATHER WAS RECORDED YESTERDAY.
  NO SIGNIFICANT WEATHER WAS OBSERVED.


RELATIVE HUMIDITY (PERCENT)
 HIGHEST    93          1200 AM
 LOWEST     27           400 PM
 AVERAGE    60

..........................................................


THE RICHMOND VA CLIMATE NORMALS FOR TODAY
                         NORMAL    RECORD    YEAR
 MAXIMUM TEMPERATURE (F)   80        99      1941
 MINIMUM TEMPERATURE (F)   57        40      1936


SUNRISE AND SUNSET
MAY 23 2015...........SUNRISE   554 AM EDT   SUNSET   818 PM EDT
MAY 24 2015...........SUNRISE   554 AM EDT   SUNSET   819 PM EDT


-  INDICATES NEGATIVE NUMBERS.
R  INDICATES RECORD WAS SET OR TIED.
MM INDICATES DATA IS MISSING.
T  INDICATES TRACE AMOUNT.




$$
