000
CDUS41 KAKQ 260827
CLIRIC


CLIMATE REPORT
NATIONAL WEATHER SERVICE WAKEFIELD, VA
327 AM EST WED NOV 26 2014


...................................

...THE RICHMOND VA CLIMATE SUMMARY FOR NOVEMBER 25 2014...

CLIMATE NORMAL PERIOD 1981 TO 2010
CLIMATE RECORD PERIOD 1871 TO 2014


WEATHER ITEM   OBSERVED TIME   RECORD YEAR NORMAL DEPARTURE LAST
                VALUE   (LST)  VALUE       VALUE  FROM      YEAR
                                                  NORMAL
..................................................................
TEMPERATURE (F)
 YESTERDAY
  MAXIMUM         68   1222 AM  80    1973  58     10       38
  MINIMUM         50   1159 PM  14    1970  37     13       20
  AVERAGE         59                        47     12       29

PRECIPITATION (IN)
  YESTERDAY        0.02          1.61 1983   0.11  -0.09     0.00
  MONTH TO DATE    1.58                      2.69  -1.11     0.48
  SINCE SEP 1      5.56                      9.80  -4.24     6.12
  SINCE JAN 1     31.23                     39.79  -8.56    44.99

SNOWFALL (IN)
  YESTERDAY        0.0           0.1  1938   0.0    0.0
  MONTH TO DATE    0.0                       0.1   -0.1
  SINCE NOV 1      0.0                       0.1   -0.1
  SINCE JUL 1      0.0                       0.1   -0.1
  SNOW DEPTH       0

DEGREE DAYS
 HEATING
  YESTERDAY        6                        18    -12       36
  MONTH TO DATE  424                       348     76      367
  SINCE SEP 1    559                       580    -21      517
  SINCE JUL 1    559                       581    -22      517

 COOLING
  YESTERDAY        0                         0      0        0
  MONTH TO DATE    3                         0      3        8
  SINCE SEP 1    299                       236     63      273
  SINCE JAN 1   1679                      1543    136     1678
..................................................................


WIND (MPH)
  HIGHEST WIND SPEED    18   HIGHEST WIND DIRECTION     N (20)
  HIGHEST GUST SPEED    21   HIGHEST GUST DIRECTION     N (20)
  AVERAGE WIND SPEED     5.8


SKY COVER
  POSSIBLE SUNSHINE  MM
  AVERAGE SKY COVER 1.0


WEATHER CONDITIONS
 THE FOLLOWING WEATHER WAS RECORDED YESTERDAY.
  LIGHT RAIN
  FOG


RELATIVE HUMIDITY (PERCENT)
 HIGHEST    97           800 AM
 LOWEST     47           200 PM
 AVERAGE    72

..........................................................


THE RICHMOND VA CLIMATE NORMALS FOR TODAY
                         NORMAL    RECORD    YEAR
 MAXIMUM TEMPERATURE (F)   57        76      1999
 MINIMUM TEMPERATURE (F)   37        16      1938


SUNRISE AND SUNSET
NOVEMBER 26 2014......SUNRISE   700 AM EST   SUNSET   453 PM EST
NOVEMBER 27 2014......SUNRISE   701 AM EST   SUNSET   452 PM EST


-  INDICATES NEGATIVE NUMBERS.
R  INDICATES RECORD WAS SET OR TIED.
MM INDICATES DATA IS MISSING.
T  INDICATES TRACE AMOUNT.




$$
