000
CDUS45 KRIW 260743
CLIRIW


CLIMATE REPORT
NATIONAL WEATHER SERVICE RIVERTON WY
127 AM MDT SUN MAR 26 2017


...................................

...THE RIVERTON WY CLIMATE SUMMARY FOR MARCH 25 2017...

CLIMATE NORMAL PERIOD 1981 TO 2010
CLIMATE RECORD PERIOD 1995 TO 2017


WEATHER ITEM   OBSERVED TIME   RECORD YEAR NORMAL DEPARTURE LAST
                VALUE   (LST)  VALUE       VALUE  FROM      YEAR
                                                  NORMAL
..................................................................
TEMPERATURE (F)
 YESTERDAY
  MAXIMUM         54   1212 PM  73    2012  51      3       41
  MINIMUM         37   1159 PM  -4    1996  26     11       29
  AVERAGE         46                        38      8       35

PRECIPITATION (IN)
  YESTERDAY        0.02          0.10 2015   0.03  -0.01     0.01
  MONTH TO DATE    0.87                      0.38   0.49     0.88
  SINCE MAR 1      0.87                      0.38   0.49     0.88
  SINCE JAN 1      2.73                      0.89   1.84     1.56

SNOWFALL (IN)
  YESTERDAY        0.0                                       0.2
  MONTH TO DATE    T                                         4.4
  SINCE MAR 1      T                                         4.4
  SINCE JUL 1     47.7                                      32.6
  SNOW DEPTH       0

DEGREE DAYS
 HEATING
  YESTERDAY       19                        26     -7       30
  MONTH TO DATE  573                       764   -191      633
  SINCE MAR 1    573                       764   -191      633
  SINCE JUL 1   6447                      6618   -171     5954

 COOLING
  YESTERDAY        0                         0      0        0
  MONTH TO DATE    0                         0      0        0
  SINCE MAR 1      0                         0      0        0
  SINCE JAN 1      0                         0      0        0
..................................................................


WIND (MPH)
  HIGHEST WIND SPEED    21   HIGHEST WIND DIRECTION     N (350)
  HIGHEST GUST SPEED    25   HIGHEST GUST DIRECTION     N (340)
  AVERAGE WIND SPEED     7.9


SKY COVER
  POSSIBLE SUNSHINE  MM
  AVERAGE SKY COVER 0.5


WEATHER CONDITIONS
 THE FOLLOWING WEATHER WAS RECORDED YESTERDAY.
  LIGHT RAIN


RELATIVE HUMIDITY (PERCENT)
 HIGHEST    92           800 PM
 LOWEST     45          1200 PM
 AVERAGE    69

..........................................................


THE RIVERTON WY CLIMATE NORMALS FOR TODAY
                         NORMAL    RECORD    YEAR
 MAXIMUM TEMPERATURE (F)   51        69      2012
 MINIMUM TEMPERATURE (F)   27         1      1996


SUNRISE AND SUNSET
MARCH 26 2017.........SUNRISE   706 AM MDT   SUNSET   734 PM MDT
MARCH 27 2017.........SUNRISE   704 AM MDT   SUNSET   735 PM MDT


-  INDICATES NEGATIVE NUMBERS.
R  INDICATES RECORD WAS SET OR TIED.
MM INDICATES DATA IS MISSING.
T  INDICATES TRACE AMOUNT.




$$
