000
CDUS45 KRIW 040032
CLIRIW


CLIMATE REPORT
NATIONAL WEATHER SERVICE RIVERTON WY
632 PM MDT THU SEP 3 2015


...................................

...THE RIVERTON WY CLIMATE SUMMARY FOR SEPTEMBER 3 2015...
VALID TODAY AS OF 0500 PM LOCAL TIME.

CLIMATE NORMAL PERIOD 1981 TO 2010
CLIMATE RECORD PERIOD 1995 TO 2015


WEATHER ITEM   OBSERVED TIME   RECORD YEAR NORMAL DEPARTURE LAST
                VALUE   (LST)  VALUE       VALUE  FROM      YEAR
                                                  NORMAL
..................................................................
TEMPERATURE (F)
 TODAY
  MAXIMUM         85        MM  92    2007  79      6       88
  MINIMUM         61        MM  37    2008  49     12       48
  AVERAGE         73                        64      9       68

PRECIPITATION (IN)
  TODAY            0.00          0.65 1999   0.02  -0.02      T
  MONTH TO DATE    0.00                      0.06  -0.06      T
  SINCE SEP 1      0.00                      0.06  -0.06      T
  SINCE JAN 1      8.80                      6.88   1.92     5.37

SNOWFALL (IN)
  TODAY            0.0                                       0.0
  MONTH TO DATE    0.0                                       0.0
  SINCE SEP 1      0.0                                       0.0
  SINCE JUL 1      0.0                                       0.0
  SNOW DEPTH       0

DEGREE DAYS
 HEATING
  TODAY            0                         3     -3        0
  MONTH TO DATE    0                         9     -9        6
  SINCE SEP 1      0                         9     -9        6
  SINCE JUL 1     35                        47    -12       56

 COOLING
  TODAY            8                         2      6        3
  MONTH TO DATE   21                         7     14        3
  SINCE SEP 1     21                         7     14        3
  SINCE JAN 1    497                       475     22      403
..................................................................


WIND (MPH)
  HIGHEST WIND SPEED    21   HIGHEST WIND DIRECTION    SW (210)
  HIGHEST GUST SPEED    29   HIGHEST GUST DIRECTION    SW (210)
  AVERAGE WIND SPEED     8.4


SKY COVER
  POSSIBLE SUNSHINE  MM
  AVERAGE SKY COVER 0.0


WEATHER CONDITIONS
 THE FOLLOWING WEATHER WAS RECORDED TODAY.
  NO SIGNIFICANT WEATHER WAS OBSERVED.


RELATIVE HUMIDITY (PERCENT)
 HIGHEST    43           700 AM
 LOWEST     14           300 PM
 AVERAGE    29

..........................................................


THE RIVERTON WY CLIMATE NORMALS FOR TOMORROW
                         NORMAL    RECORD    YEAR
 MAXIMUM TEMPERATURE (F)   78        93      2007
 MINIMUM TEMPERATURE (F)   49        37      2008


SUNRISE AND SUNSET
SEPTEMBER  3 2015.....SUNRISE   640 AM MDT   SUNSET   745 PM MDT
SEPTEMBER  4 2015.....SUNRISE   641 AM MDT   SUNSET   744 PM MDT


-  INDICATES NEGATIVE NUMBERS.
R  INDICATES RECORD WAS SET OR TIED.
MM INDICATES DATA IS MISSING.
T  INDICATES TRACE AMOUNT.




$$
