000
CDUS45 KRIW 250027
CLIRIW


CLIMATE REPORT
NATIONAL WEATHER SERVICE RIVERTON WY
627 PM MDT SAT SEP 24 2016


...................................

...THE RIVERTON WY CLIMATE SUMMARY FOR SEPTEMBER 24 2016...
VALID TODAY AS OF 0500 PM LOCAL TIME.

CLIMATE NORMAL PERIOD 1981 TO 2010
CLIMATE RECORD PERIOD 1995 TO 2016


WEATHER ITEM   OBSERVED TIME   RECORD YEAR NORMAL DEPARTURE LAST
                VALUE   (LST)  VALUE       VALUE  FROM      YEAR
                                                  NORMAL
..................................................................
TEMPERATURE (F)
 TODAY
  MAXIMUM         48        MM  84    2015  68    -20       84
                                      2014
  MINIMUM         40        MM  24    2000  41     -1       50
  AVERAGE         44                        54    -10       67

PRECIPITATION (IN)
  TODAY            0.59R         0.34 2007   0.04   0.55     0.00
  MONTH TO DATE    1.90                      0.64   1.26     0.01
  SINCE SEP 1      1.90                      0.64   1.26     0.01
  SINCE JAN 1     11.62                      7.46   4.16     8.81

SNOWFALL (IN)
  TODAY           MM                                         0.0
  MONTH TO DATE    0.0                                       0.0
  SINCE SEP 1      0.0                                       0.0
  SINCE JUL 1      0.0                                       0.0
  SNOW DEPTH       0

DEGREE DAYS
 HEATING
  TODAY           21                        11     10        0
  MONTH TO DATE  162                       153      9       52
  SINCE SEP 1    162                       153      9       52
  SINCE JUL 1    213                       191     22       87

 COOLING
  TODAY            0                         0      0        2
  MONTH TO DATE   35                        24     11       52
  SINCE SEP 1     35                        24     11       52
  SINCE JAN 1    605                       492    113      528
..................................................................


WIND (MPH)
  HIGHEST WIND SPEED    14   HIGHEST WIND DIRECTION     N (350)
  HIGHEST GUST SPEED    MM   HIGHEST GUST DIRECTION    MM
  AVERAGE WIND SPEED     8.1


SKY COVER
  POSSIBLE SUNSHINE  MM
  AVERAGE SKY COVER 0.9


WEATHER CONDITIONS
 THE FOLLOWING WEATHER WAS RECORDED TODAY.
  RAIN
  LIGHT RAIN
  FOG


RELATIVE HUMIDITY (PERCENT)
 HIGHEST   100           500 AM
 LOWEST     86           200 AM
 AVERAGE    93

..........................................................


THE RIVERTON WY CLIMATE NORMALS FOR TOMORROW
                         NORMAL    RECORD    YEAR
 MAXIMUM TEMPERATURE (F)   68        88      2015
                                             2014
 MINIMUM TEMPERATURE (F)   40        25      2000


SUNRISE AND SUNSET
SEPTEMBER 24 2016.....SUNRISE   704 AM MDT   SUNSET   706 PM MDT
SEPTEMBER 25 2016.....SUNRISE   705 AM MDT   SUNSET   705 PM MDT


-  INDICATES NEGATIVE NUMBERS.
R  INDICATES RECORD WAS SET OR TIED.
MM INDICATES DATA IS MISSING.
T  INDICATES TRACE AMOUNT.




$$
