603
CDUS45 KRIW 240746
CLIRIW


CLIMATE REPORT
NATIONAL WEATHER SERVICE RIVERTON WY
130 AM MDT WED AUG 24 2016


...................................

...THE RIVERTON WY CLIMATE SUMMARY FOR AUGUST 23 2016...

CLIMATE NORMAL PERIOD 1981 TO 2010
CLIMATE RECORD PERIOD 1995 TO 2016


WEATHER ITEM   OBSERVED TIME   RECORD YEAR NORMAL DEPARTURE LAST
                VALUE   (LST)  VALUE       VALUE  FROM      YEAR
                                                  NORMAL
..................................................................
TEMPERATURE (F)
 YESTERDAY
  MAXIMUM         86    254 PM  95    2011  83      3       78
  MINIMUM         51    540 AM  39    2015  53     -2       39
  AVERAGE         69                        68      1       59

PRECIPITATION (IN)
  YESTERDAY        0.00          0.07 2002   0.02  -0.02     0.00
  MONTH TO DATE    0.26                      0.42  -0.16     0.03
  SINCE JUN 1      0.65                      2.59  -1.94     1.92
  SINCE JAN 1      9.54                      6.67   2.87     8.77

SNOWFALL (IN)
  YESTERDAY        0.0                                       0.0
  MONTH TO DATE    0.0                                       0.0
  SINCE JUN 1      0.0                                        T
  SINCE JUL 1      0.0                                       0.0
  SNOW DEPTH       0

DEGREE DAYS
 HEATING
  YESTERDAY        0                         1     -1        6
  MONTH TO DATE   25                        13     12       25
  SINCE JUN 1     45                       144    -99       58
  SINCE JUL 1     29                        25      4       35

 COOLING
  YESTERDAY        4                         4      0        0
  MONTH TO DATE  134                       148    -14      141
  SINCE JUN 1    551                       434    117      426
  SINCE JAN 1    551                       443    108      426
..................................................................


WIND (MPH)
  HIGHEST WIND SPEED    26   HIGHEST WIND DIRECTION     W (270)
  HIGHEST GUST SPEED    29   HIGHEST GUST DIRECTION     W (270)
  AVERAGE WIND SPEED     9.8


SKY COVER
  POSSIBLE SUNSHINE  MM
  AVERAGE SKY COVER 0.0


WEATHER CONDITIONS
 THE FOLLOWING WEATHER WAS RECORDED YESTERDAY.
  NO SIGNIFICANT WEATHER WAS OBSERVED.


RELATIVE HUMIDITY (PERCENT)
 HIGHEST    20          1000 PM
 LOWEST      6           300 PM
 AVERAGE    13

..........................................................


THE RIVERTON WY CLIMATE NORMALS FOR TODAY
                         NORMAL    RECORD    YEAR
 MAXIMUM TEMPERATURE (F)   83        95      2011
 MINIMUM TEMPERATURE (F)   53        42      2014
                                             2010


SUNRISE AND SUNSET
AUGUST 24 2016........SUNRISE   630 AM MDT   SUNSET   801 PM MDT
AUGUST 25 2016........SUNRISE   631 AM MDT   SUNSET   759 PM MDT


-  INDICATES NEGATIVE NUMBERS.
R  INDICATES RECORD WAS SET OR TIED.
MM INDICATES DATA IS MISSING.
T  INDICATES TRACE AMOUNT.




$$
