000
CDUS45 KRIW 240042
CLIRIW


CLIMATE REPORT
NATIONAL WEATHER SERVICE RIVERTON WY
636 PM MDT TUE SEP 23 2014


...................................

...THE RIVERTON WY CLIMATE SUMMARY FOR SEPTEMBER 23 2014...
VALID TODAY AS OF 0500 PM LOCAL TIME.

CLIMATE NORMAL PERIOD 1981 TO 2010
CLIMATE RECORD PERIOD 1995 TO 2014


WEATHER ITEM   OBSERVED TIME   RECORD YEAR NORMAL DEPARTURE LAST
                VALUE   (LST)  VALUE       VALUE  FROM      YEAR
                                                  NORMAL
..................................................................
TEMPERATURE (F)
 TODAY
  MAXIMUM         78        MM  83    2011  69      9       70
  MINIMUM         53        MM  24    2000  41     12       50
  AVERAGE         66                        55     11       60

PRECIPITATION (IN)
  TODAY            0.00          0.22 2005   0.04  -0.04     0.00
  MONTH TO DATE    0.19                      0.60  -0.41     1.56
  SINCE SEP 1      0.19                      0.60  -0.41     1.56
  SINCE JAN 1      5.56                      7.42  -1.86     5.62

SNOWFALL (IN)
  TODAY            0.0                                       0.0
  MONTH TO DATE    0.3                                       0.0
  SINCE SEP 1      0.3                                       0.0
  SINCE JUL 1      0.3                                       0.0
  SNOW DEPTH       0

DEGREE DAYS
 HEATING
  TODAY            0                        10    -10        5
  MONTH TO DATE  131                       142    -11       80
  SINCE SEP 1    131                       142    -11       80
  SINCE JUL 1    181                       180      1       80

 COOLING
  TODAY            1                         0      1        0
  MONTH TO DATE   21                        24     -3       68
  SINCE SEP 1     21                        24     -3       68
  SINCE JAN 1    421                       492    -71      798
..................................................................


WIND (MPH)
  HIGHEST WIND SPEED    17   HIGHEST WIND DIRECTION     W (270)
  HIGHEST GUST SPEED    MM   HIGHEST GUST DIRECTION    MM
  AVERAGE WIND SPEED    10.7


SKY COVER
  POSSIBLE SUNSHINE  MM
  AVERAGE SKY COVER 0.0


WEATHER CONDITIONS
 THE FOLLOWING WEATHER WAS RECORDED TODAY.
  NO SIGNIFICANT WEATHER WAS OBSERVED.


RELATIVE HUMIDITY (PERCENT)
 HIGHEST    64           400 AM
 LOWEST     24           300 PM
 AVERAGE    44

..........................................................


THE RIVERTON WY CLIMATE NORMALS FOR TOMORROW
                         NORMAL    RECORD    YEAR
 MAXIMUM TEMPERATURE (F)   68        83      2001
 MINIMUM TEMPERATURE (F)   41        24      2000


SUNRISE AND SUNSET
SEPTEMBER 23 2014.....SUNRISE   702 AM MDT   SUNSET   709 PM MDT
SEPTEMBER 24 2014.....SUNRISE   703 AM MDT   SUNSET   707 PM MDT


-  INDICATES NEGATIVE NUMBERS.
R  INDICATES RECORD WAS SET OR TIED.
MM INDICATES DATA IS MISSING.
T  INDICATES TRACE AMOUNT.




$$
