000
CDUS45 KRIW 260040
CLIRIW


CLIMATE REPORT
NATIONAL WEATHER SERVICE RIVERTON WY
533 PM MST SUN JAN 25 2015


...................................

...THE RIVERTON WY CLIMATE SUMMARY FOR JANUARY 25 2015...
VALID TODAY AS OF 0500 PM LOCAL TIME.

CLIMATE NORMAL PERIOD 1981 TO 2010
CLIMATE RECORD PERIOD 1995 TO 2015


WEATHER ITEM   OBSERVED TIME   RECORD YEAR NORMAL DEPARTURE LAST
                VALUE   (LST)  VALUE       VALUE  FROM      YEAR
                                                  NORMAL
..................................................................
TEMPERATURE (F)
 TODAY
  MAXIMUM         47        MM  55    2012  31     16       40
  MINIMUM         23        MM -10    2008   9     14       16
  AVERAGE         35                        20     15       28

PRECIPITATION (IN)
  TODAY            0.00          0.04 2009   0.00   0.00     0.00
  MONTH TO DATE    0.03                      0.19  -0.16     0.68
  SINCE DEC 1      0.68                      0.51   0.17     0.96
  SINCE JAN 1      0.03                      0.19  -0.16     0.68

SNOWFALL (IN)
  TODAY            0.0                                       0.0
  MONTH TO DATE    0.4                                      11.1
  SINCE DEC 1      7.3                                      17.9
  SINCE JUL 1     12.8                                      44.2
  SNOW DEPTH       T

DEGREE DAYS
 HEATING
  TODAY           30                        45    -15       37
  MONTH TO DATE 1125                      1131     -6     1048
  SINCE DEC 1   2429                      2532   -103     2454
  SINCE JUL 1   4206                      4448   -242     4352

 COOLING
  TODAY            0                         0      0        0
  MONTH TO DATE    0                         0      0        0
  SINCE DEC 1      0                         0      0        0
  SINCE JAN 1      0                         0      0        0
..................................................................


WIND (MPH)
  HIGHEST WIND SPEED    10   HIGHEST WIND DIRECTION    NW (300)
  HIGHEST GUST SPEED    MM   HIGHEST GUST DIRECTION    MM
  AVERAGE WIND SPEED     3.3


SKY COVER
  POSSIBLE SUNSHINE  MM
  AVERAGE SKY COVER 0.0


WEATHER CONDITIONS
 THE FOLLOWING WEATHER WAS RECORDED TODAY.
  NO SIGNIFICANT WEATHER WAS OBSERVED.


RELATIVE HUMIDITY (PERCENT)
 HIGHEST    81           500 AM
 LOWEST     53           300 PM
 AVERAGE    67

..........................................................


THE RIVERTON WY CLIMATE NORMALS FOR TOMORROW
                         NORMAL    RECORD    YEAR
 MAXIMUM TEMPERATURE (F)   31        53      2002
 MINIMUM TEMPERATURE (F)    9        -9      2009


SUNRISE AND SUNSET
JANUARY 25 2015.......SUNRISE   736 AM MST   SUNSET   517 PM MST
JANUARY 26 2015.......SUNRISE   735 AM MST   SUNSET   518 PM MST


-  INDICATES NEGATIVE NUMBERS.
R  INDICATES RECORD WAS SET OR TIED.
MM INDICATES DATA IS MISSING.
T  INDICATES TRACE AMOUNT.




$$
