000
CDUS45 KRIW 250730
CLIRIW


CLIMATE REPORT
NATIONAL WEATHER SERVICE RIVERTON WY
128 AM MDT SUN JUN 25 2017


...................................

...THE RIVERTON WY CLIMATE SUMMARY FOR JUNE 24 2017...

CLIMATE NORMAL PERIOD 1981 TO 2010
CLIMATE RECORD PERIOD 1995 TO 2017


WEATHER ITEM   OBSERVED TIME   RECORD YEAR NORMAL DEPARTURE LAST
                VALUE   (LST)  VALUE       VALUE  FROM      YEAR
                                                  NORMAL
..................................................................
TEMPERATURE (F)
 YESTERDAY
  MAXIMUM         74    452 PM  99    2012  81     -7       94
  MINIMUM         41R   454 AM  41    2003  51    -10       58
  AVERAGE         58                        66     -8       76

PRECIPITATION (IN)
  YESTERDAY        0.00          0.94 2003   0.04  -0.04     0.00
  MONTH TO DATE    0.18                      1.07  -0.89     0.32
  SINCE JUN 1      0.18                      1.07  -0.89     0.32
  SINCE JAN 1     10.34                      5.15   5.19     9.21

SNOWFALL (IN)
  YESTERDAY        0.0                                       0.0
  MONTH TO DATE    0.0                                       0.0
  SINCE JUN 1      0.0                                       0.0
  SINCE JUL 1     66.4                                      62.4
  SNOW DEPTH       0

DEGREE DAYS
 HEATING
  YESTERDAY        7                         2      5        0
  MONTH TO DATE   54                       109    -55       14
  SINCE JUN 1     54                       109    -55       14
  SINCE JUL 1   7626                      7860   -234     7102

 COOLING
  YESTERDAY        0                         3     -3       11
  MONTH TO DATE   43                        43      0      134
  SINCE JUN 1     43                        43      0      134
  SINCE JAN 1     43                        52     -9      134
..................................................................


WIND (MPH)
  HIGHEST WIND SPEED    17   HIGHEST WIND DIRECTION     E (90)
  HIGHEST GUST SPEED    22   HIGHEST GUST DIRECTION     E (80)
  AVERAGE WIND SPEED     7.6


SKY COVER
  POSSIBLE SUNSHINE  MM
  AVERAGE SKY COVER 0.2


WEATHER CONDITIONS
 THE FOLLOWING WEATHER WAS RECORDED YESTERDAY.
  NO SIGNIFICANT WEATHER WAS OBSERVED.


RELATIVE HUMIDITY (PERCENT)
 HIGHEST    65           500 AM
 LOWEST     20           400 PM
 AVERAGE    43

..........................................................


THE RIVERTON WY CLIMATE NORMALS FOR TODAY
                         NORMAL    RECORD    YEAR
 MAXIMUM TEMPERATURE (F)   81        97      2012
 MINIMUM TEMPERATURE (F)   52        41      2003


SUNRISE AND SUNSET
JUNE 25 2017..........SUNRISE   536 AM MDT   SUNSET   857 PM MDT
JUNE 26 2017..........SUNRISE   536 AM MDT   SUNSET   857 PM MDT


-  INDICATES NEGATIVE NUMBERS.
R  INDICATES RECORD WAS SET OR TIED.
MM INDICATES DATA IS MISSING.
T  INDICATES TRACE AMOUNT.




$$
