000
CDUS45 KRIW 170734
CLIRIW


CLIMATE REPORT
NATIONAL WEATHER SERVICE RIVERTON WY
1234 AM MST SAT FEB 17 2018


...................................

...THE RIVERTON WY CLIMATE SUMMARY FOR FEBRUARY 16 2018...

CLIMATE NORMAL PERIOD 1981 TO 2010
CLIMATE RECORD PERIOD 1995 TO 2018


WEATHER ITEM   OBSERVED TIME   RECORD YEAR NORMAL DEPARTURE LAST
                VALUE   (LST)  VALUE       VALUE  FROM      YEAR
                                                  NORMAL
..................................................................
TEMPERATURE (F)
 YESTERDAY
  MAXIMUM         32    155 PM  56    2016  36     -4       43
  MINIMUM         -3    208 AM  -4    2006  13    -16       19
  AVERAGE         15                        24     -9       31

PRECIPITATION (IN)
  YESTERDAY        0.00          0.13 2015   0.01  -0.01     0.00
  MONTH TO DATE    0.35                      0.13   0.22     0.10
  SINCE DEC 1      1.37                      0.69   0.68     1.88
  SINCE JAN 1      0.73                      0.37   0.36     1.11

SNOWFALL (IN)
  YESTERDAY        0.0                                       0.0
  MONTH TO DATE    7.0                                       1.4
  SINCE DEC 1     24.3                                      30.4
  SINCE JUL 1     31.6                                      34.8
  SNOW DEPTH       4

DEGREE DAYS
 HEATING
  YESTERDAY       50                        41      9       34
  MONTH TO DATE  679                       683     -4      674
  SINCE DEC 1   3336                      3482   -146     3827
  SINCE JUL 1   5170                      5398   -228     5423

 COOLING
  YESTERDAY        0                         0      0        0
  MONTH TO DATE    0                         0      0        0
  SINCE DEC 1      0                         0      0        0
  SINCE JAN 1      0                         0      0        0
..................................................................


WIND (MPH)
  HIGHEST WIND SPEED    21   HIGHEST WIND DIRECTION    NW (310)
  HIGHEST GUST SPEED    28   HIGHEST GUST DIRECTION    NW (320)
  AVERAGE WIND SPEED     8.6


SKY COVER
  POSSIBLE SUNSHINE  MM
  AVERAGE SKY COVER 0.0


WEATHER CONDITIONS
 THE FOLLOWING WEATHER WAS RECORDED YESTERDAY.
  HAZE


RELATIVE HUMIDITY (PERCENT)
 HIGHEST    86           200 AM
 LOWEST     36           200 PM
 AVERAGE    61

..........................................................


THE RIVERTON WY CLIMATE NORMALS FOR TODAY
                         NORMAL    RECORD    YEAR
 MAXIMUM TEMPERATURE (F)   36        53      2014
 MINIMUM TEMPERATURE (F)   13       -25      2006


SUNRISE AND SUNSET
FEBRUARY 17 2018......SUNRISE   708 AM MST   SUNSET   548 PM MST
FEBRUARY 18 2018......SUNRISE   707 AM MST   SUNSET   549 PM MST


-  INDICATES NEGATIVE NUMBERS.
R  INDICATES RECORD WAS SET OR TIED.
MM INDICATES DATA IS MISSING.
T  INDICATES TRACE AMOUNT.




$$
