000
CDUS45 KRIW 250733
CLIRKS


CLIMATE REPORT
NATIONAL WEATHER SERVICE RIVERTON WY
133 AM MDT MON JUL 25 2016


...................................

...THE ROCK SPRINGS WY CLIMATE SUMMARY FOR JULY 24 2016...

CLIMATE NORMAL PERIOD 1981 TO 2010
CLIMATE RECORD PERIOD 1948 TO 2016


WEATHER ITEM   OBSERVED TIME   RECORD YEAR NORMAL DEPARTURE LAST
                VALUE   (LST)  VALUE       VALUE  FROM      YEAR
                                                  NORMAL
..................................................................
TEMPERATURE (F)
 YESTERDAY
  MAXIMUM         88    343 PM  94    2003  85      3       85
  MINIMUM         54    557 AM  40    2004  55     -1       53
  AVERAGE         71                        70      1       69

PRECIPITATION (IN)
  YESTERDAY        0.00          1.42 1991   0.03  -0.03     0.00
  MONTH TO DATE    0.22                      0.49  -0.27     2.12
  SINCE JUN 1      0.43                      1.28  -0.85     3.23
  SINCE JAN 1      4.89                      5.01  -0.12     7.31

DEGREE DAYS
 HEATING
  YESTERDAY        0                         0      0        0
  MONTH TO DATE   13                        19     -6       16
  SINCE JUN 1     52                       186   -134       65
  SINCE JUL 1     13                        19     -6       16

 COOLING
  YESTERDAY        6                         5      1        4
  MONTH TO DATE  112                       105      7       60
  SINCE JUN 1    193                       140     53      148
  SINCE JAN 1    193                       141     52      148
..................................................................


WIND (MPH)
  HIGHEST WIND SPEED    24   HIGHEST WIND DIRECTION     W (280)
  HIGHEST GUST SPEED    33   HIGHEST GUST DIRECTION     W (260)
  AVERAGE WIND SPEED     8.7


SKY COVER
  POSSIBLE SUNSHINE  MM
  AVERAGE SKY COVER 0.0


WEATHER CONDITIONS
 THE FOLLOWING WEATHER WAS RECORDED YESTERDAY.
  NO SIGNIFICANT WEATHER WAS OBSERVED.


RELATIVE HUMIDITY (PERCENT)
 HIGHEST    45           600 AM
 LOWEST      6           400 PM
 AVERAGE    26

..........................................................


THE ROCK SPRINGS WY CLIMATE NORMALS FOR TODAY
                         NORMAL    RECORD    YEAR
 MAXIMUM TEMPERATURE (F)   85        92      2011
 MINIMUM TEMPERATURE (F)   55        44      1993


SUNRISE AND SUNSET
JULY 25 2016..........SUNRISE   605 AM MDT   SUNSET   840 PM MDT
JULY 26 2016..........SUNRISE   605 AM MDT   SUNSET   840 PM MDT


-  INDICATES NEGATIVE NUMBERS.
R  INDICATES RECORD WAS SET OR TIED.
MM INDICATES DATA IS MISSING.
T  INDICATES TRACE AMOUNT.




$$
