000
CDUS45 KRIW 290743
CLIRKS


CLIMATE REPORT
NATIONAL WEATHER SERVICE RIVERTON WY
143 AM MDT WED JUL 29 2015


...................................

...THE ROCK SPRINGS WY CLIMATE SUMMARY FOR JULY 28 2015...

CLIMATE NORMAL PERIOD 1981 TO 2010
CLIMATE RECORD PERIOD 1948 TO 2015


WEATHER ITEM   OBSERVED TIME   RECORD YEAR NORMAL DEPARTURE LAST
                VALUE   (LST)  VALUE       VALUE  FROM      YEAR
                                                  NORMAL
..................................................................
TEMPERATURE (F)
 YESTERDAY
  MAXIMUM         71    358 PM  93    2006  85    -14       90
                                      1975
  MINIMUM         46    531 AM  45    1993  55     -9       59
  AVERAGE         59                        70    -11       75

PRECIPITATION (IN)
  YESTERDAY        0.00          0.06 1999   0.02  -0.02     0.00
  MONTH TO DATE    2.12                      0.57   1.55     0.12
  SINCE JUN 1      3.23                      1.36   1.87     0.41
  SINCE JAN 1      7.31                      5.09   2.22     1.72

DEGREE DAYS
 HEATING
  YESTERDAY        6                         0      6        0
  MONTH TO DATE   22                        19      3        3
  SINCE JUN 1     71                       186   -115      150
  SINCE JUL 1     22                        19      3        3

 COOLING
  YESTERDAY        0                         5     -5       10
  MONTH TO DATE   76                       125    -49      205
  SINCE JUN 1    164                       160      4      222
  SINCE JAN 1    164                       161      3      229
..................................................................


WIND (MPH)
  HIGHEST WIND SPEED    23   HIGHEST WIND DIRECTION     W (260)
  HIGHEST GUST SPEED    28   HIGHEST GUST DIRECTION     W (280)
  AVERAGE WIND SPEED    10.7


SKY COVER
  POSSIBLE SUNSHINE  MM
  AVERAGE SKY COVER 0.0


WEATHER CONDITIONS
 THE FOLLOWING WEATHER WAS RECORDED YESTERDAY.
  NO SIGNIFICANT WEATHER WAS OBSERVED.


RELATIVE HUMIDITY (PERCENT)
 HIGHEST    46           100 AM
 LOWEST     11           500 PM
 AVERAGE    29

..........................................................


THE ROCK SPRINGS WY CLIMATE NORMALS FOR TODAY
                         NORMAL    RECORD    YEAR
 MAXIMUM TEMPERATURE (F)   85        95      2006
 MINIMUM TEMPERATURE (F)   55        42      1971


SUNRISE AND SUNSET
JULY 29 2015..........SUNRISE   608 AM MDT   SUNSET   837 PM MDT
JULY 30 2015..........SUNRISE   609 AM MDT   SUNSET   836 PM MDT


-  INDICATES NEGATIVE NUMBERS.
R  INDICATES RECORD WAS SET OR TIED.
MM INDICATES DATA IS MISSING.
T  INDICATES TRACE AMOUNT.




$$
