000
CDUS45 KRIW 310740
CLIRKS


CLIMATE REPORT
NATIONAL WEATHER SERVICE RIVERTON WY
139 AM MDT THU JUL 31 2014


...................................

...THE ROCK SPRINGS WY CLIMATE SUMMARY FOR JULY 30 2014...

CLIMATE NORMAL PERIOD 1981 TO 2010
CLIMATE RECORD PERIOD 1948 TO 2014


WEATHER ITEM   OBSERVED TIME   RECORD YEAR NORMAL DEPARTURE LAST
                VALUE   (LST)  VALUE       VALUE  FROM      YEAR
                                                  NORMAL
..................................................................
TEMPERATURE (F)
 YESTERDAY
  MAXIMUM         62    451 PM  95    1966  85    -23       85
  MINIMUM         52   1156 PM  40    1950  55     -3       50
  AVERAGE         57                        70    -13       68

PRECIPITATION (IN)
  YESTERDAY        0.12          0.26 1965   0.02   0.10      T
  MONTH TO DATE    0.36                      0.62  -0.26     0.21
  SINCE JUN 1      0.65                      1.41  -0.76     0.21
  SINCE JAN 1      1.96                      5.14  -3.18     1.70

DEGREE DAYS
 HEATING
  YESTERDAY        8                         0      8        0
  MONTH TO DATE   13                        19     -6        0
  SINCE JUN 1    160                       186    -26       62
  SINCE JUL 1     13                        19     -6        0

 COOLING
  YESTERDAY        0                         5     -5        3
  MONTH TO DATE  205                       135     70      219
  SINCE JUN 1    222                       170     52      312
  SINCE JAN 1    229                       171     58      313
..................................................................


WIND (MPH)
  HIGHEST WIND SPEED    24   HIGHEST WIND DIRECTION     E (80)
  HIGHEST GUST SPEED    28   HIGHEST GUST DIRECTION     E (80)
  AVERAGE WIND SPEED    12.6


SKY COVER
  POSSIBLE SUNSHINE  MM
  AVERAGE SKY COVER 0.9


WEATHER CONDITIONS
 THE FOLLOWING WEATHER WAS RECORDED YESTERDAY.
  RAIN
  LIGHT RAIN
  FOG


RELATIVE HUMIDITY (PERCENT)
 HIGHEST    86           200 AM
 LOWEST     55           700 PM
 AVERAGE    71

..........................................................


THE ROCK SPRINGS WY CLIMATE NORMALS FOR TODAY
                         NORMAL    RECORD    YEAR
 MAXIMUM TEMPERATURE (F)   85        94      2003
                                             1988
 MINIMUM TEMPERATURE (F)   55        42      1995


SUNRISE AND SUNSET
JULY 31 2014..........SUNRISE   610 AM MDT   SUNSET   835 PM MDT
AUGUST  1 2014........SUNRISE   611 AM MDT   SUNSET   834 PM MDT


-  INDICATES NEGATIVE NUMBERS.
R  INDICATES RECORD WAS SET OR TIED.
MM INDICATES DATA IS MISSING.
T  INDICATES TRACE AMOUNT.




$$
