000
CDUS45 KRIW 020736
CLIRKS


CLIMATE REPORT
NATIONAL WEATHER SERVICE RIVERTON WY
136 AM MDT WED SEP 2 2015


...................................

...THE ROCK SPRINGS WY CLIMATE SUMMARY FOR SEPTEMBER 1 2015...

CLIMATE NORMAL PERIOD 1981 TO 2010
CLIMATE RECORD PERIOD 1948 TO 2015


WEATHER ITEM   OBSERVED TIME   RECORD YEAR NORMAL DEPARTURE LAST
                VALUE   (LST)  VALUE       VALUE  FROM      YEAR
                                                  NORMAL
..................................................................
TEMPERATURE (F)
 YESTERDAY
  MAXIMUM         81    118 PM  88    1955  77      4       72
  MINIMUM         53    609 AM  32    1973  48      5       41
  AVERAGE         67                        62      5       57

PRECIPITATION (IN)
  YESTERDAY        0.22          1.29 1973   0.03   0.19     0.00
  MONTH TO DATE    0.22                      0.03   0.19     0.00
  SINCE SEP 1      0.22                      0.03   0.19     0.00
  SINCE JAN 1      7.90                      5.81   2.09     2.48

DEGREE DAYS
 HEATING
  YESTERDAY        0                         4     -4        8
  MONTH TO DATE    0                         4     -4        8
  SINCE SEP 1      0                         4     -4        8
  SINCE JUL 1     55                        68    -13       99

 COOLING
  YESTERDAY        2                         1      1        0
  MONTH TO DATE    2                         1      1        0
  SINCE SEP 1      2                         1      1        0
  SINCE JAN 1    254                       278    -24      299
..................................................................


WIND (MPH)
  HIGHEST WIND SPEED    32   HIGHEST WIND DIRECTION    SW (230)
  HIGHEST GUST SPEED    42   HIGHEST GUST DIRECTION    SW (240)
  AVERAGE WIND SPEED     7.9


SKY COVER
  POSSIBLE SUNSHINE  MM
  AVERAGE SKY COVER 0.1


WEATHER CONDITIONS
 THE FOLLOWING WEATHER WAS RECORDED YESTERDAY.
  THUNDERSTORM
  HEAVY RAIN
  RAIN
  LIGHT RAIN


RELATIVE HUMIDITY (PERCENT)
 HIGHEST    64           500 AM
 LOWEST     21           100 PM
 AVERAGE    43

..........................................................


THE ROCK SPRINGS WY CLIMATE NORMALS FOR TODAY
                         NORMAL    RECORD    YEAR
 MAXIMUM TEMPERATURE (F)   76        88      1967
 MINIMUM TEMPERATURE (F)   48        32      1973


SUNRISE AND SUNSET
SEPTEMBER  2 2015.....SUNRISE   643 AM MDT   SUNSET   748 PM MDT
SEPTEMBER  3 2015.....SUNRISE   644 AM MDT   SUNSET   746 PM MDT


-  INDICATES NEGATIVE NUMBERS.
R  INDICATES RECORD WAS SET OR TIED.
MM INDICATES DATA IS MISSING.
T  INDICATES TRACE AMOUNT.




$$
