000
CDUS45 KRIW 260728
CLIRKS


CLIMATE REPORT
NATIONAL WEATHER SERVICE RIVERTON WY
127 AM MDT MON JUN 26 2017


...................................

...THE ROCK SPRINGS WY CLIMATE SUMMARY FOR JUNE 25 2017...

CLIMATE NORMAL PERIOD 1981 TO 2010
CLIMATE RECORD PERIOD 1948 TO 2017


WEATHER ITEM   OBSERVED TIME   RECORD YEAR NORMAL DEPARTURE LAST
                VALUE   (LST)  VALUE       VALUE  FROM      YEAR
                                                  NORMAL
..................................................................
TEMPERATURE (F)
 YESTERDAY
  MAXIMUM         81    439 PM  93    2012  79      2       76
  MINIMUM         48    452 AM  35    1969  50     -2       49
  AVERAGE         65                        64      1       63

PRECIPITATION (IN)
  YESTERDAY        0.00          0.50 1985   0.02  -0.02     0.00
  MONTH TO DATE    0.02                      0.69  -0.67     0.18
  SINCE JUN 1      0.02                      0.69  -0.67     0.18
  SINCE JAN 1      3.54                      4.42  -0.88     4.64

DEGREE DAYS
 HEATING
  YESTERDAY        0                         3     -3        2
  MONTH TO DATE   76                       153    -77       37
  SINCE JUN 1     76                       153    -77       37
  SINCE JUL 1   7691                      8128   -437     7622

 COOLING
  YESTERDAY        0                         2     -2        0
  MONTH TO DATE   34                        21     13       59
  SINCE JUN 1     34                        21     13       59
  SINCE JAN 1     34                        22     12       59
..................................................................


WIND (MPH)
  HIGHEST WIND SPEED    21   HIGHEST WIND DIRECTION    NE (60)
  HIGHEST GUST SPEED    25   HIGHEST GUST DIRECTION    NE (60)
  AVERAGE WIND SPEED     8.1


SKY COVER
  POSSIBLE SUNSHINE  MM
  AVERAGE SKY COVER 0.0


WEATHER CONDITIONS
 THE FOLLOWING WEATHER WAS RECORDED YESTERDAY.
  NO SIGNIFICANT WEATHER WAS OBSERVED.


RELATIVE HUMIDITY (PERCENT)
 HIGHEST    50           500 AM
 LOWEST     12           200 PM
 AVERAGE    31

..........................................................


THE ROCK SPRINGS WY CLIMATE NORMALS FOR TODAY
                         NORMAL    RECORD    YEAR
 MAXIMUM TEMPERATURE (F)   79        93      1990
 MINIMUM TEMPERATURE (F)   50        36      1975


SUNRISE AND SUNSET
JUNE 26 2017..........SUNRISE   544 AM MDT   SUNSET   855 PM MDT
JUNE 27 2017..........SUNRISE   544 AM MDT   SUNSET   855 PM MDT


-  INDICATES NEGATIVE NUMBERS.
R  INDICATES RECORD WAS SET OR TIED.
MM INDICATES DATA IS MISSING.
T  INDICATES TRACE AMOUNT.




$$
