000
CDUS45 KRIW 060041
CLIRKS


CLIMATE REPORT
NATIONAL WEATHER SERVICE RIVERTON WY
540 PM MST MON DEC 5 2016


...................................

...THE ROCK SPRINGS WY CLIMATE SUMMARY FOR DECEMBER 5 2016...
VALID TODAY AS OF 0500 PM LOCAL TIME.

CLIMATE NORMAL PERIOD 1981 TO 2010
CLIMATE RECORD PERIOD 1948 TO 2016


WEATHER ITEM   OBSERVED TIME   RECORD YEAR NORMAL DEPARTURE LAST
                VALUE   (LST)  VALUE       VALUE  FROM      YEAR
                                                  NORMAL
..................................................................
TEMPERATURE (F)
 TODAY
  MAXIMUM         32    100 AM  51    1986  31      1       32
  MINIMUM         13        MM -22    1972  14     -1       15
  AVERAGE         23                        22      1       24

PRECIPITATION (IN)
  TODAY            T                         0.02  -0.02     0.00
  MONTH TO DATE    T                         0.08  -0.08     0.00
  SINCE DEC 1      T                         0.08  -0.08     0.00
  SINCE JAN 1      7.36                      8.14  -0.78     8.58

DEGREE DAYS
 HEATING
  TODAY           42                        43     -1       41
  MONTH TO DATE  217                       210      7      211
  SINCE DEC 1    217                       210      7      211
  SINCE JUL 1   1937                      2203   -266     1877

 COOLING
  TODAY            0                         0      0        0
  MONTH TO DATE    0                         0      0        0
  SINCE DEC 1      0                         0      0        0
  SINCE JAN 1    354                       286     68      270
..................................................................


WIND (MPH)
  HIGHEST WIND SPEED    38   HIGHEST WIND DIRECTION     W (280)
  HIGHEST GUST SPEED    53   HIGHEST GUST DIRECTION     W (280)
  AVERAGE WIND SPEED    24.3


SKY COVER
  POSSIBLE SUNSHINE  MM
  AVERAGE SKY COVER 0.5


WEATHER CONDITIONS
 THE FOLLOWING WEATHER WAS RECORDED TODAY.
  SNOW
  LIGHT SNOW
  FOG


RELATIVE HUMIDITY (PERCENT)
 HIGHEST    85           200 AM
 LOWEST     37           400 PM
 AVERAGE    61

..........................................................


THE ROCK SPRINGS WY CLIMATE NORMALS FOR TOMORROW
                         NORMAL    RECORD    YEAR
 MAXIMUM TEMPERATURE (F)   31        54      1981
 MINIMUM TEMPERATURE (F)   13       -19      2013


SUNRISE AND SUNSET
DECEMBER  5 2016......SUNRISE   728 AM MST   SUNSET   446 PM MST
DECEMBER  6 2016......SUNRISE   729 AM MST   SUNSET   446 PM MST


-  INDICATES NEGATIVE NUMBERS.
R  INDICATES RECORD WAS SET OR TIED.
MM INDICATES DATA IS MISSING.
T  INDICATES TRACE AMOUNT.




$$
