585
CDUS45 KRIW 190727
CLIRKS


CLIMATE REPORT
NATIONAL WEATHER SERVICE RIVERTON WY
127 AM MDT SAT AUG 19 2017


...................................

...THE ROCK SPRINGS WY CLIMATE SUMMARY FOR AUGUST 18 2017...

CLIMATE NORMAL PERIOD 1981 TO 2010
CLIMATE RECORD PERIOD 1948 TO 2017


WEATHER ITEM   OBSERVED TIME   RECORD YEAR NORMAL DEPARTURE LAST
                VALUE   (LST)  VALUE       VALUE  FROM      YEAR
                                                  NORMAL
..................................................................
TEMPERATURE (F)
 YESTERDAY
  MAXIMUM         84    432 PM  91    2001  81      3       80
  MINIMUM         54    546 AM  39    1978  52      2       49
  AVERAGE         69                        67      2       65

PRECIPITATION (IN)
  YESTERDAY        0.00          0.51 1996   0.02  -0.02     0.12
  MONTH TO DATE    0.70                      0.35   0.35     0.20
  SINCE JUN 1      0.86                      1.78  -0.92     0.71
  SINCE JAN 1      4.38                      5.51  -1.13     5.17

DEGREE DAYS
 HEATING
  YESTERDAY        0                         1     -1        0
  MONTH TO DATE   16                        12      4        7
  SINCE JUN 1    102                       203   -101       59
  SINCE JUL 1     16                        36    -20       20

 COOLING
  YESTERDAY        4                         3      1        0
  MONTH TO DATE   47                        73    -26       70
  SINCE JUN 1    325                       252     73      325
  SINCE JAN 1    325                       253     72      325
..................................................................


WIND (MPH)
  HIGHEST WIND SPEED    25   HIGHEST WIND DIRECTION     W (260)
  HIGHEST GUST SPEED    32   HIGHEST GUST DIRECTION     W (260)
  AVERAGE WIND SPEED     8.2


SKY COVER
  POSSIBLE SUNSHINE  MM
  AVERAGE SKY COVER 0.0


WEATHER CONDITIONS
 THE FOLLOWING WEATHER WAS RECORDED YESTERDAY.
  NO SIGNIFICANT WEATHER WAS OBSERVED.


RELATIVE HUMIDITY (PERCENT)
 HIGHEST    43           500 AM
 LOWEST     11           500 PM
 AVERAGE    27

..........................................................


THE ROCK SPRINGS WY CLIMATE NORMALS FOR TODAY
                         NORMAL    RECORD    YEAR
 MAXIMUM TEMPERATURE (F)   81        90      2013
                                             1973
 MINIMUM TEMPERATURE (F)   52        38      1978


SUNRISE AND SUNSET
AUGUST 19 2017........SUNRISE   629 AM MDT   SUNSET   809 PM MDT
AUGUST 20 2017........SUNRISE   630 AM MDT   SUNSET   808 PM MDT


-  INDICATES NEGATIVE NUMBERS.
R  INDICATES RECORD WAS SET OR TIED.
MM INDICATES DATA IS MISSING.
T  INDICATES TRACE AMOUNT.




$$
