000
CDUS45 KRIW 210732
CLIRKS


CLIMATE REPORT
NATIONAL WEATHER SERVICE RIVERTON WY
130 AM MDT SUN SEP 21 2014


...................................

...THE ROCK SPRINGS WY CLIMATE SUMMARY FOR SEPTEMBER 20 2014...

CLIMATE NORMAL PERIOD 1981 TO 2010
CLIMATE RECORD PERIOD 1948 TO 2014


WEATHER ITEM   OBSERVED TIME   RECORD YEAR NORMAL DEPARTURE LAST
                VALUE   (LST)  VALUE       VALUE  FROM      YEAR
                                                  NORMAL
..................................................................
TEMPERATURE (F)
 YESTERDAY
  MAXIMUM         78    413 PM  81    1966  68     10       72
  MINIMUM         44    548 AM  19    1965  41      3       37
  AVERAGE         61                        55      6       55

PRECIPITATION (IN)
  YESTERDAY        0.00          0.19 1989   0.03  -0.03     0.00
  MONTH TO DATE    0.02                      0.59  -0.57     0.63
  SINCE SEP 1      0.02                      0.59  -0.57     0.63
  SINCE JAN 1      2.50                      6.37  -3.87     2.83

DEGREE DAYS
 HEATING
  YESTERDAY        4                        10     -6       10
  MONTH TO DATE  106                       136    -30       87
  SINCE SEP 1    106                       136    -30       87
  SINCE JUL 1    197                       200     -3       88

 COOLING
  YESTERDAY        0                         0      0        0
  MONTH TO DATE    6                         7     -1       44
  SINCE SEP 1      6                         7     -1       44
  SINCE JAN 1    305                       284     21      517
..................................................................


WIND (MPH)
  HIGHEST WIND SPEED    18   HIGHEST WIND DIRECTION    NE (60)
  HIGHEST GUST SPEED    22   HIGHEST GUST DIRECTION    NE (60)
  AVERAGE WIND SPEED     6.3


SKY COVER
  POSSIBLE SUNSHINE  MM
  AVERAGE SKY COVER 0.0


WEATHER CONDITIONS
 THE FOLLOWING WEATHER WAS RECORDED YESTERDAY.
  NO SIGNIFICANT WEATHER WAS OBSERVED.


RELATIVE HUMIDITY (PERCENT)
 HIGHEST    56           300 AM
 LOWEST     16           500 PM
 AVERAGE    36

..........................................................


THE ROCK SPRINGS WY CLIMATE NORMALS FOR TODAY
                         NORMAL    RECORD    YEAR
 MAXIMUM TEMPERATURE (F)   68        82      1967
 MINIMUM TEMPERATURE (F)   41        22      1995


SUNRISE AND SUNSET
SEPTEMBER 21 2014.....SUNRISE   703 AM MDT   SUNSET   715 PM MDT
SEPTEMBER 22 2014.....SUNRISE   704 AM MDT   SUNSET   713 PM MDT


-  INDICATES NEGATIVE NUMBERS.
R  INDICATES RECORD WAS SET OR TIED.
MM INDICATES DATA IS MISSING.
T  INDICATES TRACE AMOUNT.




$$
