000
CDUS42 KFFC 232033
CLIRMG


CLIMATE REPORT
NATIONAL WEATHER SERVICE PEACHTREE CITY GA
433 PM EDT SUN JUL 23 2017


...................................

...THE ROME  CLIMATE SUMMARY FOR JULY 23 2017...
VALID TODAY AS OF 0400 PM LOCAL TIME.

CLIMATE NORMAL PERIOD 1981 TO 2010
CLIMATE RECORD PERIOD 9999 TO 9999


WEATHER ITEM   OBSERVED TIME   RECORD YEAR NORMAL DEPARTURE LAST
                VALUE   (LST)  VALUE       VALUE  FROM      YEAR
                                                  NORMAL
..................................................................
TEMPERATURE (F)
 TODAY
  MAXIMUM         94    313 PM  MM      MM  90      4       95
  MINIMUM         75    622 AM  MM      MM  69      6       74
  AVERAGE         85                        80      5       85

PRECIPITATION (IN)
  TODAY            0.00         MM      MM   0.12  -0.12     0.07
  MONTH TO DATE    2.69                      3.48  -0.79     0.98
  SINCE JUN 1      7.21                      7.58  -0.37     3.26
  SINCE JAN 1     35.16                     30.45   4.71    20.38

DEGREE DAYS
 COOLING
  TODAY           20                        15      5       20
  MONTH TO DATE  364                       331     33      402
  SINCE JUN 1    714                       661     53      841
  SINCE JAN 1   1040                       829    211     1066
..................................................................


WIND (MPH)
  RESULTANT WIND SPEED   1   RESULTANT WIND DIRECTION  SW (220)
  HIGHEST WIND SPEED    15   HIGHEST WIND DIRECTION    NE (30)
  HIGHEST GUST SPEED    20   HIGHEST GUST DIRECTION     N (20)
  AVERAGE WIND SPEED     2.4


SKY COVER
  AVERAGE SKY COVER 0.2


WEATHER CONDITIONS
 THE FOLLOWING WEATHER WAS RECORDED TODAY.
  THUNDERSTORM
  FOG


RELATIVE HUMIDITY (PERCENT)
 HIGHEST   100          1200 AM
 LOWEST     60          1200 PM
 AVERAGE    80

..........................................................


THE ROME  CLIMATE NORMALS FOR TOMORROW
                         NORMAL    RECORD    YEAR
 MAXIMUM TEMPERATURE (F)   90        MM        MM
 MINIMUM TEMPERATURE (F)   69        MM        MM


SUNRISE AND SUNSET
JULY 23 2017..........SUNRISE   645 AM EDT   SUNSET   849 PM EDT
JULY 24 2017..........SUNRISE   646 AM EDT   SUNSET   848 PM EDT


-  INDICATES NEGATIVE NUMBERS.
R  INDICATES RECORD WAS SET OR TIED.
MM INDICATES DATA IS MISSING.
T  INDICATES TRACE AMOUNT.




$$
