000
CDUS42 KFFC 300820
CLIRMG


CLIMATE REPORT
NATIONAL WEATHER SERVICE PEACHTREE CITY GA
420 AM EDT SUN AUG 30 2015


...................................

...THE ROME  CLIMATE SUMMARY FOR AUGUST 29 2015...

CLIMATE NORMAL PERIOD 1981 TO 2010
CLIMATE RECORD PERIOD 9999 TO 9999


WEATHER ITEM   OBSERVED TIME   RECORD YEAR NORMAL DEPARTURE LAST
                VALUE   (LST)  VALUE       VALUE  FROM      YEAR
                                                  NORMAL
..................................................................
TEMPERATURE (F)
 YESTERDAY
  MAXIMUM         84    300 PM  MM      MM  88     -4       95
  MINIMUM         67    354 AM  MM      MM  66      1       61
  AVERAGE         76                        77     -1       78

PRECIPITATION (IN)
  YESTERDAY        0.02         MM      MM   0.13  -0.11     0.00
  MONTH TO DATE    4.30                      3.89   0.41     2.16
  SINCE JUN 1     10.22                     12.31  -2.09     8.58
  SINCE JAN 1     29.86                     35.18  -5.32    33.07

DEGREE DAYS
 COOLING
  YESTERDAY       11                        12     -1       13
  MONTH TO DATE  404                       398      6      395
  SINCE JUN 1   1311                      1174    137     1134
  SINCE JAN 1   1568                      1342    226     1335
..................................................................


WIND (MPH)
  RESULTANT WIND SPEED   2   RESULTANT WIND DIRECTION  SE (130)
  HIGHEST WIND SPEED    17   HIGHEST WIND DIRECTION     S (160)
  HIGHEST GUST SPEED    42   HIGHEST GUST DIRECTION     W (270)
  AVERAGE WIND SPEED     3.5


SKY COVER
  AVERAGE SKY COVER 0.4


WEATHER CONDITIONS
 THE FOLLOWING WEATHER WAS RECORDED YESTERDAY.
  THUNDERSTORM
  LIGHT RAIN


RELATIVE HUMIDITY (PERCENT)
 HIGHEST    93           300 AM
 LOWEST     65           100 PM
 AVERAGE    79

..........................................................


THE ROME  CLIMATE NORMALS FOR TODAY
                         NORMAL    RECORD    YEAR
 MAXIMUM TEMPERATURE (F)   88        MM        MM
 MINIMUM TEMPERATURE (F)   66        MM        MM


SUNRISE AND SUNSET
AUGUST 30 2015........SUNRISE   712 AM EDT   SUNSET   810 PM EDT
AUGUST 31 2015........SUNRISE   713 AM EDT   SUNSET   808 PM EDT


-  INDICATES NEGATIVE NUMBERS.
R  INDICATES RECORD WAS SET OR TIED.
MM INDICATES DATA IS MISSING.
T  INDICATES TRACE AMOUNT.




$$
