009
CDUS41 KRNK 250750
CLIRNK


CLIMATE REPORT
NATIONAL WEATHER SERVICE BLACKSBURG VA
342 AM EDT MON SEP 25 2017


...................................

...THE BLACKSBURG VA CLIMATE SUMMARY FOR SEPTEMBER 24 2017...

CLIMATE NORMAL PERIOD 1981 TO 2010
CLIMATE RECORD PERIOD 1952 TO 2017


WEATHER ITEM   OBSERVED RECORD YEAR NORMAL DEPARTURE LAST
                VALUE   VALUE       VALUE  FROM      YEAR
                                           NORMAL
...........................................................
TEMPERATURE (F)
 YESTERDAY
  MAXIMUM         81     87    2010  72      9       86
                               1970
  MINIMUM         54     22    1983  48      6       56
  AVERAGE         68                 60      8       71

PRECIPITATION (IN)
  YESTERDAY        0.00   0.86 1965   0.10  -0.10     0.00
  MONTH TO DATE    1.45               2.49  -1.04     0.98
  SINCE SEP 1      1.45               2.49  -1.04     0.98
  SINCE JAN 1     31.41              31.68  -0.27    29.65

SNOWFALL (IN)
  YESTERDAY        0.0                                0.0
  MONTH TO DATE    0.0                                0.0
  SINCE SEP 1      0.0                                0.0
  SINCE JUL 1      0.0                                0.0
  SNOW DEPTH       0

DEGREE DAYS
 HEATING
  YESTERDAY        0                  6     -6        0
  MONTH TO DATE   61                 69     -8        0
  SINCE SEP 1     61                 69     -8        0
  SINCE JUL 1     70                 87    -17        0

 COOLING
  YESTERDAY        3                  1      2        6
  MONTH TO DATE   43                 53    -10      122
  SINCE SEP 1     43                 53    -10      122
  SINCE JAN 1    579                565     14      899
...........................................................


WIND (MPH)
  HIGHEST WIND SPEED    14   HIGHEST WIND DIRECTION     E (90)
  HIGHEST GUST SPEED    18   HIGHEST GUST DIRECTION     E (110)
  AVERAGE WIND SPEED     3.0


SKY COVER
  AVERAGE SKY COVER 0.0


WEATHER CONDITIONS
 THE FOLLOWING WEATHER WAS RECORDED YESTERDAY.
  NO SIGNIFICANT WEATHER WAS OBSERVED.


RELATIVE HUMIDITY (PERCENT)
 HIGHEST    97           700 AM
 LOWEST     38          1200 PM
 AVERAGE    68

..........................................................


THE BLACKSBURG VA CLIMATE NORMALS FOR TODAY
                         NORMAL    RECORD    YEAR
 MAXIMUM TEMPERATURE (F)   72        88      2007
 MINIMUM TEMPERATURE (F)   47        23      1983


SUNRISE AND SUNSET
SEPTEMBER 25 2017.....SUNRISE   712 AM EDT   SUNSET   714 PM EDT
SEPTEMBER 26 2017.....SUNRISE   713 AM EDT   SUNSET   712 PM EDT


-  INDICATES NEGATIVE NUMBERS.
R  INDICATES RECORD WAS SET OR TIED.
MM INDICATES DATA IS MISSING.
T  INDICATES TRACE AMOUNT.

REMARKS:
DUE TO MISSING TEMPERATURES ON SEPTEMBER 8-10...ALL TEMPERATURE AND
DEGREE DAY INFORMATION WILL BE CALCULATED WITHOUT DATA FROM THESE
DATES.

$$
