000
CDUS41 KRNK 242104
CLIRNK


CLIMATE REPORT
NATIONAL WEATHER SERVICE BLACKSBURG VA
504 PM EDT WED AUG 24 2016


...................................

...THE BLACKSBURG VA CLIMATE SUMMARY FOR AUGUST 24 2016...
VALID TODAY AS OF 0500 PM LOCAL TIME.

CLIMATE NORMAL PERIOD 1981 TO 2010
CLIMATE RECORD PERIOD 1952 TO 2016


WEATHER ITEM   OBSERVED RECORD YEAR NORMAL DEPARTURE LAST
                VALUE   VALUE       VALUE  FROM      YEAR
                                           NORMAL
...........................................................
TEMPERATURE (F)
 TODAY
  MAXIMUM         80     94    2007  81     -1       84
  MINIMUM         57     44    1997  58     -1       59
  AVERAGE         69                 70     -1       72

PRECIPITATION (IN)
  TODAY            0.00   1.45 1967   0.12  -0.12     0.00
  MONTH TO DATE    4.15               2.84   1.31     4.08
  SINCE JUN 1     12.29              11.10   1.19    11.82
  SINCE JAN 1     28.31              28.44  -0.13    27.35

SNOWFALL (IN)
  TODAY            0.0                                0.0
  MONTH TO DATE    0.0                                0.0
  SINCE JUN 1      0.0                                 T
  SINCE JUL 1      0.0                                 T
  SNOW DEPTH       0

DEGREE DAYS
 HEATING
  TODAY            0                  0      0        0
  MONTH TO DATE    0                  0      0        0
  SINCE JUN 1     12                 44    -32       11
  SINCE JUL 1      0                  6     -6        0

 COOLING
  TODAY            4                  5     -1        7
  MONTH TO DATE  199                137     62      168
  SINCE JUN 1    656                452    204      626
  SINCE JAN 1    702                481    221      702
...........................................................


WIND (MPH)
  HIGHEST WIND SPEED     7   HIGHEST WIND DIRECTION     W (260)
  HIGHEST GUST SPEED    MM   HIGHEST GUST DIRECTION    MM
  AVERAGE WIND SPEED     1.2


SKY COVER
  AVERAGE SKY COVER 0.4


WEATHER CONDITIONS
 THE FOLLOWING WEATHER WAS RECORDED TODAY.
  FOG


RELATIVE HUMIDITY (PERCENT)
 HIGHEST   100          1200 AM
 LOWEST     65           100 PM
 AVERAGE    83

..........................................................


THE BLACKSBURG VA CLIMATE NORMALS FOR TOMORROW
                         NORMAL    RECORD    YEAR
 MAXIMUM TEMPERATURE (F)   81        93      2007
 MINIMUM TEMPERATURE (F)   58        44      1997


SUNRISE AND SUNSET
AUGUST 24 2016........SUNRISE   646 AM EDT   SUNSET   801 PM EDT
AUGUST 25 2016........SUNRISE   647 AM EDT   SUNSET   800 PM EDT


-  INDICATES NEGATIVE NUMBERS.
R  INDICATES RECORD WAS SET OR TIED.
MM INDICATES DATA IS MISSING.
T  INDICATES TRACE AMOUNT.




$$
