737
CDUS41 KRNK 040527
CLIRNK


CLIMATE REPORT
NATIONAL WEATHER SERVICE BLACKSBURG VA
124 AM EDT WED MAY 4 2016


...................................

...THE BLACKSBURG VA CLIMATE SUMMARY FOR MAY 3 2016...

CLIMATE NORMAL PERIOD 1981 TO 2010
CLIMATE RECORD PERIOD 1952 TO 2016


WEATHER ITEM   OBSERVED RECORD YEAR NORMAL DEPARTURE LAST
                VALUE   VALUE       VALUE  FROM      YEAR
                                           NORMAL
...........................................................
TEMPERATURE (F)
 YESTERDAY
  MAXIMUM         70     87    2012  68      2       74
  MINIMUM         49     26    1981  43      6       36
  AVERAGE         60                 56      4       55

PRECIPITATION (IN)
  YESTERDAY        0.15   2.08 2002   0.13   0.02     0.00
  MONTH TO DATE    1.86               0.37   1.49     0.91
  SINCE MAR 1      6.18               7.49  -1.31    10.78
  SINCE JAN 1     13.32              13.38  -0.06    14.20

SNOWFALL (IN)
  YESTERDAY        0.0                                0.0
  MONTH TO DATE    0.0                                0.0
  SINCE MAR 1      1.6                                4.4
  SINCE JUL 1     25.6                               27.8
  SNOW DEPTH       0

DEGREE DAYS
 HEATING
  YESTERDAY        5                  9     -4       10
  MONTH TO DATE    6                 29    -23       35
  SINCE MAR 1    853               1186   -333     1040
  SINCE JUL 1   4288               5234   -946     5166

 COOLING
  YESTERDAY        0                  0      0        0
  MONTH TO DATE    1                  0      1        0
  SINCE MAR 1     11                  3      8        0
  SINCE JAN 1     11                  3      8        0
...........................................................


WIND (MPH)
  HIGHEST WIND SPEED    12   HIGHEST WIND DIRECTION    NW (300)
  HIGHEST GUST SPEED    21   HIGHEST GUST DIRECTION     W (290)
  AVERAGE WIND SPEED     4.0


SKY COVER
  AVERAGE SKY COVER 0.7


WEATHER CONDITIONS
 THE FOLLOWING WEATHER WAS RECORDED YESTERDAY.
  HEAVY RAIN
  RAIN
  LIGHT RAIN


RELATIVE HUMIDITY (PERCENT)
 HIGHEST   100          1200 AM
 LOWEST     58           500 PM
 AVERAGE    79

..........................................................


THE BLACKSBURG VA CLIMATE NORMALS FOR TODAY
                         NORMAL    RECORD    YEAR
 MAXIMUM TEMPERATURE (F)   69        85      1959
 MINIMUM TEMPERATURE (F)   43        28      1986


SUNRISE AND SUNSET
MAY  4 2016...........SUNRISE   623 AM EDT   SUNSET   814 PM EDT
MAY  5 2016...........SUNRISE   622 AM EDT   SUNSET   815 PM EDT


-  INDICATES NEGATIVE NUMBERS.
R  INDICATES RECORD WAS SET OR TIED.
MM INDICATES DATA IS MISSING.
T  INDICATES TRACE AMOUNT.


$$

PW
