000
CDUS41 KRNK 230654
CLIRNK


CLIMATE REPORT
NATIONAL WEATHER SERVICE BLACKSBURG VA
252 AM EDT SUN JUL 23 2017


...................................

...THE BLACKSBURG VA CLIMATE SUMMARY FOR JULY 22 2017...

CLIMATE NORMAL PERIOD 1981 TO 2010
CLIMATE RECORD PERIOD 1952 TO 2017


WEATHER ITEM   OBSERVED RECORD YEAR NORMAL DEPARTURE LAST
                VALUE   VALUE       VALUE  FROM      YEAR
                                           NORMAL
...........................................................
TEMPERATURE (F)
 YESTERDAY
  MAXIMUM         92     95    1983  82     10       88
  MINIMUM         66     47    1974  60      6       61
  AVERAGE         79                 71      8       75

PRECIPITATION (IN)
  YESTERDAY        0.00   1.30 1979   0.14  -0.14     0.00
  MONTH TO DATE    1.66               3.03  -1.37     3.90
  SINCE JUN 1      4.57               7.03  -2.46     7.18
  SINCE JAN 1     25.81              24.37   1.44    23.20

SNOWFALL (IN)
  YESTERDAY        0.0                                0.0
  MONTH TO DATE    0.0                                0.0
  SINCE JUN 1      0.0                                0.0
  SINCE JUL 1      0.0                                0.0
  SNOW DEPTH       0

DEGREE DAYS
 HEATING
  YESTERDAY        0                  0      0        0
  MONTH TO DATE    0                  0      0        0
  SINCE JUN 1     34                 38     -4       12
  SINCE JUL 1      0                  0      0        0

 COOLING
  YESTERDAY       14                  6      8       10
  MONTH TO DATE  185                138     47      187
  SINCE JUN 1    281                257     24      345
  SINCE JAN 1    335                286     49      391
...........................................................


WIND (MPH)
  HIGHEST WIND SPEED     9   HIGHEST WIND DIRECTION     W (270)
  HIGHEST GUST SPEED    MM   HIGHEST GUST DIRECTION    MM
  AVERAGE WIND SPEED     2.5


SKY COVER
  AVERAGE SKY COVER 0.3


WEATHER CONDITIONS
 THE FOLLOWING WEATHER WAS RECORDED YESTERDAY.
  FOG


RELATIVE HUMIDITY (PERCENT)
 HIGHEST    97           600 AM
 LOWEST     40           400 PM
 AVERAGE    69

..........................................................


THE BLACKSBURG VA CLIMATE NORMALS FOR TODAY
                         NORMAL    RECORD    YEAR
 MAXIMUM TEMPERATURE (F)   82        93      1991
 MINIMUM TEMPERATURE (F)   60        50      2007
                                             2001


SUNRISE AND SUNSET
JULY 23 2017..........SUNRISE   619 AM EDT   SUNSET   837 PM EDT
JULY 24 2017..........SUNRISE   620 AM EDT   SUNSET   836 PM EDT


-  INDICATES NEGATIVE NUMBERS.
R  INDICATES RECORD WAS SET OR TIED.
MM INDICATES DATA IS MISSING.
T  INDICATES TRACE AMOUNT.




$$
