000
CDUS41 KRNK 300816
CLIRNK


CLIMATE REPORT
NATIONAL WEATHER SERVICE BLACKSBURG VA
415 AM EDT THU JUL 30 2015


...................................

...THE BLACKSBURG VA CLIMATE SUMMARY FOR JULY 29 2015...

CLIMATE NORMAL PERIOD 1981 TO 2010
CLIMATE RECORD PERIOD 1952 TO 2015


WEATHER ITEM   OBSERVED RECORD YEAR NORMAL DEPARTURE LAST
                VALUE   VALUE       VALUE  FROM      YEAR
                                           NORMAL
...........................................................
TEMPERATURE (F)
 YESTERDAY
  MAXIMUM         84     94    1953  82      2       76
  MINIMUM         67     50    1983  60      7       53
  AVERAGE         76                 71      5       65

PRECIPITATION (IN)
  YESTERDAY        0.00   1.83 1980   0.14  -0.14      T
  MONTH TO DATE    4.26               3.99   0.27     1.92
  SINCE JUN 1      7.74               7.99  -0.25     4.99
  SINCE JAN 1     23.27              25.33  -2.06    19.82

SNOWFALL (IN)
  YESTERDAY        0.0                                0.0
  MONTH TO DATE    T                                  0.0
  SINCE JUN 1      T                                   T
  SINCE JUL 1      T                                  0.0
  SNOW DEPTH       0

DEGREE DAYS
 HEATING
  YESTERDAY        0                  0      0        0
  MONTH TO DATE    0                  0      0        6
  SINCE JUN 1     11                 38    -27        9
  SINCE JUL 1      0                  0      0        6

 COOLING
  YESTERDAY       11                  6      5        0
  MONTH TO DATE  231                180     51      179
  SINCE JUN 1    443                299    144      345
  SINCE JAN 1    519                328    191      403
...........................................................


WIND (MPH)
  HIGHEST WIND SPEED     8   HIGHEST WIND DIRECTION     S (200)
  HIGHEST GUST SPEED    MM   HIGHEST GUST DIRECTION    MM
  AVERAGE WIND SPEED     1.9


SKY COVER
  AVERAGE SKY COVER 0.5


WEATHER CONDITIONS
 THE FOLLOWING WEATHER WAS RECORDED YESTERDAY.
  FOG


RELATIVE HUMIDITY (PERCENT)
 HIGHEST   100          1200 AM
 LOWEST     69           500 PM
 AVERAGE    85

..........................................................


THE BLACKSBURG VA CLIMATE NORMALS FOR TODAY
                         NORMAL    RECORD    YEAR
 MAXIMUM TEMPERATURE (F)   82        94      1953
 MINIMUM TEMPERATURE (F)   60        49      2014


SUNRISE AND SUNSET
JULY 30 2015..........SUNRISE   625 AM EDT   SUNSET   831 PM EDT
JULY 31 2015..........SUNRISE   625 AM EDT   SUNSET   830 PM EDT


-  INDICATES NEGATIVE NUMBERS.
R  INDICATES RECORD WAS SET OR TIED.
MM INDICATES DATA IS MISSING.
T  INDICATES TRACE AMOUNT.




$$
