000
CDUS41 KRNK 290830
CLIRNK


CLIMATE REPORT
NATIONAL WEATHER SERVICE BLACKSBURG VA
428 AM EDT MON MAY 29 2017


...................................

...THE BLACKSBURG VA CLIMATE SUMMARY FOR MAY 28 2017...

CLIMATE NORMAL PERIOD 1981 TO 2010
CLIMATE RECORD PERIOD 1952 TO 2017


WEATHER ITEM   OBSERVED RECORD YEAR NORMAL DEPARTURE LAST
                VALUE   VALUE       VALUE  FROM      YEAR
                                           NORMAL
...........................................................
TEMPERATURE (F)
 YESTERDAY
  MAXIMUM         76     87    1955  74      2       83
  MINIMUM         59     35    1972  51      8       57
  AVERAGE         68                 63      5       70

PRECIPITATION (IN)
  YESTERDAY        T      2.60 1973   0.16  -0.16     0.00
  MONTH TO DATE    6.22               3.86   2.36     4.46
  SINCE MAR 1     15.38              10.98   4.40     8.78
  SINCE JAN 1     21.16              16.87   4.29    15.92

SNOWFALL (IN)
  YESTERDAY        0.0                                0.0
  MONTH TO DATE    0.0                                0.0
  SINCE MAR 1      1.1                                1.6
  SINCE JUL 1      7.7                               25.6
  SNOW DEPTH       0

DEGREE DAYS
 HEATING
  YESTERDAY        0                  4     -4        0
  MONTH TO DATE  156                192    -36      172
  SINCE MAR 1   1074               1349   -275     1019
  SINCE JUL 1   4166               5397  -1231     4454

 COOLING
  YESTERDAY        3                  2      1        5
  MONTH TO DATE   30                 18     12       26
  SINCE MAR 1     49                 21     28       36
  SINCE JAN 1     49                 21     28       36
...........................................................


WIND (MPH)
  HIGHEST WIND SPEED     8   HIGHEST WIND DIRECTION    SW (240)
  HIGHEST GUST SPEED    MM   HIGHEST GUST DIRECTION    MM
  AVERAGE WIND SPEED     2.3


SKY COVER
  AVERAGE SKY COVER 0.6


WEATHER CONDITIONS
 THE FOLLOWING WEATHER WAS RECORDED YESTERDAY.
  LIGHT RAIN
  FOG


RELATIVE HUMIDITY (PERCENT)
 HIGHEST    96           300 AM
 LOWEST     58           100 PM
 AVERAGE    77

..........................................................


THE BLACKSBURG VA CLIMATE NORMALS FOR TODAY
                         NORMAL    RECORD    YEAR
 MAXIMUM TEMPERATURE (F)   75        87      2006
 MINIMUM TEMPERATURE (F)   51        41      1994


SUNRISE AND SUNSET
MAY 29 2017...........SUNRISE   604 AM EDT   SUNSET   835 PM EDT
MAY 30 2017...........SUNRISE   604 AM EDT   SUNSET   835 PM EDT


-  INDICATES NEGATIVE NUMBERS.
R  INDICATES RECORD WAS SET OR TIED.
MM INDICATES DATA IS MISSING.
T  INDICATES TRACE AMOUNT.

$$
RCS
