000
CDUS46 KSGX 190019
CLIRNM


CLIMATE REPORT
NATIONAL WEATHER SERVICE SAN DIEGO, CA
519 PM PDT FRI AUG 18 2017


...................................

...THE RAMONA AIRPORT CA CLIMATE SUMMARY FOR AUGUST 18 2017...
VALID TODAY AS OF 0500 PM LOCAL TIME.

CLIMATE NORMAL PERIOD 1981 TO 2010
CLIMATE RECORD PERIOD 1974 TO 2017


WEATHER ITEM   OBSERVED TIME   RECORD YEAR NORMAL DEPARTURE LAST
                VALUE   (LST)  VALUE       VALUE  FROM      YEAR
                                                  NORMAL
..................................................................
TEMPERATURE (F)
 TODAY
  MAXIMUM         88   1239 PM  98    2007  91     -3       97
  MINIMUM         56    451 AM  42    1974  58     -2       57
  AVERAGE         72                        74     -2       77

PRECIPITATION (IN)
  TODAY            0.00          0.32 1983   0.00   0.00     0.00
  MONTH TO DATE    0.17                      0.07   0.10     0.00
  SINCE OCT 1     22.91                     15.67   7.24    13.19
  SINCE JAN 1     15.89                     11.53   4.36     9.66

DEGREE DAYS
 HEATING
  TODAY            0                         0      0        0
  MONTH TO DATE    0                         0      0        0
  SINCE JUN 1     13                        29    -16        4
  SINCE JUL 1      0                         2     -2        0

 COOLING
  TODAY            7                         9     -2       12
  MONTH TO DATE  182                       161     21      189
  SINCE JUN 1    723                       469    254      676
  SINCE JAN 1    773                       496    277      688
..................................................................


WIND (MPH)
  RESULTANT WIND SPEED   5   RESULTANT WIND DIRECTION   W (290)
  HIGHEST WIND SPEED    14   HIGHEST WIND DIRECTION     W (280)
  HIGHEST GUST SPEED    20   HIGHEST GUST DIRECTION     W (270)
  AVERAGE WIND SPEED     5.5


SKY COVER
  POSSIBLE SUNSHINE  MM
  AVERAGE SKY COVER 0.3


WEATHER CONDITIONS
 THE FOLLOWING WEATHER WAS RECORDED TODAY.
  FOG
  FOG W/VISIBILITY <= 1/4 MILE


RELATIVE HUMIDITY (PERCENT)
 HIGHEST   100           300 AM
 LOWEST     37          1200 PM
 AVERAGE    69

..........................................................


THE RAMONA AIRPORT CA CLIMATE NORMALS FOR TOMORROW
                         NORMAL    RECORD    YEAR
 MAXIMUM TEMPERATURE (F)   91        99      2007
                                             1986
 MINIMUM TEMPERATURE (F)   58        42      1975


SUNRISE AND SUNSET
AUGUST 18 2017........SUNRISE   613 AM PDT   SUNSET   729 PM PDT
AUGUST 19 2017........SUNRISE   614 AM PDT   SUNSET   728 PM PDT


-  INDICATES NEGATIVE NUMBERS.
R  INDICATES RECORD WAS SET OR TIED.
MM INDICATES DATA IS MISSING.
T  INDICATES TRACE AMOUNT.




$$
