347
CDUS46 KSGX 110018
CLIRNM


CLIMATE REPORT
NATIONAL WEATHER SERVICE SAN DIEGO, CA
418 PM PST SAT DEC 10 2016


...................................

...THE RAMONA AIRPORT CA CLIMATE SUMMARY FOR DECEMBER 10 2016...
VALID TODAY AS OF 0400 PM LOCAL TIME.

CLIMATE NORMAL PERIOD 1981 TO 2010
CLIMATE RECORD PERIOD 1974 TO 2016


WEATHER ITEM   OBSERVED TIME   RECORD YEAR NORMAL DEPARTURE LAST
                VALUE   (LST)  VALUE       VALUE  FROM      YEAR
                                                  NORMAL
..................................................................
TEMPERATURE (F)
 TODAY
  MAXIMUM         66    235 PM  81    2004  65      1       71
                                      1975
  MINIMUM         37    424 AM  27    2011  34      3       34
                                      1997
  AVERAGE         52                        50      2       53

PRECIPITATION (IN)
  TODAY            0.00          0.72 1996   0.05  -0.05     0.01
  MONTH TO DATE    0.00                      0.54  -0.54     0.01
  SINCE OCT 1      1.63                      2.45  -0.82     1.77
  SINCE JAN 1     11.79                     14.35  -2.56    10.49

DEGREE DAYS
 HEATING
  TODAY           13                        15     -2       12
  MONTH TO DATE  151                       147      4       95
  SINCE DEC 1    151                       147      4       95
  SINCE JUL 1    402                       558   -156      434

 COOLING
  TODAY            0                         0      0        0
  MONTH TO DATE    0                         0      0        0
  SINCE DEC 1      0                         0      0        0
  SINCE JAN 1   1019                       850    169     1207
..................................................................


WIND (MPH)
  RESULTANT WIND SPEED   1   RESULTANT WIND DIRECTION  NW (320)
  HIGHEST WIND SPEED    12   HIGHEST WIND DIRECTION    NW (310)
  HIGHEST GUST SPEED    14   HIGHEST GUST DIRECTION    NW (320)
  AVERAGE WIND SPEED     3.5


SKY COVER
  POSSIBLE SUNSHINE  MM
  AVERAGE SKY COVER 0.7


WEATHER CONDITIONS
 THE FOLLOWING WEATHER WAS RECORDED TODAY.
  FOG
  FOG W/VISIBILITY <= 1/4 MILE


RELATIVE HUMIDITY (PERCENT)
 HIGHEST   100          1200 AM
 LOWEST     63           100 PM
 AVERAGE    82

..........................................................


THE RAMONA AIRPORT CA CLIMATE NORMALS FOR TOMORROW
                         NORMAL    RECORD    YEAR
 MAXIMUM TEMPERATURE (F)   65        81      2010
 MINIMUM TEMPERATURE (F)   34        24      2011


SUNRISE AND SUNSET
DECEMBER 10 2016......SUNRISE   640 AM PST   SUNSET   441 PM PST
DECEMBER 11 2016......SUNRISE   641 AM PST   SUNSET   441 PM PST


-  INDICATES NEGATIVE NUMBERS.
R  INDICATES RECORD WAS SET OR TIED.
MM INDICATES DATA IS MISSING.
T  INDICATES TRACE AMOUNT.




$$
