000
CDUS45 KREV 090858
CLIRNO


CLIMATE REPORT
NATIONAL WEATHER SERVICE RENO NV
1256 AM PST FRI DEC 9 2016


...................................

...THE RENO TAHOE AIRPORT NV CLIMATE SUMMARY FOR DECEMBER 8 2016...

CLIMATE NORMAL PERIOD 1981 TO 2010
CLIMATE RECORD PERIOD 1888 TO 2016


WEATHER ITEM   OBSERVED TIME   RECORD YEAR NORMAL DEPARTURE LAST
                VALUE   (LST)  VALUE       VALUE  FROM      YEAR
                                                  NORMAL
..................................................................
TEMPERATURE (F)
 YESTERDAY
  MAXIMUM         57        MM  66    1989  47     10       58
                                      1915
  MINIMUM         27        MM -12    1972  26      1       34
  AVERAGE         42                        36      6       46

PRECIPITATION (IN)
  YESTERDAY        T             0.25 1894   0.04  -0.04     0.00
  MONTH TO DATE    0.04                      0.25  -0.21      T
  SINCE OCT 1      2.62                      1.58   1.04     3.20
  SINCE JAN 1      7.87                      6.62   1.25     7.77

SNOWFALL (IN)
  YESTERDAY       MM             0.5  1952   0.1   MM        0.0
  MONTH TO DATE    0.8                       0.9   -0.1      0.0
  SINCE DEC 1      0.8                       0.9   -0.1      0.0
  SINCE JUL 1      1.4                       4.4   -3.0      5.1
  SNOW DEPTH       1

DEGREE DAYS
 HEATING
  YESTERDAY       23                        29     -6       19
  MONTH TO DATE  226                       226      0      184
  SINCE DEC 1    226                       226      0      184
  SINCE JUL 1   1104                      1329   -225     1177

 COOLING
  YESTERDAY        0                         0      0        0
  MONTH TO DATE    0                         0      0        0
  SINCE DEC 1      0                         0      0        0
  SINCE JAN 1   1088                       839    249     1194
..................................................................


WIND (MPH)
  RESULTANT WIND SPEED   3   RESULTANT WIND DIRECTION   S (180)
  HIGHEST WIND SPEED    15   HIGHEST WIND DIRECTION     S (200)
  HIGHEST GUST SPEED    22   HIGHEST GUST DIRECTION     S (180)
  AVERAGE WIND SPEED     5.7



WEATHER CONDITIONS
 THE FOLLOWING WEATHER WAS RECORDED YESTERDAY.
  LT FREEZING RAIN
  LIGHT SNOW
  FOG


RELATIVE HUMIDITY (PERCENT)
 HIGHEST    92           300 AM
 LOWEST     47           200 PM
 AVERAGE    70

..........................................................


THE RENO TAHOE AIRPORT NV CLIMATE NORMALS FOR TODAY
                         NORMAL    RECORD    YEAR
 MAXIMUM TEMPERATURE (F)   46        65      1979
                                             1939
 MINIMUM TEMPERATURE (F)   26       -16      1972


SUNRISE AND SUNSET
DECEMBER  9 2016......SUNRISE   708 AM PST   SUNSET   435 PM PST
DECEMBER 10 2016......SUNRISE   709 AM PST   SUNSET   435 PM PST


-  INDICATES NEGATIVE NUMBERS.
R  INDICATES RECORD WAS SET OR TIED.
MM INDICATES DATA IS MISSING.
T  INDICATES TRACE AMOUNT.




$$
