000
CDUS45 KREV 010836
CLIRNO


CLIMATE REPORT
NATIONAL WEATHER SERVICE RENO NV
136 AM PDT SAT OCT 1 2016


...................................

...THE RENO TAHOE AIRPORT NV CLIMATE SUMMARY FOR SEPTEMBER 30 2016...

CLIMATE NORMAL PERIOD 1981 TO 2010
CLIMATE RECORD PERIOD 1888 TO 2016


WEATHER ITEM   OBSERVED TIME   RECORD YEAR NORMAL DEPARTURE LAST
                VALUE   (LST)  VALUE       VALUE  FROM      YEAR
                                                  NORMAL
..................................................................
TEMPERATURE (F)
 YESTERDAY
  MAXIMUM         81    204 PM  96    2010  76      5       76
  MINIMUM         51    623 AM  21    1950  44      7       58
  AVERAGE         66                        60      6       67

PRECIPITATION (IN)
  YESTERDAY        0.00          0.27 1918   0.02  -0.02     0.16
  MONTH TO DATE    T                         0.35  -0.35     0.16
  SINCE OCT 1      9.20                      7.40   1.80     5.99
  SINCE JAN 1      5.25                      5.04   0.21     4.57

SNOWFALL (IN)
  YESTERDAY        0.0           0.0    MM   0.0    0.0      0.0
  MONTH TO DATE    0.0                       0.1   -0.1      0.0
  SINCE SEP 1      0.0                       0.1   -0.1      0.0
  SINCE JUL 1      0.0                       0.1   -0.1      0.0
  SNOW DEPTH       0

DEGREE DAYS
 HEATING
  YESTERDAY        0                         6     -6        0
  MONTH TO DATE   43                        81    -38       21
  SINCE SEP 1     43                        80    -37       21
  SINCE JUL 1     43                        90    -47       22

 COOLING
  YESTERDAY        1                         1      0        2
  MONTH TO DATE   95                        88      7      165
  SINCE SEP 1     95                        88      7      165
  SINCE JAN 1   1088                       834    254     1159
..................................................................


WIND (MPH)
  RESULTANT WIND SPEED   7   RESULTANT WIND DIRECTION   S (200)
  HIGHEST WIND SPEED    29   HIGHEST WIND DIRECTION    SW (210)
  HIGHEST GUST SPEED    35   HIGHEST GUST DIRECTION     S (200)
  AVERAGE WIND SPEED     9.3



WEATHER CONDITIONS
 THE FOLLOWING WEATHER WAS RECORDED YESTERDAY.
  NO SIGNIFICANT WEATHER WAS OBSERVED.


RELATIVE HUMIDITY (PERCENT)
 HIGHEST    51           700 AM
 LOWEST     16           300 PM
 AVERAGE    34

..........................................................


THE RENO TAHOE AIRPORT NV CLIMATE NORMALS FOR TODAY
                         NORMAL    RECORD    YEAR
 MAXIMUM TEMPERATURE (F)   76        93      2010
 MINIMUM TEMPERATURE (F)   44        21      1950


SUNRISE AND SUNSET
OCTOBER  1 2016.......SUNRISE   656 AM PDT   SUNSET   641 PM PDT
OCTOBER  2 2016.......SUNRISE   657 AM PDT   SUNSET   639 PM PDT


-  INDICATES NEGATIVE NUMBERS.
R  INDICATES RECORD WAS SET OR TIED.
MM INDICATES DATA IS MISSING.
T  INDICATES TRACE AMOUNT.




$$
