000
CDUS45 KREV 180838
CLIRNO


CLIMATE REPORT
NATIONAL WEATHER SERVICE RENO NV
1236 AM PST THU DEC 18 2014


...................................

...THE RENO TAHOE AIRPORT NV CLIMATE SUMMARY FOR DECEMBER 17 2014...

CLIMATE NORMAL PERIOD 1981 TO 2010
CLIMATE RECORD PERIOD 1888 TO 2014


WEATHER ITEM   OBSERVED TIME   RECORD YEAR NORMAL DEPARTURE LAST
                VALUE   (LST)  VALUE       VALUE  FROM      YEAR
                                                  NORMAL
..................................................................
TEMPERATURE (F)
 YESTERDAY
  MAXIMUM         49   1201 PM  65    1939  45      4       38
  MINIMUM         31    731 AM   5    1965  25      6       17
  AVERAGE         40                        35      5       28

PRECIPITATION (IN)
  YESTERDAY        0.00          0.77 1977   0.03  -0.03     0.00
  MONTH TO DATE    0.84                      0.51   0.33     0.39
  SINCE OCT 1      1.33                      1.84  -0.51     0.94
  SINCE JAN 1      4.90                      6.88  -1.98     4.00

SNOWFALL (IN)
  YESTERDAY        0.0           5.3  2010   0.2   -0.2      0.0
  MONTH TO DATE    0.4                       2.0   -1.6      3.8
  SINCE DEC 1      0.4                       2.0   -1.6      3.8
  SINCE JUL 1      0.4                       5.5   -5.1      4.2
  SNOW DEPTH       0

DEGREE DAYS
 HEATING
  YESTERDAY       25                        30     -5       37
  MONTH TO DATE  379                       493   -114      691
  SINCE DEC 1    379                       493   -114      691
  SINCE JUL 1   1204                      1596   -392     1809

 COOLING
  YESTERDAY        0                         0      0        0
  MONTH TO DATE    0                         0      0        0
  SINCE DEC 1      0                         0      0        0
  SINCE JAN 1   1211                       839    372     1174
..................................................................


WIND (MPH)
  RESULTANT WIND SPEED   1   RESULTANT WIND DIRECTION  NW (300)
  HIGHEST WIND SPEED    13   HIGHEST WIND DIRECTION     W (290)
  HIGHEST GUST SPEED    17   HIGHEST GUST DIRECTION     W (290)
  AVERAGE WIND SPEED     2.3



WEATHER CONDITIONS
 THE FOLLOWING WEATHER WAS RECORDED YESTERDAY.
  NO SIGNIFICANT WEATHER WAS OBSERVED.


RELATIVE HUMIDITY (PERCENT)
 HIGHEST    85           700 AM
 LOWEST     42          1200 PM
 AVERAGE    64

..........................................................


THE RENO TAHOE AIRPORT NV CLIMATE NORMALS FOR TODAY
                         NORMAL    RECORD    YEAR
 MAXIMUM TEMPERATURE (F)   45        64      1917
 MINIMUM TEMPERATURE (F)   25        -1      1908


SUNRISE AND SUNSET
DECEMBER 18 2014......SUNRISE   714 AM PST   SUNSET   437 PM PST
DECEMBER 19 2014......SUNRISE   715 AM PST   SUNSET   438 PM PST


-  INDICATES NEGATIVE NUMBERS.
R  INDICATES RECORD WAS SET OR TIED.
MM INDICATES DATA IS MISSING.
T  INDICATES TRACE AMOUNT.




$$
