044
CDUS45 KREV 240042
CLIRNO


CLIMATE REPORT
NATIONAL WEATHER SERVICE RENO NV
441 PM PST THU FEB 23 2017


...................................

...THE RENO TAHOE AIRPORT NV CLIMATE SUMMARY FOR FEBRUARY 23 2017...
VALID TODAY AS OF 0400 PM LOCAL TIME.

CLIMATE NORMAL PERIOD 1981 TO 2010
CLIMATE RECORD PERIOD 1888 TO 2017


WEATHER ITEM   OBSERVED TIME   RECORD YEAR NORMAL DEPARTURE LAST
                VALUE   (LST)  VALUE       VALUE  FROM      YEAR
                                                  NORMAL
..................................................................
TEMPERATURE (F)
 TODAY
  MAXIMUM         36    328 PM  71    1995  53    -17       54
  MINIMUM         27    928 AM -11    1897  30     -3       28
  AVERAGE         32                        42    -10       41

PRECIPITATION (IN)
  TODAY            0.01          0.61 2008   0.04  -0.03     0.00
  MONTH TO DATE    3.39                      0.82   2.57     0.42
  SINCE OCT 1     12.75                      4.21   8.54     6.07
  SINCE JAN 1      8.96                      1.85   7.11     2.12

SNOWFALL (IN)
  TODAY            T             6.2  1987   0.2   -0.2      0.0
  MONTH TO DATE    3.7                       4.1   -0.4      1.2
  SINCE DEC 1     23.4                      14.6    8.8     19.0
  SINCE JUL 1     24.0                      18.1    5.9     24.1
  SNOW DEPTH       0

DEGREE DAYS
 HEATING
  TODAY           33                        23     10       24
  MONTH TO DATE  497                       588    -91      528
  SINCE DEC 1   2337                      2422    -85     2263
  SINCE JUL 1   3215                      3525   -310     3256

 COOLING
  TODAY            0                         0      0        0
  MONTH TO DATE    0                         0      0        0
  SINCE DEC 1      0                         0      0        0
  SINCE JAN 1      0                         0      0        0
..................................................................


WIND (MPH)
  RESULTANT WIND SPEED  10   RESULTANT WIND DIRECTION   N (350)
  HIGHEST WIND SPEED    16   HIGHEST WIND DIRECTION     N (10)
  HIGHEST GUST SPEED    22   HIGHEST GUST DIRECTION     N (350)
  AVERAGE WIND SPEED    10.5



WEATHER CONDITIONS
 THE FOLLOWING WEATHER WAS RECORDED TODAY.
  LIGHT SNOW


RELATIVE HUMIDITY (PERCENT)
 HIGHEST    75           700 AM
 LOWEST     44           200 PM
 AVERAGE    60

..........................................................


THE RENO TAHOE AIRPORT NV CLIMATE NORMALS FOR TOMORROW
                         NORMAL    RECORD    YEAR
 MAXIMUM TEMPERATURE (F)   54        71      1995
                                             1986
 MINIMUM TEMPERATURE (F)   31        -3      1897


SUNRISE AND SUNSET
FEBRUARY 23 2017......SUNRISE   640 AM PST   SUNSET   545 PM PST
FEBRUARY 24 2017......SUNRISE   639 AM PST   SUNSET   546 PM PST


-  INDICATES NEGATIVE NUMBERS.
R  INDICATES RECORD WAS SET OR TIED.
MM INDICATES DATA IS MISSING.
T  INDICATES TRACE AMOUNT.




$$
