000
CDUS45 KREV 220042
CLIRNO


CLIMATE REPORT
NATIONAL WEATHER SERVICE RENO NV
442 PM PST SAT JAN 21 2017


...................................

...THE RENO TAHOE AIRPORT NV CLIMATE SUMMARY FOR JANUARY 21 2017...
VALID TODAY AS OF 0400 PM LOCAL TIME.

CLIMATE NORMAL PERIOD 1981 TO 2010
CLIMATE RECORD PERIOD 1888 TO 2017


WEATHER ITEM   OBSERVED TIME   RECORD YEAR NORMAL DEPARTURE LAST
                VALUE   (LST)  VALUE       VALUE  FROM      YEAR
                                                  NORMAL
..................................................................
TEMPERATURE (F)
 TODAY
  MAXIMUM         45    221 PM  62    1994  46     -1       54
  MINIMUM         32    546 AM -17    1916  26      6       31
  AVERAGE         39                        36      3       43

PRECIPITATION (IN)
  TODAY            T             2.29 1943   0.02  -0.02     0.00
  MONTH TO DATE    4.88                      0.74   4.14     0.66
  SINCE OCT 1      8.67                      3.10   5.57     4.61
  SINCE JAN 1      4.88                      0.74   4.14     0.66

SNOWFALL (IN)
  TODAY            T             3.5  1960   0.2   -0.2      0.0
  MONTH TO DATE   11.2                       4.5    6.7      3.1
  SINCE DEC 1     12.0                       9.4    2.6      9.4
  SINCE JUL 1     12.6                      12.9   -0.3     14.5
  SNOW DEPTH       0

DEGREE DAYS
 HEATING
  TODAY           26                        29     -3       22
  MONTH TO DATE  644                       627     17      606
  SINCE DEC 1   1507                      1548    -41     1501
  SINCE JUL 1   2385                      2651   -266     2494

 COOLING
  TODAY            0                         0      0        0
  MONTH TO DATE    0                         0      0        0
  SINCE DEC 1      0                         0      0        0
  SINCE JAN 1      0                         0      0        0
..................................................................


WIND (MPH)
  RESULTANT WIND SPEED   7   RESULTANT WIND DIRECTION  SW (220)
  HIGHEST WIND SPEED    21   HIGHEST WIND DIRECTION     S (190)
  HIGHEST GUST SPEED    26   HIGHEST GUST DIRECTION     S (200)
  AVERAGE WIND SPEED     9.0



WEATHER CONDITIONS
 THE FOLLOWING WEATHER WAS RECORDED TODAY.
  NO SIGNIFICANT WEATHER WAS OBSERVED.


RELATIVE HUMIDITY (PERCENT)
 HIGHEST    75          1200 AM
 LOWEST     37           200 PM
 AVERAGE    56

..........................................................


THE RENO TAHOE AIRPORT NV CLIMATE NORMALS FOR TOMORROW
                         NORMAL    RECORD    YEAR
 MAXIMUM TEMPERATURE (F)   46        65      1981
 MINIMUM TEMPERATURE (F)   26        -9      1890


SUNRISE AND SUNSET
JANUARY 21 2017.......SUNRISE   715 AM PST   SUNSET   507 PM PST
JANUARY 22 2017.......SUNRISE   714 AM PST   SUNSET   508 PM PST


-  INDICATES NEGATIVE NUMBERS.
R  INDICATES RECORD WAS SET OR TIED.
MM INDICATES DATA IS MISSING.
T  INDICATES TRACE AMOUNT.




$$
