000
CDUS45 KREV 250850
CLIRNO


CLIMATE REPORT
NATIONAL WEATHER SERVICE RENO NV
149 AM PDT THU AUG 25 2016


...................................

...THE RENO TAHOE AIRPORT NV CLIMATE SUMMARY FOR AUGUST 24 2016...

CLIMATE NORMAL PERIOD 1981 TO 2010
CLIMATE RECORD PERIOD 1888 TO 2016


WEATHER ITEM   OBSERVED TIME   RECORD YEAR NORMAL DEPARTURE LAST
                VALUE   (LST)  VALUE       VALUE  FROM      YEAR
                                                  NORMAL
..................................................................
TEMPERATURE (F)
 YESTERDAY
  MAXIMUM         93    231 PM  98    2011  89      4       96
                                      1985
  MINIMUM         53    603 AM  33    1962  54     -1       60
                                      1944
  AVERAGE         73                        72      1       78

PRECIPITATION (IN)
  YESTERDAY        0.00          0.36 1967   0.00   0.00     0.00
  MONTH TO DATE    0.04                      0.19  -0.15     0.11
  SINCE OCT 1      9.20                      7.01   2.19     5.83
  SINCE JAN 1      5.25                      4.65   0.60     4.41

SNOWFALL (IN)
  YESTERDAY        0.0           0.0    MM   0.0    0.0      0.0
  MONTH TO DATE    0.0                       0.0    0.0      0.0
  SINCE JUN 1      0.0                       T      0.0      0.0
  SINCE JUL 1      0.0                       0.0    0.0      0.0
  SNOW DEPTH       0

DEGREE DAYS
 HEATING
  YESTERDAY        0                         0      0        0
  MONTH TO DATE    0                         0      0        0
  SINCE JUN 1     15                        61    -46        8
  SINCE JUL 1      0                         5     -5        1

 COOLING
  YESTERDAY        8                         7      1       13
  MONTH TO DATE  278                       216     62      277
  SINCE JUN 1    901                       666    235      886
  SINCE JAN 1    929                       703    226      920
..................................................................


WIND (MPH)
  RESULTANT WIND SPEED   4   RESULTANT WIND DIRECTION   W (280)
  HIGHEST WIND SPEED    20   HIGHEST WIND DIRECTION     W (280)
  HIGHEST GUST SPEED    26   HIGHEST GUST DIRECTION     W (270)
  AVERAGE WIND SPEED     5.9



WEATHER CONDITIONS
 THE FOLLOWING WEATHER WAS RECORDED YESTERDAY.
  NO SIGNIFICANT WEATHER WAS OBSERVED.


RELATIVE HUMIDITY (PERCENT)
 HIGHEST    46           600 AM
 LOWEST      7           300 PM
 AVERAGE    27

..........................................................


THE RENO TAHOE AIRPORT NV CLIMATE NORMALS FOR TODAY
                         NORMAL    RECORD    YEAR
 MAXIMUM TEMPERATURE (F)   89        99      2010
                                             1924
 MINIMUM TEMPERATURE (F)   54        31      1963


SUNRISE AND SUNSET
AUGUST 25 2016........SUNRISE   621 AM PDT   SUNSET   740 PM PDT
AUGUST 26 2016........SUNRISE   622 AM PDT   SUNSET   738 PM PDT


-  INDICATES NEGATIVE NUMBERS.
R  INDICATES RECORD WAS SET OR TIED.
MM INDICATES DATA IS MISSING.
T  INDICATES TRACE AMOUNT.




$$
