000
CDUS41 KRNK 130659
CLIROA


CLIMATE REPORT
NATIONAL WEATHER SERVICE BLACKSBURG VA
153 AM EST SAT FEB 13 2016


...................................

...THE ROANOKE VA CLIMATE SUMMARY FOR FEBRUARY 12 2016...

CLIMATE NORMAL PERIOD 1981 TO 2010
CLIMATE RECORD PERIOD 1912 TO 2016


WEATHER ITEM   OBSERVED TIME   RECORD YEAR NORMAL DEPARTURE LAST
                VALUE   (LST)  VALUE       VALUE  FROM      YEAR
                                                  NORMAL
..................................................................
TEMPERATURE (F)
 YESTERDAY
  MAXIMUM         34    742 PM  73    1999  49    -15       43
  MINIMUM         20   1246 AM   4    1981  29     -9       19
  AVERAGE         27                        39    -12       31

PRECIPITATION (IN)
  YESTERDAY        T             0.76 2014   0.11  -0.11      T
  MONTH TO DATE    1.25                      1.24   0.01     0.23
  SINCE DEC 1      8.79                      7.10   1.69     4.08
  SINCE JAN 1      4.24                      4.16   0.08     1.54

SNOWFALL (IN)
  YESTERDAY        T                                          T
  MONTH TO DATE    T                                          T
  SINCE DEC 1     13.5                                       0.2
  SINCE JUL 1     13.5                                       0.7
  SNOW DEPTH       0

DEGREE DAYS
 HEATING
  YESTERDAY       38                        26     12       34
  MONTH TO DATE  346                       323     23      302
  SINCE DEC 1   1777                      2011   -234     1896
  SINCE JUL 1   2419                      2815   -396     2774

 COOLING
  YESTERDAY        0                         0      0        0
  MONTH TO DATE    0                         0      0        0
  SINCE DEC 1      0                         0      0        0
  SINCE JAN 1      0                         0      0        0
..................................................................


WIND (MPH)
  HIGHEST WIND SPEED    32   HIGHEST WIND DIRECTION    NW (300)
  HIGHEST GUST SPEED    45   HIGHEST GUST DIRECTION     W (290)
  AVERAGE WIND SPEED     7.3


SKY COVER
  AVERAGE SKY COVER 0.8


WEATHER CONDITIONS
 THE FOLLOWING WEATHER WAS RECORDED YESTERDAY.
  LIGHT SNOW


RELATIVE HUMIDITY (PERCENT)
 HIGHEST    63           700 PM
 LOWEST     39          1200 PM
 AVERAGE    51

..........................................................


THE ROANOKE VA CLIMATE NORMALS FOR TODAY
                         NORMAL    RECORD    YEAR
 MAXIMUM TEMPERATURE (F)   49        72      1923
 MINIMUM TEMPERATURE (F)   29         8      1917


SUNRISE AND SUNSET
FEBRUARY 13 2016......SUNRISE   712 AM EST   SUNSET   557 PM EST
FEBRUARY 14 2016......SUNRISE   711 AM EST   SUNSET   558 PM EST


-  INDICATES NEGATIVE NUMBERS.
R  INDICATES RECORD WAS SET OR TIED.
MM INDICATES DATA IS MISSING.
T  INDICATES TRACE AMOUNT.

$$
