000
CDUS41 KRNK 260541
CLIROA


CLIMATE REPORT
NATIONAL WEATHER SERVICE BLACKSBURG VA
1239 AM EST SUN FEB 26 2017


...................................

...THE ROANOKE VA CLIMATE SUMMARY FOR FEBRUARY 25 2017...

CLIMATE NORMAL PERIOD 1981 TO 2010
CLIMATE RECORD PERIOD 1912 TO 2017


WEATHER ITEM   OBSERVED TIME   RECORD YEAR NORMAL DEPARTURE LAST
                VALUE   (LST)  VALUE       VALUE  FROM      YEAR
                                                  NORMAL
..................................................................
TEMPERATURE (F)
 YESTERDAY
  MAXIMUM         64    308 PM  82    1930  52     12       45
  MINIMUM         37   1159 PM   4    1967  32      5       38
  AVERAGE         51                        42      9       42

PRECIPITATION (IN)
  YESTERDAY        0.01          1.47 1979   0.10  -0.09      T
  MONTH TO DATE    0.41                      2.60  -2.19     5.24
  SINCE DEC 1      7.30                      8.46  -1.16    12.78
  SINCE JAN 1      4.51                      5.52  -1.01     8.23

SNOWFALL (IN)
  YESTERDAY        0.0                                        T
  MONTH TO DATE    T                                         8.5
  SINCE DEC 1      4.5                                      22.0
  SINCE JUL 1      4.5                                      22.0
  SNOW DEPTH       0

DEGREE DAYS
 HEATING
  YESTERDAY       14                        23     -9       23
  MONTH TO DATE  402                       644   -242      685
  SINCE DEC 1   1878                      2332   -454     2116
  SINCE JUL 1   2406                      3136   -730     2758

 COOLING
  YESTERDAY        0                         0      0        0
  MONTH TO DATE    0                         0      0        0
  SINCE DEC 1      0                         0      0        0
  SINCE JAN 1      0                         0      0        0
..................................................................


WIND (MPH)
  HIGHEST WIND SPEED    33   HIGHEST WIND DIRECTION     W (270)
  HIGHEST GUST SPEED    43   HIGHEST GUST DIRECTION     W (280)
  AVERAGE WIND SPEED    14.8


SKY COVER
  AVERAGE SKY COVER 0.5


WEATHER CONDITIONS
 THE FOLLOWING WEATHER WAS RECORDED YESTERDAY.
  LIGHT RAIN


RELATIVE HUMIDITY (PERCENT)
 HIGHEST    80           700 AM
 LOWEST     31           900 PM
 AVERAGE    56

..........................................................


THE ROANOKE VA CLIMATE NORMALS FOR TODAY
                         NORMAL    RECORD    YEAR
 MAXIMUM TEMPERATURE (F)   52        79      1930
 MINIMUM TEMPERATURE (F)   32         8      1970


SUNRISE AND SUNSET
FEBRUARY 26 2017......SUNRISE   655 AM EST   SUNSET   611 PM EST
FEBRUARY 27 2017......SUNRISE   653 AM EST   SUNSET   612 PM EST


-  INDICATES NEGATIVE NUMBERS.
R  INDICATES RECORD WAS SET OR TIED.
MM INDICATES DATA IS MISSING.
T  INDICATES TRACE AMOUNT.




$$
