000
CDUS41 KRNK 280818
CLIROA


CLIMATE REPORT
NATIONAL WEATHER SERVICE BLACKSBURG VA
416 AM EDT SUN MAY 28 2017


...................................

...THE ROANOKE VA CLIMATE SUMMARY FOR MAY 27 2017...

CLIMATE NORMAL PERIOD 1981 TO 2010
CLIMATE RECORD PERIOD 1912 TO 2017


WEATHER ITEM   OBSERVED TIME   RECORD YEAR NORMAL DEPARTURE LAST
                VALUE   (LST)  VALUE       VALUE  FROM      YEAR
                                                  NORMAL
..................................................................
TEMPERATURE (F)
 YESTERDAY
  MAXIMUM         85    213 PM  95    1941  78      7       86
                                      1937
  MINIMUM         58    338 AM  34    1925  57      1       64
  AVERAGE         72                        68      4       75

PRECIPITATION (IN)
  YESTERDAY        0.00          2.92 1960   0.15  -0.15     0.00
  MONTH TO DATE    8.11                      3.47   4.64     5.70
  SINCE MAR 1     16.35                     10.30   6.05     9.08
  SINCE JAN 1     20.99                     16.11   4.88    17.31

SNOWFALL (IN)
  YESTERDAY        0.0                                       0.0
  MONTH TO DATE    T                                         0.0
  SINCE MAR 1      0.1                                       1.0
  SINCE JUL 1      4.6                                      23.0
  SNOW DEPTH       0

DEGREE DAYS
 HEATING
  YESTERDAY        0                         2     -2        0
  MONTH TO DATE   88                        95     -7       92
  SINCE MAR 1    745                       922   -177      671
  SINCE JUL 1   3209                      4127   -918     3505

 COOLING
  YESTERDAY        7                         4      3       10
  MONTH TO DATE   81                        69     12       47
  SINCE MAR 1    151                        98     53       96
  SINCE JAN 1    151                        98     53       96
..................................................................


WIND (MPH)
  HIGHEST WIND SPEED    16   HIGHEST WIND DIRECTION     W (260)
  HIGHEST GUST SPEED    23   HIGHEST GUST DIRECTION     W (280)
  AVERAGE WIND SPEED     5.7


SKY COVER
  AVERAGE SKY COVER 0.4


WEATHER CONDITIONS
 THE FOLLOWING WEATHER WAS RECORDED YESTERDAY.
  NO SIGNIFICANT WEATHER WAS OBSERVED.


RELATIVE HUMIDITY (PERCENT)
 HIGHEST    90           600 AM
 LOWEST     51          1200 PM
 AVERAGE    71

..........................................................


THE ROANOKE VA CLIMATE NORMALS FOR TODAY
                         NORMAL    RECORD    YEAR
 MAXIMUM TEMPERATURE (F)   79        98      1941
 MINIMUM TEMPERATURE (F)   57        39      1994


SUNRISE AND SUNSET
MAY 28 2017...........SUNRISE   602 AM EDT   SUNSET   832 PM EDT
MAY 29 2017...........SUNRISE   602 AM EDT   SUNSET   833 PM EDT


-  INDICATES NEGATIVE NUMBERS.
R  INDICATES RECORD WAS SET OR TIED.
MM INDICATES DATA IS MISSING.
T  INDICATES TRACE AMOUNT.

$$
RCS
