000
CDUS41 KRNK 192106
CLIROA


CLIMATE REPORT
NATIONAL WEATHER SERVICE BLACKSBURG VA
504 PM EDT TUE SEP 19 2017


...................................

...THE ROANOKE VA CLIMATE SUMMARY FOR SEPTEMBER 19 2017...
VALID TODAY AS OF 0500 PM LOCAL TIME.

CLIMATE NORMAL PERIOD 1981 TO 2010
CLIMATE RECORD PERIOD 1912 TO 2017


WEATHER ITEM   OBSERVED TIME   RECORD YEAR NORMAL DEPARTURE LAST
                VALUE   (LST)  VALUE       VALUE  FROM      YEAR
                                                  NORMAL
..................................................................
TEMPERATURE (F)
 TODAY
  MAXIMUM         84    357 PM  95    1978  77      7       85
  MINIMUM         61    510 AM  38    1984  56      5       67
  AVERAGE         73                        67      6       76

PRECIPITATION (IN)
  TODAY            0.00          3.42 1928   0.13  -0.13     0.83
  MONTH TO DATE    2.38                      2.60  -0.22     1.16
  SINCE SEP 1      2.38                      2.60  -0.22     1.16
  SINCE JAN 1     32.28                     30.73   1.55    34.93

SNOWFALL (IN)
  TODAY            0.0                                       0.0
  MONTH TO DATE    0.0                                       0.0
  SINCE SEP 1      0.0                                       0.0
  SINCE JUL 1      0.0                                       0.0
  SNOW DEPTH       0

DEGREE DAYS
 HEATING
  TODAY            0                         2     -2        0
  MONTH TO DATE   37                        13     24        0
  SINCE SEP 1     37                        13     24        0
  SINCE JUL 1     37                        14     23        0

 COOLING
  TODAY            8                         4      4       11
  MONTH TO DATE   66                       112    -46      191
  SINCE SEP 1     66                       112    -46      191
  SINCE JAN 1   1243                      1159     84     1440
..................................................................


WIND (MPH)
  HIGHEST WIND SPEED     9   HIGHEST WIND DIRECTION    NE (40)
  HIGHEST GUST SPEED    12   HIGHEST GUST DIRECTION     N (360)
  AVERAGE WIND SPEED     2.0


SKY COVER
  AVERAGE SKY COVER 0.5


WEATHER CONDITIONS
 THE FOLLOWING WEATHER WAS RECORDED TODAY.
  NO SIGNIFICANT WEATHER WAS OBSERVED.


RELATIVE HUMIDITY (PERCENT)
 HIGHEST   100           100 AM
 LOWEST     51           300 PM
 AVERAGE    76

..........................................................


THE ROANOKE VA CLIMATE NORMALS FOR TOMORROW
                         NORMAL    RECORD    YEAR
 MAXIMUM TEMPERATURE (F)   77        90      2010
                                             1955
                                             1933
 MINIMUM TEMPERATURE (F)   56        36      1929
                                             1916


SUNRISE AND SUNSET
SEPTEMBER 19 2017.....SUNRISE   705 AM EDT   SUNSET   721 PM EDT
SEPTEMBER 20 2017.....SUNRISE   706 AM EDT   SUNSET   719 PM EDT


-  INDICATES NEGATIVE NUMBERS.
R  INDICATES RECORD WAS SET OR TIED.
MM INDICATES DATA IS MISSING.
T  INDICATES TRACE AMOUNT.




$$
