320
CDUS41 KRNK 160930
CLIROA


CLIMATE REPORT
NATIONAL WEATHER SERVICE BLACKSBURG VA
429 AM EST MON JAN 16 2017


...................................

...THE ROANOKE VA CLIMATE SUMMARY FOR JANUARY 15 2017...

CLIMATE NORMAL PERIOD 1981 TO 2010
CLIMATE RECORD PERIOD 1912 TO 2017


WEATHER ITEM   OBSERVED TIME   RECORD YEAR NORMAL DEPARTURE LAST
                VALUE   (LST)  VALUE       VALUE  FROM      YEAR
                                                  NORMAL
..................................................................
TEMPERATURE (F)
 YESTERDAY
  MAXIMUM         54   1104 AM  76    1932  45      9       43
  MINIMUM         41   1248 AM   2    1994  27     14       26
  AVERAGE         48                        36     12       35

PRECIPITATION (IN)
  YESTERDAY        0.05          2.14 1995   0.10  -0.05     0.47
  MONTH TO DATE    1.20                      1.40  -0.20     1.37
  SINCE DEC 1      3.99                      4.34  -0.35     5.92
  SINCE JAN 1      1.20                      1.40  -0.20     1.37

SNOWFALL (IN)
  YESTERDAY        0.0                                       0.0
  MONTH TO DATE    4.5                                        T
  SINCE DEC 1      4.5                                        T
  SINCE JUL 1      4.5                                        T
  SNOW DEPTH       0

DEGREE DAYS
 HEATING
  YESTERDAY       17                        29    -12       30
  MONTH TO DATE  401                       432    -31      440
  SINCE DEC 1   1160                      1238    -78      901
  SINCE JUL 1   1688                      2042   -354     1543

 COOLING
  YESTERDAY        0                         0      0        0
  MONTH TO DATE    0                         0      0        0
  SINCE DEC 1      0                         0      0        0
  SINCE JAN 1      0                         0      0        0
..................................................................


WIND (MPH)
  HIGHEST WIND SPEED    15   HIGHEST WIND DIRECTION     N (350)
  HIGHEST GUST SPEED    16   HIGHEST GUST DIRECTION     N (340)
  AVERAGE WIND SPEED     6.0


SKY COVER
  AVERAGE SKY COVER 0.9


WEATHER CONDITIONS
 THE FOLLOWING WEATHER WAS RECORDED YESTERDAY.
  LIGHT RAIN
  FOG


RELATIVE HUMIDITY (PERCENT)
 HIGHEST   100           800 PM
 LOWEST     71          1000 AM
 AVERAGE    86

..........................................................


THE ROANOKE VA CLIMATE NORMALS FOR TODAY
                         NORMAL    RECORD    YEAR
 MAXIMUM TEMPERATURE (F)   45        70      1974
 MINIMUM TEMPERATURE (F)   27        -4      1972


SUNRISE AND SUNSET
JANUARY 16 2017.......SUNRISE   732 AM EST   SUNSET   527 PM EST
JANUARY 17 2017.......SUNRISE   732 AM EST   SUNSET   528 PM EST


-  INDICATES NEGATIVE NUMBERS.
R  INDICATES RECORD WAS SET OR TIED.
MM INDICATES DATA IS MISSING.
T  INDICATES TRACE AMOUNT.




$$
