000
CDUS41 KRNK 050923
CLIROA


CLIMATE REPORT
NATIONAL WEATHER SERVICE BLACKSBURG VA
417 AM EST THU MAR 5 2015


...................................

...THE ROANOKE VA CLIMATE SUMMARY FOR MARCH 4 2015...

CLIMATE NORMAL PERIOD 1981 TO 2010
CLIMATE RECORD PERIOD 1912 TO 2015


WEATHER ITEM   OBSERVED TIME   RECORD YEAR NORMAL DEPARTURE LAST
                VALUE   (LST)  VALUE       VALUE  FROM      YEAR
                                                  NORMAL
..................................................................
TEMPERATURE (F)
 YESTERDAY
  MAXIMUM         56   1138 AM  81    1976  54      2       33
                                      1974
  MINIMUM         36    436 AM  10    1943  33      3       13
  AVERAGE         46                        44      2       23

PRECIPITATION (IN)
  YESTERDAY        0.61          2.23 1993   0.10   0.51     0.00
  MONTH TO DATE    0.64                      0.39   0.25     1.10
  SINCE MAR 1      0.64                      0.39   0.25     1.10
  SINCE JAN 1      4.56                      6.20  -1.64     7.38

SNOWFALL (IN)
  YESTERDAY        0.0
  MONTH TO DATE    0.0
  SINCE MAR 1      0.0
  SINCE JUL 1     19.8
  SNOW DEPTH       0

DEGREE DAYS
 HEATING
  YESTERDAY       19                        21     -2       42
  MONTH TO DATE  104                        87     17      113
  SINCE MAR 1    104                        87     17      113
  SINCE JUL 1   3533                      3292    241     3515

 COOLING
  YESTERDAY        0                         0      0        0
  MONTH TO DATE    0                         0      0        0
  SINCE MAR 1      0                         0      0        0
  SINCE JAN 1      0                         0      0        0
..................................................................


WIND (MPH)
  HIGHEST WIND SPEED    12   HIGHEST WIND DIRECTION    NE (30)
  HIGHEST GUST SPEED    14   HIGHEST GUST DIRECTION    NE (30)
  AVERAGE WIND SPEED     4.4


SKY COVER
  POSSIBLE SUNSHINE  MM
  AVERAGE SKY COVER 0.8


WEATHER CONDITIONS
 THE FOLLOWING WEATHER WAS RECORDED YESTERDAY.
  LIGHT RAIN
  FOG
  FOG W/VISIBILITY <= 1/4 MILE


RELATIVE HUMIDITY (PERCENT)
 HIGHEST   100           900 PM
 LOWEST     86           400 PM
 AVERAGE    93

..........................................................


THE ROANOKE VA CLIMATE NORMALS FOR TODAY
                         NORMAL    RECORD    YEAR
 MAXIMUM TEMPERATURE (F)   54        82      1976
 MINIMUM TEMPERATURE (F)   34        13      1960


SUNRISE AND SUNSET
MARCH  5 2015.........SUNRISE   646 AM EST   SUNSET   617 PM EST
MARCH  6 2015.........SUNRISE   644 AM EST   SUNSET   618 PM EST


-  INDICATES NEGATIVE NUMBERS.
R  INDICATES RECORD WAS SET OR TIED.
MM INDICATES DATA IS MISSING.
T  INDICATES TRACE AMOUNT.




$$
