892
CDUS45 KABQ 220831
CLIROW


CLIMATE REPORT
NATIONAL WEATHER SERVICE ALBUQUERQUE NM
130 AM MST WED NOV 22 2017


...................................

...THE ROSWELL NM CLIMATE SUMMARY FOR NOVEMBER 21 2017...

CLIMATE NORMAL PERIOD 1981 TO 2010
CLIMATE RECORD PERIOD 1893 TO 2017


WEATHER ITEM   OBSERVED TIME   RECORD YEAR NORMAL DEPARTURE
                VALUE   (LST)  VALUE       VALUE  FROM
                                                  NORMAL
...............................................................
TEMPERATURE (F)
 YESTERDAY
  MAXIMUM         75    136 PM  87    1897  62     13
  MINIMUM         40    138 AM  -6    1906  32      8
  AVERAGE         58                        47     11

PRECIPITATION (IN)
  YESTERDAY        0.00          0.42 1916   0.01  -0.01
  MONTH TO DATE    0.00                      0.43  -0.43
  SINCE SEP 1      3.82                      3.19   0.63
  SINCE JAN 1     11.16                     12.12  -0.96

SNOWFALL (IN)
  YESTERDAY        0.0
  MONTH TO DATE    0.0
  SINCE SEP 1      0.0
  SINCE JUL 1      0.0

DEGREE DAYS
 HEATING
  YESTERDAY        7                        18    -11
  MONTH TO DATE  184                       294   -110
  SINCE SEP 1    348                       468   -120
  SINCE JUL 1    348                       468   -120

 COOLING
  YESTERDAY        0                         0      0
  MONTH TO DATE    6                         0      6
  SINCE SEP 1    381                       264    117
  SINCE JAN 1   2172                      1788    384
...............................................................


WIND (MPH)
  HIGHEST WIND SPEED    26   HIGHEST WIND DIRECTION    NE (50)
  HIGHEST GUST SPEED    33   HIGHEST GUST DIRECTION    NE (50)
  AVERAGE WIND SPEED    11.5


SKY COVER
  AVERAGE SKY COVER 0.0


WEATHER CONDITIONS
 THE FOLLOWING WEATHER WAS RECORDED YESTERDAY.
  NO SIGNIFICANT WEATHER WAS OBSERVED.


RELATIVE HUMIDITY (PERCENT)
 HIGHEST    49          1000 PM
 LOWEST     11           500 AM
 AVERAGE    30

..........................................................


THE ROSWELL NM CLIMATE NORMALS FOR TODAY
                         NORMAL    RECORD    YEAR
 MAXIMUM TEMPERATURE (F)   62        82      1897
 MINIMUM TEMPERATURE (F)   32         4      1906


SUNRISE AND SUNSET
NOVEMBER 22 2017......SUNRISE   636 AM MST   SUNSET   452 PM MST
NOVEMBER 23 2017......SUNRISE   637 AM MST   SUNSET   452 PM MST


-  INDICATES NEGATIVE NUMBERS.
R  INDICATES RECORD WAS SET OR TIED.
MM INDICATES DATA IS MISSING.
T  INDICATES TRACE AMOUNT.




$$
