000
CDUS45 KABQ 010833
CLIROW


CLIMATE REPORT
NATIONAL WEATHER SERVICE ALBUQUERQUE NM
231 AM MDT TUE SEP 1 2015


...................................

...THE ROSWELL NM CLIMATE SUMMARY FOR AUGUST 31 2015...

CLIMATE NORMAL PERIOD 1981 TO 2010
CLIMATE RECORD PERIOD 1893 TO 2015


WEATHER ITEM   OBSERVED TIME   RECORD YEAR NORMAL DEPARTURE
                VALUE   (LST)  VALUE       VALUE  FROM
                                                  NORMAL
...............................................................
TEMPERATURE (F)
 YESTERDAY
  MAXIMUM         97    359 PM 104    2011  90      7
  MINIMUM         61    554 AM  48    1915  64     -3
  AVERAGE         79                        77      2

PRECIPITATION (IN)
  YESTERDAY        0.00          2.41 1942   0.05  -0.05
  MONTH TO DATE    0.84                      1.97  -1.13
  SINCE JUN 1      4.52                      5.76  -1.24
  SINCE JAN 1     12.21                      8.93   3.28

SNOWFALL (IN)
  YESTERDAY        0.0
  MONTH TO DATE    0.0
  SINCE JUN 1      0.0
  SINCE JUL 1      0.0

DEGREE DAYS
 HEATING
  YESTERDAY        0                         0      0
  MONTH TO DATE    0                         0      0
  SINCE JUN 1      0                         1     -1
  SINCE JUL 1      0                         0      0

 COOLING
  YESTERDAY       14                        12      2
  MONTH TO DATE  550                       426    124
  SINCE JUN 1   1505                      1299    206
  SINCE JAN 1   1612                      1524     88
...............................................................


WIND (MPH)
  HIGHEST WIND SPEED    20   HIGHEST WIND DIRECTION     S (160)
  HIGHEST GUST SPEED    30   HIGHEST GUST DIRECTION     S (160)
  AVERAGE WIND SPEED    10.0


SKY COVER
  AVERAGE SKY COVER 0.0


WEATHER CONDITIONS
 THE FOLLOWING WEATHER WAS RECORDED YESTERDAY.
  NO SIGNIFICANT WEATHER WAS OBSERVED.


RELATIVE HUMIDITY (PERCENT)
 HIGHEST    72           600 AM
 LOWEST     18           400 PM
 AVERAGE    45

..........................................................


THE ROSWELL NM CLIMATE NORMALS FOR TODAY
                         NORMAL    RECORD    YEAR
 MAXIMUM TEMPERATURE (F)   90       100      2014
                                             2013
                                             1951
 MINIMUM TEMPERATURE (F)   63        45      1915


SUNRISE AND SUNSET
SEPTEMBER  1 2015.....SUNRISE   632 AM MDT   SUNSET   724 PM MDT
SEPTEMBER  2 2015.....SUNRISE   633 AM MDT   SUNSET   722 PM MDT


-  INDICATES NEGATIVE NUMBERS.
R  INDICATES RECORD WAS SET OR TIED.
MM INDICATES DATA IS MISSING.
T  INDICATES TRACE AMOUNT.




$$
