000
CDUS45 KABQ 310836
CLIROW


CLIMATE REPORT
NATIONAL WEATHER SERVICE ALBUQUERQUE NM
232 AM MDT FRI JUL 31 2015


...................................

...THE ROSWELL NM CLIMATE SUMMARY FOR JULY 30 2015...

CLIMATE NORMAL PERIOD 1981 TO 2010
CLIMATE RECORD PERIOD 1893 TO 2015


WEATHER ITEM   OBSERVED TIME   RECORD YEAR NORMAL DEPARTURE
                VALUE   (LST)  VALUE       VALUE  FROM
                                                  NORMAL
...............................................................
TEMPERATURE (F)
 YESTERDAY
  MAXIMUM         95    336 PM 104    1957  93      2
  MINIMUM         68    550 AM  56    1947  67      1
  AVERAGE         82                        80      2

PRECIPITATION (IN)
  YESTERDAY        0.00          1.24 1925   0.05  -0.05
  MONTH TO DATE    0.78                      2.00  -1.22
  SINCE JUN 1      3.68                      3.73  -0.05
  SINCE JAN 1     11.37                      6.90   4.47

SNOWFALL (IN)
  YESTERDAY        0.0
  MONTH TO DATE    0.0
  SINCE JUN 1      0.0
  SINCE JUL 1      0.0

DEGREE DAYS
 HEATING
  YESTERDAY        0                         0      0
  MONTH TO DATE    0                         0      0
  SINCE JUN 1      0                         1     -1
  SINCE JUL 1      0                         0      0

 COOLING
  YESTERDAY       17                        15      2
  MONTH TO DATE  529                       462     67
  SINCE JUN 1    937                       859     78
  SINCE JAN 1   1044                      1084    -40
...............................................................


WIND (MPH)
  HIGHEST WIND SPEED    23   HIGHEST WIND DIRECTION     N (10)
  HIGHEST GUST SPEED    28   HIGHEST GUST DIRECTION     N (10)
  AVERAGE WIND SPEED    12.6


SKY COVER
  AVERAGE SKY COVER 0.5


WEATHER CONDITIONS
 THE FOLLOWING WEATHER WAS RECORDED YESTERDAY.
  NO SIGNIFICANT WEATHER WAS OBSERVED.


RELATIVE HUMIDITY (PERCENT)
 HIGHEST    81           500 AM
 LOWEST     28           300 PM
 AVERAGE    55

..........................................................


THE ROSWELL NM CLIMATE NORMALS FOR TODAY
                         NORMAL    RECORD    YEAR
 MAXIMUM TEMPERATURE (F)   93       104      1972
 MINIMUM TEMPERATURE (F)   67        56      1947


SUNRISE AND SUNSET
JULY 31 2015..........SUNRISE   610 AM MDT   SUNSET   758 PM MDT
AUGUST  1 2015........SUNRISE   611 AM MDT   SUNSET   758 PM MDT


-  INDICATES NEGATIVE NUMBERS.
R  INDICATES RECORD WAS SET OR TIED.
MM INDICATES DATA IS MISSING.
T  INDICATES TRACE AMOUNT.

$$
