000
CDUS45 KABQ 080835
CLIROW


CLIMATE REPORT
NATIONAL WEATHER SERVICE ALBUQUERQUE NM
130 AM MST MON FEB 8 2016


...................................

...THE ROSWELL NM CLIMATE SUMMARY FOR FEBRUARY 7 2016...

CLIMATE NORMAL PERIOD 1981 TO 2010
CLIMATE RECORD PERIOD 1893 TO 2016


WEATHER ITEM   OBSERVED TIME   RECORD YEAR NORMAL DEPARTURE
                VALUE   (LST)  VALUE       VALUE  FROM
                                                  NORMAL
...............................................................
TEMPERATURE (F)
 YESTERDAY
  MAXIMUM         67    408 PM  84    2015  59      8
  MINIMUM         24    644 AM -15    1933  29     -5
  AVERAGE         46                        44      2

PRECIPITATION (IN)
  YESTERDAY        0.00          0.46 1913   0.02  -0.02
  MONTH TO DATE    0.00                      0.10  -0.10
  SINCE DEC 1      0.78                      1.12  -0.34
  SINCE JAN 1      0.16                      0.48  -0.32

SNOWFALL (IN)
  YESTERDAY        0.0
  MONTH TO DATE    0.0
  SINCE DEC 1     17.8
  SINCE JUL 1     17.8

DEGREE DAYS
 HEATING
  YESTERDAY       19                        21     -2
  MONTH TO DATE  181                       151     30
  SINCE DEC 1   1695                      1671     24
  SINCE JUL 1   2263                      2317    -54

 COOLING
  YESTERDAY        0                         0      0
  MONTH TO DATE    0                         0      0
  SINCE DEC 1      0                         0      0
  SINCE JAN 1      0                         0      0
...............................................................


WIND (MPH)
  HIGHEST WIND SPEED    24   HIGHEST WIND DIRECTION     N (350)
  HIGHEST GUST SPEED    30   HIGHEST GUST DIRECTION     N (360)
  AVERAGE WIND SPEED     7.2


SKY COVER
  AVERAGE SKY COVER 0.0


WEATHER CONDITIONS
 THE FOLLOWING WEATHER WAS RECORDED YESTERDAY.
  NO SIGNIFICANT WEATHER WAS OBSERVED.


RELATIVE HUMIDITY (PERCENT)
 HIGHEST    60           600 AM
 LOWEST     13          1100 AM
 AVERAGE    37

..........................................................


THE ROSWELL NM CLIMATE NORMALS FOR TODAY
                         NORMAL    RECORD    YEAR
 MAXIMUM TEMPERATURE (F)   59        84      1957
 MINIMUM TEMPERATURE (F)   29       -24      1933


SUNRISE AND SUNSET
FEBRUARY  8 2016......SUNRISE   649 AM MST   SUNSET   536 PM MST
FEBRUARY  9 2016......SUNRISE   648 AM MST   SUNSET   537 PM MST


-  INDICATES NEGATIVE NUMBERS.
R  INDICATES RECORD WAS SET OR TIED.
MM INDICATES DATA IS MISSING.
T  INDICATES TRACE AMOUNT.

$$
