000
CDUS45 KABQ 230833
CLIROW


CLIMATE REPORT
NATIONAL WEATHER SERVICE ALBUQUERQUE NM
129 AM MST FRI FEB 23 2018


...................................

...THE ROSWELL NM CLIMATE SUMMARY FOR FEBRUARY 22 2018...

CLIMATE NORMAL PERIOD 1981 TO 2010
CLIMATE RECORD PERIOD 1893 TO 2018


WEATHER ITEM   OBSERVED TIME   RECORD YEAR NORMAL DEPARTURE
                VALUE   (LST)  VALUE       VALUE  FROM
                                                  NORMAL
...............................................................
TEMPERATURE (F)
 YESTERDAY
  MAXIMUM         62    502 PM  85    2017  62      0
                                      1996
  MINIMUM         23    626 AM   6    1964  32     -9
  AVERAGE         43                        47     -4

PRECIPITATION (IN)
  YESTERDAY        0.00          0.96 1923   0.02  -0.02
  MONTH TO DATE    0.54                      0.33   0.21
  SINCE DEC 1      0.61                      1.35  -0.74
  SINCE JAN 1      0.61                      0.71  -0.10

SNOWFALL (IN)
  YESTERDAY        0.0
  MONTH TO DATE    0.0
  SINCE DEC 1      0.0
  SINCE JUL 1      0.0

DEGREE DAYS
 HEATING
  YESTERDAY       22                        18      4
  MONTH TO DATE  372                       440    -68
  SINCE DEC 1   1809                      1960   -151
  SINCE JUL 1   2259                      2606   -347

 COOLING
  YESTERDAY        0                         0      0
  MONTH TO DATE    0                         0      0
  SINCE DEC 1      0                         0      0
  SINCE JAN 1      0                         0      0
...............................................................


WIND (MPH)
  HIGHEST WIND SPEED    20   HIGHEST WIND DIRECTION    SW (220)
  HIGHEST GUST SPEED    25   HIGHEST GUST DIRECTION    SW (210)
  AVERAGE WIND SPEED     8.7


SKY COVER
  AVERAGE SKY COVER 0.0


WEATHER CONDITIONS
 THE FOLLOWING WEATHER WAS RECORDED YESTERDAY.
  NO SIGNIFICANT WEATHER WAS OBSERVED.


RELATIVE HUMIDITY (PERCENT)
 HIGHEST    85           900 AM
 LOWEST     23           500 PM
 AVERAGE    54

..........................................................


THE ROSWELL NM CLIMATE NORMALS FOR TODAY
                         NORMAL    RECORD    YEAR
 MAXIMUM TEMPERATURE (F)   63        86      1904
 MINIMUM TEMPERATURE (F)   33         6      1965


SUNRISE AND SUNSET
FEBRUARY 23 2018......SUNRISE   633 AM MST   SUNSET   550 PM MST
FEBRUARY 24 2018......SUNRISE   632 AM MST   SUNSET   551 PM MST


-  INDICATES NEGATIVE NUMBERS.
R  INDICATES RECORD WAS SET OR TIED.
MM INDICATES DATA IS MISSING.
T  INDICATES TRACE AMOUNT.




$$
