000
CDUS45 KABQ 280835
CLIROW


CLIMATE REPORT
NATIONAL WEATHER SERVICE ALBUQUERQUE NM
234 AM MDT SUN MAY 28 2017


...................................

...THE ROSWELL NM CLIMATE SUMMARY FOR MAY 27 2017...

CLIMATE NORMAL PERIOD 1981 TO 2010
CLIMATE RECORD PERIOD 1893 TO 2017


WEATHER ITEM   OBSERVED TIME   RECORD YEAR NORMAL DEPARTURE
                VALUE   (LST)  VALUE       VALUE  FROM
                                                  NORMAL
...............................................................
TEMPERATURE (F)
 YESTERDAY
  MAXIMUM         98    307 PM 106    1896  89      9
  MINIMUM         58    519 AM  41    1959  58      0
                                      1903
  AVERAGE         78                        74      4

PRECIPITATION (IN)
  YESTERDAY        0.00          0.39 2004   0.04  -0.04
  MONTH TO DATE    0.54                      1.07  -0.53
  SINCE MAR 1      2.31                      2.19   0.12
  SINCE JAN 1      3.56                      2.99   0.57

SNOWFALL (IN)
  YESTERDAY        0.0
  MONTH TO DATE    0.0
  SINCE MAR 1      0.0
  SINCE JUL 1      2.5

DEGREE DAYS
 HEATING
  YESTERDAY        0                         0      0
  MONTH TO DATE   10                        27    -17
  SINCE MAR 1    297                       578   -281
  SINCE JUL 1   2442                      3285   -843

 COOLING
  YESTERDAY       13                         9      4
  MONTH TO DATE  146                       148     -2
  SINCE MAR 1    254                       188     66
  SINCE JAN 1    254                       188     66
...............................................................


WIND (MPH)
  HIGHEST WIND SPEED    31   HIGHEST WIND DIRECTION     N (20)
  HIGHEST GUST SPEED    40   HIGHEST GUST DIRECTION     N (20)
  AVERAGE WIND SPEED    10.1


SKY COVER
  AVERAGE SKY COVER 0.0


WEATHER CONDITIONS
 THE FOLLOWING WEATHER WAS RECORDED YESTERDAY.
  HAZE


RELATIVE HUMIDITY (PERCENT)
 HIGHEST    30           600 AM
 LOWEST      3           300 PM
 AVERAGE    17

..........................................................


THE ROSWELL NM CLIMATE NORMALS FOR TODAY
                         NORMAL    RECORD    YEAR
 MAXIMUM TEMPERATURE (F)   89       105      2011
 MINIMUM TEMPERATURE (F)   58        39      1913


SUNRISE AND SUNSET
MAY 28 2017...........SUNRISE   551 AM MDT   SUNSET   800 PM MDT
MAY 29 2017...........SUNRISE   551 AM MDT   SUNSET   801 PM MDT


-  INDICATES NEGATIVE NUMBERS.
R  INDICATES RECORD WAS SET OR TIED.
MM INDICATES DATA IS MISSING.
T  INDICATES TRACE AMOUNT.




$$
