000
CDUS45 KABQ 300835
CLIROW


CLIMATE REPORT
NATIONAL WEATHER SERVICE ALBUQUERQUE NM
228 AM MDT MON MAY 30 2016


...................................

...THE ROSWELL NM CLIMATE SUMMARY FOR MAY 29 2016...

CLIMATE NORMAL PERIOD 1981 TO 2010
CLIMATE RECORD PERIOD 1893 TO 2016


WEATHER ITEM   OBSERVED TIME   RECORD YEAR NORMAL DEPARTURE
                VALUE   (LST)  VALUE       VALUE  FROM
                                                  NORMAL
...............................................................
TEMPERATURE (F)
 YESTERDAY
  MAXIMUM         91    217 PM 103    1951  90      1
  MINIMUM         61    319 AM  40    1947  59      2
  AVERAGE         76                        74      2

PRECIPITATION (IN)
  YESTERDAY        0.00          3.04 1895   0.04  -0.04
  MONTH TO DATE    0.60                      1.16  -0.56
  SINCE MAR 1      1.37                      2.28  -0.91
  SINCE JAN 1      1.93                      3.08  -1.15

SNOWFALL (IN)
  YESTERDAY        0.0
  MONTH TO DATE    0.0
  SINCE MAR 1      T
  SINCE JUL 1     17.8

DEGREE DAYS
 HEATING
  YESTERDAY        0                         0      0
  MONTH TO DATE   62                        27     35
  SINCE MAR 1    477                       578   -101
  SINCE JUL 1   3037                      3285   -248

 COOLING
  YESTERDAY       11                         9      2
  MONTH TO DATE  143                       166    -23
  SINCE MAR 1    163                       206    -43
  SINCE JAN 1    163                       206    -43
...............................................................


WIND (MPH)
  HIGHEST WIND SPEED    30   HIGHEST WIND DIRECTION     S (170)
  HIGHEST GUST SPEED    36   HIGHEST GUST DIRECTION    SE (150)
  AVERAGE WIND SPEED    11.4


SKY COVER
  AVERAGE SKY COVER 0.3


WEATHER CONDITIONS
 THE FOLLOWING WEATHER WAS RECORDED YESTERDAY.
  NO SIGNIFICANT WEATHER WAS OBSERVED.


RELATIVE HUMIDITY (PERCENT)
 HIGHEST    68           600 AM
 LOWEST     19           300 PM
 AVERAGE    44

..........................................................


THE ROSWELL NM CLIMATE NORMALS FOR TODAY
                         NORMAL    RECORD    YEAR
 MAXIMUM TEMPERATURE (F)   90       107      1896
 MINIMUM TEMPERATURE (F)   59        47      1905
                                             1899


SUNRISE AND SUNSET
MAY 30 2016...........SUNRISE   550 AM MDT   SUNSET   802 PM MDT
MAY 31 2016...........SUNRISE   550 AM MDT   SUNSET   802 PM MDT


-  INDICATES NEGATIVE NUMBERS.
R  INDICATES RECORD WAS SET OR TIED.
MM INDICATES DATA IS MISSING.
T  INDICATES TRACE AMOUNT.

$$
