000
CDUS45 KABQ 240857
CLIROW


CLIMATE REPORT
NATIONAL WEATHER SERVICE ALBUQUERQUE NM
156 AM MST TUE JAN 24 2017


...................................

...THE ROSWELL NM CLIMATE SUMMARY FOR JANUARY 23 2017...

CLIMATE NORMAL PERIOD 1981 TO 2010
CLIMATE RECORD PERIOD 1893 TO 2017


WEATHER ITEM   OBSERVED TIME   RECORD YEAR NORMAL DEPARTURE
                VALUE   (LST)  VALUE       VALUE  FROM
                                                  NORMAL
...............................................................
TEMPERATURE (F)
 YESTERDAY
  MAXIMUM         75    210 PM  83    1972  56     19
  MINIMUM         28    648 AM  -2    1918  27      1
  AVERAGE         52                        41     11

PRECIPITATION (IN)
  YESTERDAY        0.00          0.32 1948   0.02  -0.02
  MONTH TO DATE    1.09                      0.28   0.81
  SINCE DEC 1      1.39                      0.92   0.47
  SINCE JAN 1      1.09                      0.28   0.81

SNOWFALL (IN)
  YESTERDAY        0.0
  MONTH TO DATE    2.5
  SINCE DEC 1      2.5
  SINCE JUL 1      2.5

DEGREE DAYS
 HEATING
  YESTERDAY       13                        24    -11
  MONTH TO DATE  463                       574   -111
  SINCE DEC 1   1195                      1338   -143
  SINCE JUL 1   1581                      1984   -403

 COOLING
  YESTERDAY        0                         0      0
  MONTH TO DATE    0                         0      0
  SINCE DEC 1      0                         0      0
  SINCE JAN 1      0                         0      0
...............................................................


WIND (MPH)
  HIGHEST WIND SPEED    32   HIGHEST WIND DIRECTION    SW (240)
  HIGHEST GUST SPEED    39   HIGHEST GUST DIRECTION    SW (230)
  AVERAGE WIND SPEED     9.2


SKY COVER
  AVERAGE SKY COVER 0.0


WEATHER CONDITIONS
 THE FOLLOWING WEATHER WAS RECORDED YESTERDAY.
  NO SIGNIFICANT WEATHER WAS OBSERVED.


RELATIVE HUMIDITY (PERCENT)
 HIGHEST    85           700 AM
 LOWEST     16           200 PM
 AVERAGE    51

..........................................................


THE ROSWELL NM CLIMATE NORMALS FOR TODAY
                         NORMAL    RECORD    YEAR
 MAXIMUM TEMPERATURE (F)   56        80      1999
 MINIMUM TEMPERATURE (F)   27         4      1926
                                             1899


SUNRISE AND SUNSET
JANUARY 24 2017.......SUNRISE   658 AM MST   SUNSET   523 PM MST
JANUARY 25 2017.......SUNRISE   658 AM MST   SUNSET   523 PM MST


-  INDICATES NEGATIVE NUMBERS.
R  INDICATES RECORD WAS SET OR TIED.
MM INDICATES DATA IS MISSING.
T  INDICATES TRACE AMOUNT.




$$
