000
CDUS45 KABQ 100827
CLIROW


CLIMATE REPORT
NATIONAL WEATHER SERVICE ALBUQUERQUE NM
126 AM MST SAT DEC 10 2016


...................................

...THE ROSWELL NM CLIMATE SUMMARY FOR DECEMBER 9 2016...

CLIMATE NORMAL PERIOD 1981 TO 2010
CLIMATE RECORD PERIOD 1893 TO 2016


WEATHER ITEM   OBSERVED TIME   RECORD YEAR NORMAL DEPARTURE
                VALUE   (LST)  VALUE       VALUE  FROM
                                                  NORMAL
...............................................................
TEMPERATURE (F)
 YESTERDAY
  MAXIMUM         37    331 PM  79    1996  56    -19
  MINIMUM         23   1109 PM  -8    1978  27     -4
  AVERAGE         30                        41    -11

PRECIPITATION (IN)
  YESTERDAY        0.00          1.92 1943   0.03  -0.03
  MONTH TO DATE    0.18                      0.19  -0.01
  SINCE DEC 1      0.18                      0.19  -0.01
  SINCE JAN 1     10.52                     12.46  -1.94

SNOWFALL (IN)
  YESTERDAY        0.0
  MONTH TO DATE    T
  SINCE DEC 1      T
  SINCE JUL 1      T

DEGREE DAYS
 HEATING
  YESTERDAY       35                        24     11
  MONTH TO DATE  246                       206     40
  SINCE DEC 1    246                       206     40
  SINCE JUL 1    632                       852   -220

 COOLING
  YESTERDAY        0                         0      0
  MONTH TO DATE    0                         0      0
  SINCE DEC 1      0                         0      0
  SINCE JAN 1   2066                      1789    277
...............................................................


WIND (MPH)
  HIGHEST WIND SPEED    17   HIGHEST WIND DIRECTION     S (200)
  HIGHEST GUST SPEED    22   HIGHEST GUST DIRECTION     S (200)
  AVERAGE WIND SPEED     7.2


SKY COVER
  AVERAGE SKY COVER 0.6


WEATHER CONDITIONS
 THE FOLLOWING WEATHER WAS RECORDED YESTERDAY.
  FOG


RELATIVE HUMIDITY (PERCENT)
 HIGHEST    92           800 AM
 LOWEST     75          1200 AM
 AVERAGE    84

..........................................................


THE ROSWELL NM CLIMATE NORMALS FOR TODAY
                         NORMAL    RECORD    YEAR
 MAXIMUM TEMPERATURE (F)   55        81      1939
 MINIMUM TEMPERATURE (F)   27         1      1978


SUNRISE AND SUNSET
DECEMBER 10 2016......SUNRISE   651 AM MST   SUNSET   451 PM MST
DECEMBER 11 2016......SUNRISE   652 AM MST   SUNSET   451 PM MST


-  INDICATES NEGATIVE NUMBERS.
R  INDICATES RECORD WAS SET OR TIED.
MM INDICATES DATA IS MISSING.
T  INDICATES TRACE AMOUNT.




$$
