000
CDUS43 KARX 270632
CLIRST


CLIMATE REPORT
NATIONAL WEATHER SERVICE LA CROSSE WI
132 AM CDT SAT AUG 27 2016


...................................

...THE ROCHESTER MN CLIMATE SUMMARY FOR AUGUST 26 2016...

CLIMATE NORMAL PERIOD 1981 TO 2010
CLIMATE RECORD PERIOD 1886 TO 2016


WEATHER ITEM   OBSERVED TIME   RECORD YEAR NORMAL DEPARTURE LAST
                VALUE   (LST)  VALUE       VALUE  FROM      YEAR
                                                  NORMAL
..................................................................
TEMPERATURE (F)
 YESTERDAY
  MAXIMUM         71    132 PM  95    1955  78     -7       73
                                      1948
  MINIMUM         53    610 AM  33    1934  58     -5       47
  AVERAGE         62                        68     -6       60

PRECIPITATION (IN)
  YESTERDAY        T             2.15 2000   0.14  -0.14     0.00
  MONTH TO DATE    5.74                      3.82   1.92     2.30
  SINCE JUN 1     16.58                     13.05   3.53    11.70
  SINCE JAN 1     28.27                     23.49   4.78    24.31

SNOWFALL (IN)
  YESTERDAY        0.0           0.0  2012   0.0    0.0      0.0
  MONTH TO DATE    0.0                       0.0    0.0      0.0
  SINCE JUL 1      0.0                       0.0    0.0      0.0
  SNOW DEPTH       0

DEGREE DAYS
 HEATING
  YESTERDAY        3                         1      2        5
  MONTH TO DATE    7                        23    -16       35
  SINCE JUL 1     11                        34    -23       52

 COOLING
  YESTERDAY        0                         4     -4        0
  MONTH TO DATE  150                       136     14       90
  SINCE JAN 1    550                       507     43      367
..................................................................


WIND (MPH)
  HIGHEST WIND SPEED     7   HIGHEST WIND DIRECTION    SE (120)
  HIGHEST GUST SPEED     8   HIGHEST GUST DIRECTION     E (70)
  AVERAGE WIND SPEED     3.7


SKY COVER
  POSSIBLE SUNSHINE  MM
  AVERAGE SKY COVER 0.2


WEATHER CONDITIONS
 THE FOLLOWING WEATHER WAS RECORDED YESTERDAY.
  LIGHT RAIN


RELATIVE HUMIDITY (PERCENT)
 HIGHEST   100           700 AM
 LOWEST     61           200 PM
 AVERAGE    81

..........................................................


THE ROCHESTER MN CLIMATE NORMALS FOR TODAY
                         NORMAL    RECORD    YEAR
 MAXIMUM TEMPERATURE (F)   78        93      1984
                                             1956
 MINIMUM TEMPERATURE (F)   58        39      1941


SUNRISE AND SUNSET
AUGUST 27 2016........SUNRISE   628 AM CDT   SUNSET   754 PM CDT
AUGUST 28 2016........SUNRISE   629 AM CDT   SUNSET   752 PM CDT


-  INDICATES NEGATIVE NUMBERS.
R  INDICATES RECORD WAS SET OR TIED.
MM INDICATES DATA IS MISSING.
T  INDICATES TRACE AMOUNT.




$$
