000
CDUS45 KCYS 250750
CLIRWL


CLIMATE REPORT
NATIONAL WEATHER SERVICE CHEYENNE WY
149 AM MDT WED MAY 25 2016


...................................

...THE RAWLINS WY AIRPORT CLIMATE SUMMARY FOR MAY 24 2016...

CLIMATE NORMAL PERIOD 1981 TO 2010
CLIMATE RECORD PERIOD 1951 TO 2016


WEATHER ITEM   OBSERVED TIME   RECORD YEAR NORMAL DEPARTURE LAST
                VALUE   (LST)  VALUE       VALUE  FROM      YEAR
                                                  NORMAL
..................................................................
TEMPERATURE (F)
 YESTERDAY
  MAXIMUM         69    302 PM  80    1967  67      2       54
  MINIMUM         32    415 AM  27    1995  37     -5       33
  AVERAGE         51                        52     -1       44

PRECIPITATION (IN)
  YESTERDAY        0.00          1.27 1996   0.05  -0.05     0.24
  MONTH TO DATE    0.31                      1.08  -0.77     3.55
  SINCE JAN 1      5.81                      3.59   2.22     5.45

DEGREE DAYS
 HEATING
  YESTERDAY       14                        13      1       21
  MONTH TO DATE  416                       399     17      436
  SINCE MAR 1   2045                      2161   -116     1953
  SINCE JUL 1   7517                      8118   -601     7184

 COOLING
  YESTERDAY        0                         0      0        0
  MONTH TO DATE    0                         0      0        0
  SINCE MAR 1      0                         0      0        0
  SINCE JAN 1      0                         0      0        0
..................................................................


WIND (MPH)
  HIGHEST WIND SPEED    31   HIGHEST WIND DIRECTION    SW (230)
  HIGHEST GUST SPEED    43   HIGHEST GUST DIRECTION    SW (240)
  AVERAGE WIND SPEED    10.5


SKY COVER
  AVERAGE SKY COVER 0.4


WEATHER CONDITIONS
 THE FOLLOWING WEATHER WAS RECORDED YESTERDAY.
  THUNDERSTORM


RELATIVE HUMIDITY (PERCENT)
 HIGHEST    85           600 AM
 LOWEST     15           300 PM
 AVERAGE    50

..........................................................


THE RAWLINS WY AIRPORT CLIMATE NORMALS FOR TODAY
                         NORMAL    RECORD    YEAR
 MAXIMUM TEMPERATURE (F)   67        81      2006
 MINIMUM TEMPERATURE (F)   38        29      1986
                                             1975
                                             1953


SUNRISE AND SUNSET
MAY 25 2016...........SUNRISE   540 AM MDT   SUNSET   832 PM MDT
MAY 26 2016...........SUNRISE   539 AM MDT   SUNSET   833 PM MDT


-  INDICATES NEGATIVE NUMBERS.
R  INDICATES RECORD WAS SET OR TIED.
MM INDICATES DATA IS MISSING.
T  INDICATES TRACE AMOUNT.




$$
