000
CDUS45 KPIH 042339
CLIRXE


CLIMATE REPORT
NATIONAL WEATHER SERVICE POCATELLO ID
536 PM MDT SAT JUL 4 2015


...................................

...THE REXBURG ID CLIMATE SUMMARY FOR JULY 4 2015...
VALID TODAY AS OF 0500 PM LOCAL TIME.

CLIMATE NORMAL PERIOD 1981 TO 2010
CLIMATE RECORD PERIOD 1998 TO 2015


WEATHER ITEM   OBSERVED TIME   RECORD YEAR NORMAL DEPARTURE LAST
                VALUE   (LST)  VALUE       VALUE  FROM      YEAR
                                                  NORMAL
..................................................................
TEMPERATURE (F)
 TODAY
  MAXIMUM         93R   326 PM  92    2014  80     13       92
                                      2007
  MINIMUM         56    526 AM  42    2010  49      7       52
  AVERAGE         75                        64     11       72

PRECIPITATION (IN)
  TODAY            0.00         MM      MM   0.03  -0.03      T
  MONTH TO DATE    0.00                      0.13  -0.13      T
  SINCE OCT 1      8.44                     10.58  -2.14     7.65
  SINCE JAN 1      5.67                      7.37  -1.70     5.79

SNOWFALL (IN)
  TODAY           MM
  MONTH TO DATE   MM
  SINCE JUN 1     MM
  SINCE JUL 1     MM
  SNOW DEPTH      MM

DEGREE DAYS
 HEATING
  TODAY            0                         2     -2        0
  MONTH TO DATE    0                         9     -9        3
  SINCE JUN 1     40                       181   -141      158
  SINCE JUL 1      0                         9     -9        3

 COOLING
  TODAY           10                         1      9        7
  MONTH TO DATE   39                         4     35       14
  SINCE JUN 1    128                        22    106       17
  SINCE JAN 1    128                        26    102       17
..................................................................


WIND (MPH)
  HIGHEST WIND SPEED    12   HIGHEST WIND DIRECTION     S (190)
  HIGHEST GUST SPEED    15   HIGHEST GUST DIRECTION     S (200)
  AVERAGE WIND SPEED     5.7


SKY COVER
  POSSIBLE SUNSHINE  MM
  AVERAGE SKY COVER 0.0


WEATHER CONDITIONS
 THE FOLLOWING WEATHER WAS RECORDED TODAY.
  NO SIGNIFICANT WEATHER WAS OBSERVED.


RELATIVE HUMIDITY (PERCENT)
 HIGHEST    86           500 AM
 LOWEST     14           300 PM
 AVERAGE    50

..........................................................


THE REXBURG ID CLIMATE NORMALS FOR TOMORROW
                         NORMAL    RECORD    YEAR
 MAXIMUM TEMPERATURE (F)   81        95      2007
 MINIMUM TEMPERATURE (F)   49        38      1999


SUNRISE AND SUNSET
JULY  4 2015..........SUNRISE   551 AM MDT   SUNSET   912 PM MDT
JULY  5 2015..........SUNRISE   551 AM MDT   SUNSET   912 PM MDT


-  INDICATES NEGATIVE NUMBERS.
R  INDICATES RECORD WAS SET OR TIED.
MM INDICATES DATA IS MISSING.
T  INDICATES TRACE AMOUNT.




$$
