000
CDUS45 KPIH 122329
CLIRXE


CLIMATE REPORT
NATIONAL WEATHER SERVICE POCATELLO ID
525 PM MDT SAT JUL 12 2014


...................................

...THE REXBURG ID CLIMATE SUMMARY FOR JULY 12 2014...
VALID TODAY AS OF 0500 PM LOCAL TIME.

CLIMATE NORMAL PERIOD 1981 TO 2010
CLIMATE RECORD PERIOD 1998 TO 2014


WEATHER ITEM   OBSERVED TIME   RECORD YEAR NORMAL DEPARTURE LAST
                VALUE   (LST)  VALUE       VALUE  FROM      YEAR
                                                  NORMAL
..................................................................
TEMPERATURE (F)
 TODAY
  MAXIMUM         86    231 PM  98    2002  83      3       86
  MINIMUM         59    338 AM  39    2008  50      9       54
  AVERAGE         73                        66      7       70

PRECIPITATION (IN)
  TODAY            0.00         MM      MM   0.01  -0.01     0.00
  MONTH TO DATE    T                         0.36  -0.36     0.02
  SINCE OCT 1      7.65                     10.81  -3.16     7.89
  SINCE JAN 1      5.79                      7.60  -1.81     4.50

SNOWFALL (IN)
  TODAY           MM
  MONTH TO DATE   MM
  SINCE JUN 1     MM
  SINCE JUL 1     MM
  SNOW DEPTH      MM

DEGREE DAYS
 HEATING
  TODAY            0                         1     -1        0
  MONTH TO DATE    3                        20    -17        0
  SINCE JUN 1    158                       192    -34      117
  SINCE JUL 1      3                        20    -17        0

 COOLING
  TODAY            8                         3      5        5
  MONTH TO DATE   70                        20     50       90
  SINCE JUN 1     73                        38     35      149
  SINCE JAN 1     73                        42     31      151
..................................................................


WIND (MPH)
  HIGHEST WIND SPEED     9   HIGHEST WIND DIRECTION    SW (240)
  HIGHEST GUST SPEED    11   HIGHEST GUST DIRECTION     W (250)
  AVERAGE WIND SPEED     4.5


SKY COVER
  POSSIBLE SUNSHINE  MM
  AVERAGE SKY COVER 0.1


WEATHER CONDITIONS
 THE FOLLOWING WEATHER WAS RECORDED TODAY.
  NO SIGNIFICANT WEATHER WAS OBSERVED.


RELATIVE HUMIDITY (PERCENT)
 HIGHEST    78           200 AM
 LOWEST     27           200 PM
 AVERAGE    53

..........................................................


THE REXBURG ID CLIMATE NORMALS FOR TOMORROW
                         NORMAL    RECORD    YEAR
 MAXIMUM TEMPERATURE (F)   83        97      2002
 MINIMUM TEMPERATURE (F)   50        42      2008


SUNRISE AND SUNSET
JULY 12 2014..........SUNRISE   556 AM MDT   SUNSET   909 PM MDT
JULY 13 2014..........SUNRISE   557 AM MDT   SUNSET   908 PM MDT


-  INDICATES NEGATIVE NUMBERS.
R  INDICATES RECORD WAS SET OR TIED.
MM INDICATES DATA IS MISSING.
T  INDICATES TRACE AMOUNT.




$$
