017
CDUS45 KPIH 192324
CLIRXE


CLIMATE REPORT
NATIONAL WEATHER SERVICE POCATELLO ID
423 PM MST SUN NOV 19 2017


...................................

...THE REXBURG ID CLIMATE SUMMARY FOR NOVEMBER 19 2017...
VALID TODAY AS OF 0400 PM LOCAL TIME.

CLIMATE NORMAL PERIOD 1981 TO 2010
CLIMATE RECORD PERIOD 1998 TO 2017


WEATHER ITEM   OBSERVED TIME   RECORD YEAR NORMAL DEPARTURE LAST
                VALUE   (LST)  VALUE       VALUE  FROM      YEAR
                                                  NORMAL
..................................................................
TEMPERATURE (F)
 TODAY
  MAXIMUM         38    243 PM  58    2007  38      0       50
  MINIMUM         20    753 AM   4    2000  20      0       26
  AVERAGE         29                        29      0       38

PRECIPITATION (IN)
  TODAY            0.00         MM      MM   0.03  -0.03     0.00
  MONTH TO DATE    0.66                      0.71  -0.05     0.01
  SINCE OCT 1      1.09                      1.82  -0.73     3.40
  SINCE JAN 1     11.45                     11.70  -0.25    11.13

SNOWFALL (IN)
  TODAY           MM
  MONTH TO DATE   MM
  SINCE SEP 1     MM
  SINCE JUL 1     MM
  SNOW DEPTH      MM

DEGREE DAYS
 HEATING
  TODAY           36                        36      0       27
  MONTH TO DATE  542                       596    -54      433
  SINCE SEP 1   1557                      1510     47     1240
  SINCE JUL 1   1570                      1583    -13     1304

 COOLING
  TODAY            0                         0      0        0
  MONTH TO DATE    0                         0      0        0
  SINCE SEP 1     38                         6     32       14
  SINCE JAN 1    347                       208    139      261
..................................................................


WIND (MPH)
  HIGHEST WIND SPEED     7   HIGHEST WIND DIRECTION     E (80)
  HIGHEST GUST SPEED    10   HIGHEST GUST DIRECTION    NE (50)
  AVERAGE WIND SPEED     3.5


SKY COVER
  POSSIBLE SUNSHINE  MM
  AVERAGE SKY COVER 0.0


WEATHER CONDITIONS
 THE FOLLOWING WEATHER WAS RECORDED TODAY.
  NO SIGNIFICANT WEATHER WAS OBSERVED.


RELATIVE HUMIDITY (PERCENT)
 HIGHEST    96           200 AM
 LOWEST     52           100 PM
 AVERAGE    74

..........................................................


THE REXBURG ID CLIMATE NORMALS FOR TOMORROW
                         NORMAL    RECORD    YEAR
 MAXIMUM TEMPERATURE (F)   38        57      2016
 MINIMUM TEMPERATURE (F)   19         0      2000


SUNRISE AND SUNSET
NOVEMBER 19 2017......SUNRISE   727 AM MST   SUNSET   458 PM MST
NOVEMBER 20 2017......SUNRISE   729 AM MST   SUNSET   457 PM MST


-  INDICATES NEGATIVE NUMBERS.
R  INDICATES RECORD WAS SET OR TIED.
MM INDICATES DATA IS MISSING.
T  INDICATES TRACE AMOUNT.




$$
