000
CDUS45 KPIH 290730
CLIRXE


CLIMATE REPORT
NATIONAL WEATHER SERVICE POCATELLO ID
129 AM MDT FRI MAY 29 2015


...................................

...THE REXBURG ID CLIMATE SUMMARY FOR MAY 28 2015...

CLIMATE NORMAL PERIOD 1981 TO 2010
CLIMATE RECORD PERIOD 1998 TO 2015


WEATHER ITEM   OBSERVED TIME   RECORD YEAR NORMAL DEPARTURE LAST
                VALUE   (LST)  VALUE       VALUE  FROM      YEAR
                                                  NORMAL
..................................................................
TEMPERATURE (F)
 YESTERDAY
  MAXIMUM         60    406 PM  92    2003  69     -9       81
  MINIMUM         46   1159 PM  34    2006  42      4       46
  AVERAGE         53                        56     -3       64

PRECIPITATION (IN)
  YESTERDAY        0.10         MM      MM   0.06   0.04     0.00
  MONTH TO DATE    3.08                      1.55   1.53     0.56
  SINCE OCT 1      7.66                      8.87  -1.21     6.89
  SINCE JAN 1      4.89                      5.66  -0.77     5.03

SNOWFALL (IN)
  YESTERDAY       MM
  MONTH TO DATE   MM
  SINCE MAR 1     MM
  SINCE JUL 1     MM
  SNOW DEPTH      MM

DEGREE DAYS
 HEATING
  YESTERDAY       12                         9      3        1
  MONTH TO DATE  325                       365    -40      313
  SINCE MAR 1   1661                      1957   -296     1802
  SINCE JUL 1   6745                      7930  -1185     7617

 COOLING
  YESTERDAY        0                         0      0        0
  MONTH TO DATE    0                         0      0        0
  SINCE MAR 1      0                         0      0        0
  SINCE JAN 1      0                         0      0        0
..................................................................


WIND (MPH)
  HIGHEST WIND SPEED    10   HIGHEST WIND DIRECTION    NE (60)
  HIGHEST GUST SPEED    12   HIGHEST GUST DIRECTION     E (90)
  AVERAGE WIND SPEED     4.6


SKY COVER
  POSSIBLE SUNSHINE  MM
  AVERAGE SKY COVER 0.7


WEATHER CONDITIONS
 THE FOLLOWING WEATHER WAS RECORDED YESTERDAY.
  LIGHT RAIN
  FOG


RELATIVE HUMIDITY (PERCENT)
 HIGHEST   100           400 AM
 LOWEST     57           400 PM
 AVERAGE    79

..........................................................


THE REXBURG ID CLIMATE NORMALS FOR TODAY
                         NORMAL    RECORD    YEAR
 MAXIMUM TEMPERATURE (F)   70        89      2003
 MINIMUM TEMPERATURE (F)   43        33      2007


SUNRISE AND SUNSET
MAY 29 2015...........SUNRISE   550 AM MDT   SUNSET   900 PM MDT
MAY 30 2015...........SUNRISE   549 AM MDT   SUNSET   901 PM MDT


-  INDICATES NEGATIVE NUMBERS.
R  INDICATES RECORD WAS SET OR TIED.
MM INDICATES DATA IS MISSING.
T  INDICATES TRACE AMOUNT.




$$
