000
CDUS45 KPIH 220733
CLIRXE


CLIMATE REPORT
NATIONAL WEATHER SERVICE POCATELLO ID
133 AM MDT MON SEP 22 2014


...................................

...THE REXBURG ID CLIMATE SUMMARY FOR SEPTEMBER 21 2014...

CLIMATE NORMAL PERIOD 1981 TO 2010
CLIMATE RECORD PERIOD 1998 TO 2014


WEATHER ITEM   OBSERVED TIME   RECORD YEAR NORMAL DEPARTURE LAST
                VALUE   (LST)  VALUE       VALUE  FROM      YEAR
                                                  NORMAL
..................................................................
TEMPERATURE (F)
 YESTERDAY
  MAXIMUM         79    153 PM  82    2001  69     10       80
  MINIMUM         47    607 AM  30    2004  38      9       42
  AVERAGE         63                        54      9       61

PRECIPITATION (IN)
  YESTERDAY        0.22         MM      MM   0.04   0.18     0.00
  MONTH TO DATE    0.49                      0.63  -0.14     0.80
  SINCE OCT 1     13.62                     12.76   0.86     9.47
  SINCE JAN 1     11.76                      9.55   2.21     6.08

SNOWFALL (IN)
  YESTERDAY       MM
  MONTH TO DATE   MM
  SINCE SEP 1     MM
  SINCE JUL 1     MM
  SNOW DEPTH      MM

DEGREE DAYS
 HEATING
  YESTERDAY        2                        12    -10        4
  MONTH TO DATE  139                       165    -26       23
  SINCE SEP 1    139                       165    -26       23
  SINCE JUL 1    213                       238    -25       23

 COOLING
  YESTERDAY        0                         0      0        0
  MONTH TO DATE    7                         5      2       39
  SINCE SEP 1      7                         5      2       39
  SINCE JAN 1    229                       207     22      452
..................................................................


WIND (MPH)
  HIGHEST WIND SPEED    14   HIGHEST WIND DIRECTION     W (250)
  HIGHEST GUST SPEED    17   HIGHEST GUST DIRECTION     W (250)
  AVERAGE WIND SPEED     5.9


SKY COVER
  POSSIBLE SUNSHINE  MM
  AVERAGE SKY COVER 0.2


WEATHER CONDITIONS
 THE FOLLOWING WEATHER WAS RECORDED YESTERDAY.
  HEAVY RAIN
  RAIN
  LIGHT RAIN
  FOG


RELATIVE HUMIDITY (PERCENT)
 HIGHEST    93          1100 PM
 LOWEST     28           200 PM
 AVERAGE    61

..........................................................


THE REXBURG ID CLIMATE NORMALS FOR TODAY
                         NORMAL    RECORD    YEAR
 MAXIMUM TEMPERATURE (F)   69        81      2012
 MINIMUM TEMPERATURE (F)   38        29      2002


SUNRISE AND SUNSET
SEPTEMBER 22 2014.....SUNRISE   714 AM MDT   SUNSET   724 PM MDT
SEPTEMBER 23 2014.....SUNRISE   716 AM MDT   SUNSET   723 PM MDT


-  INDICATES NEGATIVE NUMBERS.
R  INDICATES RECORD WAS SET OR TIED.
MM INDICATES DATA IS MISSING.
T  INDICATES TRACE AMOUNT.




$$
