000
CDUS45 KPIH 250745
CLIRXE


CLIMATE REPORT
NATIONAL WEATHER SERVICE POCATELLO ID
143 AM MDT FRI JUL 25 2014


...................................

...THE REXBURG ID CLIMATE SUMMARY FOR JULY 24 2014...

CLIMATE NORMAL PERIOD 1981 TO 2010
CLIMATE RECORD PERIOD 1998 TO 2014


WEATHER ITEM   OBSERVED TIME   RECORD YEAR NORMAL DEPARTURE LAST
                VALUE   (LST)  VALUE       VALUE  FROM      YEAR
                                                  NORMAL
..................................................................
TEMPERATURE (F)
 YESTERDAY
  MAXIMUM         81    250 PM  95    2003  86     -5       84
  MINIMUM         57   1158 PM  46    2011  51      6       51
                                      2010
                                      2000
  AVERAGE         69                        69      0       68

PRECIPITATION (IN)
  YESTERDAY        0.00         MM      MM   0.02  -0.02     0.00
  MONTH TO DATE    1.30                      0.58   0.72     0.14
  SINCE OCT 1      8.95                     11.03  -2.08     8.01
  SINCE JAN 1      7.09                      7.82  -0.73     4.62

SNOWFALL (IN)
  YESTERDAY       MM
  MONTH TO DATE   MM
  SINCE JUN 1     MM
  SINCE JUL 1     MM
  SNOW DEPTH      MM

DEGREE DAYS
 HEATING
  YESTERDAY        0                         0      0        0
  MONTH TO DATE    3                        27    -24        0
  SINCE JUN 1    158                       199    -41      117
  SINCE JUL 1      3                        27    -24        0

 COOLING
  YESTERDAY        4                         4      0        3
  MONTH TO DATE  142                        61     81      161
  SINCE JUN 1    145                        79     66      220
  SINCE JAN 1    145                        83     62      222
..................................................................


WIND (MPH)
  HIGHEST WIND SPEED    30   HIGHEST WIND DIRECTION    SW (210)
  HIGHEST GUST SPEED    41   HIGHEST GUST DIRECTION    SW (210)
  AVERAGE WIND SPEED    15.5


SKY COVER
  POSSIBLE SUNSHINE  MM
  AVERAGE SKY COVER 0.0


WEATHER CONDITIONS
 THE FOLLOWING WEATHER WAS RECORDED YESTERDAY.
  NO SIGNIFICANT WEATHER WAS OBSERVED.


RELATIVE HUMIDITY (PERCENT)
 HIGHEST    64          1200 AM
 LOWEST     17           300 PM
 AVERAGE    41

..........................................................


THE REXBURG ID CLIMATE NORMALS FOR TODAY
                         NORMAL    RECORD    YEAR
 MAXIMUM TEMPERATURE (F)   86        93      2008
 MINIMUM TEMPERATURE (F)   52        46      2010
                                             2000


SUNRISE AND SUNSET
JULY 25 2014..........SUNRISE   609 AM MDT   SUNSET   858 PM MDT
JULY 26 2014..........SUNRISE   610 AM MDT   SUNSET   857 PM MDT


-  INDICATES NEGATIVE NUMBERS.
R  INDICATES RECORD WAS SET OR TIED.
MM INDICATES DATA IS MISSING.
T  INDICATES TRACE AMOUNT.




$$
