000
CDUS45 KPIH 260732
CLIRXE


CLIMATE REPORT
NATIONAL WEATHER SERVICE POCATELLO ID
131 AM MDT TUE SEP 26 2017


...................................

...THE REXBURG ID CLIMATE SUMMARY FOR SEPTEMBER 25 2017...

CLIMATE NORMAL PERIOD 1981 TO 2010
CLIMATE RECORD PERIOD 1998 TO 2017


WEATHER ITEM   OBSERVED TIME   RECORD YEAR NORMAL DEPARTURE LAST
                VALUE   (LST)  VALUE       VALUE  FROM      YEAR
                                                  NORMAL
..................................................................
TEMPERATURE (F)
 YESTERDAY
  MAXIMUM         55    224 PM  89    2015  67    -12       63
                                      2001
  MINIMUM         31    648 AM  24    2000  37     -6       34
  AVERAGE         43                        52     -9       49

PRECIPITATION (IN)
  YESTERDAY        0.00         MM      MM   0.03  -0.03     0.00
  MONTH TO DATE    1.80                      0.78   1.02     1.78
  SINCE OCT 1     15.93                     12.91   3.02    10.89
  SINCE JAN 1     10.17                      9.70   0.47     7.73

SNOWFALL (IN)
  YESTERDAY       MM
  MONTH TO DATE   MM
  SINCE SEP 1     MM
  SINCE JUL 1     MM
  SNOW DEPTH      MM

DEGREE DAYS
 HEATING
  YESTERDAY       22                        13      9       16
  MONTH TO DATE  214                       215     -1      223
  SINCE SEP 1    214                       215     -1      223
  SINCE JUL 1    227                       288    -61      287

 COOLING
  YESTERDAY        0                         0      0        0
  MONTH TO DATE   38                         5     33       14
  SINCE SEP 1     38                         5     33       14
  SINCE JAN 1    347                       207    140      261
..................................................................


WIND (MPH)
  HIGHEST WIND SPEED    14   HIGHEST WIND DIRECTION    SW (240)
  HIGHEST GUST SPEED    20   HIGHEST GUST DIRECTION     W (260)
  AVERAGE WIND SPEED     5.1


SKY COVER
  POSSIBLE SUNSHINE  MM
  AVERAGE SKY COVER 0.5


WEATHER CONDITIONS
 THE FOLLOWING WEATHER WAS RECORDED YESTERDAY.
  NO SIGNIFICANT WEATHER WAS OBSERVED.


RELATIVE HUMIDITY (PERCENT)
 HIGHEST    92           700 AM
 LOWEST     32           200 PM
 AVERAGE    62

..........................................................


THE REXBURG ID CLIMATE NORMALS FOR TODAY
                         NORMAL    RECORD    YEAR
 MAXIMUM TEMPERATURE (F)   67        85      2010
 MINIMUM TEMPERATURE (F)   36        28      2000


SUNRISE AND SUNSET
SEPTEMBER 26 2017.....SUNRISE   719 AM MDT   SUNSET   717 PM MDT
SEPTEMBER 27 2017.....SUNRISE   721 AM MDT   SUNSET   715 PM MDT


-  INDICATES NEGATIVE NUMBERS.
R  INDICATES RECORD WAS SET OR TIED.
MM INDICATES DATA IS MISSING.
T  INDICATES TRACE AMOUNT.




$$
