000
CDUS45 KPIH 290741
CLIRXE


CLIMATE REPORT
NATIONAL WEATHER SERVICE POCATELLO ID
140 AM MDT SAT AUG 29 2015


...................................

...THE REXBURG ID CLIMATE SUMMARY FOR AUGUST 28 2015...

CLIMATE NORMAL PERIOD 1981 TO 2010
CLIMATE RECORD PERIOD 1998 TO 2015


WEATHER ITEM   OBSERVED TIME   RECORD YEAR NORMAL DEPARTURE LAST
                VALUE   (LST)  VALUE       VALUE  FROM      YEAR
                                                  NORMAL
..................................................................
TEMPERATURE (F)
 YESTERDAY
  MAXIMUM         88    250 PM  93    2012  80      8       80
  MINIMUM         48    629 AM  39    2004  46      2       47
  AVERAGE         68                        63      5       64

PRECIPITATION (IN)
  YESTERDAY        0.00         MM      MM   0.04  -0.04     0.00
  MONTH TO DATE    0.53                      0.84  -0.31     3.80
  SINCE OCT 1      9.89                     12.01  -2.12    12.75
  SINCE JAN 1      7.12                      8.80  -1.68    10.89

SNOWFALL (IN)
  YESTERDAY       MM
  MONTH TO DATE   MM
  SINCE JUN 1     MM
  SINCE JUL 1     MM
  SNOW DEPTH      MM

DEGREE DAYS
 HEATING
  YESTERDAY        0                         3     -3        1
  MONTH TO DATE   26                        31     -5       55
  SINCE JUN 1    110                       233   -123      218
  SINCE JUL 1     70                        61      9       63

 COOLING
  YESTERDAY        3                         1      2        0
  MONTH TO DATE   92                        82     10       55
  SINCE JUN 1    277                       192     85      221
  SINCE JAN 1    277                       196     81      221
..................................................................


WIND (MPH)
  HIGHEST WIND SPEED    14   HIGHEST WIND DIRECTION    SW (220)
  HIGHEST GUST SPEED    19   HIGHEST GUST DIRECTION     W (250)
  AVERAGE WIND SPEED     5.2


SKY COVER
  POSSIBLE SUNSHINE  MM
  AVERAGE SKY COVER 0.0


WEATHER CONDITIONS
 THE FOLLOWING WEATHER WAS RECORDED YESTERDAY.
  NO SIGNIFICANT WEATHER WAS OBSERVED.


RELATIVE HUMIDITY (PERCENT)
 HIGHEST    80           400 AM
 LOWEST     16           300 PM
 AVERAGE    48

..........................................................


THE REXBURG ID CLIMATE NORMALS FOR TODAY
                         NORMAL    RECORD    YEAR
 MAXIMUM TEMPERATURE (F)   80        91      2005
 MINIMUM TEMPERATURE (F)   46        41      2004


SUNRISE AND SUNSET
AUGUST 29 2015........SUNRISE   647 AM MDT   SUNSET   808 PM MDT
AUGUST 30 2015........SUNRISE   648 AM MDT   SUNSET   807 PM MDT


-  INDICATES NEGATIVE NUMBERS.
R  INDICATES RECORD WAS SET OR TIED.
MM INDICATES DATA IS MISSING.
T  INDICATES TRACE AMOUNT.




$$
