000
CDUS45 KPIH 272334
CLIRXE


CLIMATE REPORT
NATIONAL WEATHER SERVICE POCATELLO ID
530 PM MDT SUN JUL 27 2014


...................................

...THE REXBURG ID CLIMATE SUMMARY FOR JULY 27 2014...
VALID TODAY AS OF 0500 PM LOCAL TIME.

CLIMATE NORMAL PERIOD 1981 TO 2010
CLIMATE RECORD PERIOD 1998 TO 2014


WEATHER ITEM   OBSERVED TIME   RECORD YEAR NORMAL DEPARTURE LAST
                VALUE   (LST)  VALUE       VALUE  FROM      YEAR
                                                  NORMAL
..................................................................
TEMPERATURE (F)
 TODAY
  MAXIMUM         91    355 PM  94    2012  86      5       79
  MINIMUM         46    545 AM  42    2005  52     -6       58
  AVERAGE         69                        69      0       69

PRECIPITATION (IN)
  TODAY            0.00         MM      MM   0.02  -0.02     0.08
  MONTH TO DATE    1.30                      0.64   0.66     0.22
  SINCE OCT 1      8.95                     11.09  -2.14     8.09
  SINCE JAN 1      7.09                      7.88  -0.79     4.70

SNOWFALL (IN)
  TODAY           MM
  MONTH TO DATE   MM
  SINCE JUN 1     MM
  SINCE JUL 1     MM
  SNOW DEPTH      MM

DEGREE DAYS
 HEATING
  TODAY            0                         0      0        0
  MONTH TO DATE    8                        27    -19        0
  SINCE JUN 1    163                       199    -36      117
  SINCE JUL 1      8                        27    -19        0

 COOLING
  TODAY            4                         4      0        4
  MONTH TO DATE  146                        73     73      178
  SINCE JUN 1    149                        91     58      237
  SINCE JAN 1    149                        95     54      239
..................................................................


WIND (MPH)
  HIGHEST WIND SPEED     9   HIGHEST WIND DIRECTION     S (190)
  HIGHEST GUST SPEED    13   HIGHEST GUST DIRECTION     S (190)
  AVERAGE WIND SPEED     3.9


SKY COVER
  POSSIBLE SUNSHINE  MM
  AVERAGE SKY COVER 0.0


WEATHER CONDITIONS
 THE FOLLOWING WEATHER WAS RECORDED TODAY.
  NO SIGNIFICANT WEATHER WAS OBSERVED.


RELATIVE HUMIDITY (PERCENT)
 HIGHEST    76           500 AM
 LOWEST      9           400 PM
 AVERAGE    43

..........................................................


THE REXBURG ID CLIMATE NORMALS FOR TOMORROW
                         NORMAL    RECORD    YEAR
 MAXIMUM TEMPERATURE (F)   87        97      2006
 MINIMUM TEMPERATURE (F)   52        42      2002


SUNRISE AND SUNSET
JULY 27 2014..........SUNRISE   611 AM MDT   SUNSET   856 PM MDT
JULY 28 2014..........SUNRISE   612 AM MDT   SUNSET   855 PM MDT


-  INDICATES NEGATIVE NUMBERS.
R  INDICATES RECORD WAS SET OR TIED.
MM INDICATES DATA IS MISSING.
T  INDICATES TRACE AMOUNT.




$$
