000
CDUS46 KSTO 290044
CLISAC

CLIMATE REPORT
NATIONAL WEATHER SERVICE SACRAMENTO, CA
542 PM PDT SUN MAY 28 2017


...................................

...THE SACRAMENTO EXEC. AIRPORT CA CLIMATE SUMMARY FOR MAY 28 2017...
VALID TODAY AS OF 0500 PM LOCAL TIME.

CLIMATE NORMAL PERIOD 1981 TO 2010
CLIMATE RECORD PERIOD 1930 TO 2017


WEATHER ITEM   OBSERVED TIME   RECORD YEAR NORMAL DEPARTURE LAST
                VALUE   (LST)  VALUE       VALUE  FROM      YEAR
                                                  NORMAL
..................................................................
TEMPERATURE (F)
 TODAY
  MAXIMUM         MM        MM 105    1984  83     MM       90
  MINIMUM         MM        MM  43    2010  53     MM       62
  AVERAGE         MM

PRECIPITATION (IN)
  TODAY            0.00          1.10 1998   0.02  -0.02     0.00
  MONTH TO DATE    0.00                      0.63  -0.63     0.39
  SINCE OCT 1     32.93                     17.92  15.01    16.19
  SINCE JAN 1     23.48                     11.64  11.84    12.75

SNOWFALL (IN)
  TODAY            0.0          MM      MM   0.0             0.0
  MONTH TO DATE    0.0                       0.0             0.0
  SINCE MAR 1      0.0                       0.0             0.0
  SINCE JUL 1      0.0                       0.0             0.0

DEGREE DAYS
 HEATING
  TODAY           MM

 COOLING
  TODAY           MM
..................................................................


WIND (MPH)
  RESULTANT WIND SPEED  11   RESULTANT WIND DIRECTION   S (180)
  HIGHEST WIND SPEED    75   HIGHEST WIND DIRECTION     S (190)
  HIGHEST GUST SPEED    MM   HIGHEST GUST DIRECTION    MM


SKY COVER
  POSSIBLE SUNSHINE  MM
  AVERAGE SKY COVER 0.0


WEATHER CONDITIONS
 THE FOLLOWING WEATHER WAS RECORDED TODAY.
  NO SIGNIFICANT WEATHER WAS OBSERVED.


RELATIVE HUMIDITY (PERCENT)
 HIGHEST   100
 LOWEST     43
 AVERAGE    72

..........................................................


THE SACRAMENTO EXEC. AIRPORT CA CLIMATE NORMALS FOR TOMORROW
                         NORMAL    RECORD    YEAR
 MAXIMUM TEMPERATURE (F)   83       102      1973
 MINIMUM TEMPERATURE (F)   53        42      1985


SUNRISE AND SUNSET
MAY 28 2017...........SUNRISE   545 AM PDT   SUNSET   822 PM PDT
MAY 29 2017...........SUNRISE   545 AM PDT   SUNSET   823 PM PDT


-  INDICATES NEGATIVE NUMBERS.
R  INDICATES RECORD WAS SET OR TIED.
MM INDICATES DATA IS MISSING.
T  INDICATES TRACE AMOUNT.

&&
....................................................................

SACRAMENTO CITY CLIMATE DATA FOR SUNDAY MAY 28 2017

HIGH...   89  RECORD HIGH   107 IN 1984    NORMAL    HIGH   84
LOW....   55  RECORD LOW     44 IN 1927    NORMAL    LOW    56

RAIN SINCE MIDNIGHT....  0.00   RECORD THIS DATE....... 1.27 IN 1998
TOTAL THIS MONTH.......  0.00   NORMAL SINCE OCT 1ST.........  19.65
TOTAL SINCE OCT 1ST...  33.66   PERCENT OF NORMAL.............  171%


$$
NNNN
