000
CDUS46 KSTO 200854
CLISAC

CLIMATE REPORT
NATIONAL WEATHER SERVICE SACRAMENTO, CA
1252 AM PST MON FEB 20 2017


...................................

...THE SACRAMENTO EXEC. AIRPORT CA CLIMATE SUMMARY FOR FEBRUARY 19 2017...

CLIMATE NORMAL PERIOD 1981 TO 2010
CLIMATE RECORD PERIOD 1930 TO 2017


WEATHER ITEM   OBSERVED TIME   RECORD YEAR NORMAL DEPARTURE LAST
                VALUE   (LST)  VALUE       VALUE  FROM      YEAR
                                                  NORMAL
..................................................................
TEMPERATURE (F)
 YESTERDAY
  MAXIMUM         54   1159 PM  76    1964  61     -7       62
  MINIMUM         46    317 AM  33    1961  42      4       42
  AVERAGE         50

PRECIPITATION (IN)
  YESTERDAY        0.21          1.38 1980   0.12   0.09      T
  MONTH TO DATE    6.44                      2.37   4.07     0.82
  SINCE OCT 1     25.81                     12.29  13.52     9.70
  SINCE JAN 1     16.36                      6.01  10.35     6.26

SNOWFALL (IN)
  YESTERDAY       MM            MM      MM   0.0            MM
  MONTH TO DATE    0.0                       0.0             0.0
  SINCE DEC 1      0.0                       0.0             0.0
  SINCE JUL 1      0.0                       0.0             0.0

DEGREE DAYS
 HEATING
  YESTERDAY       15

 COOLING
  YESTERDAY        0
..................................................................


WIND (MPH)
  RESULTANT WIND SPEED   9   RESULTANT WIND DIRECTION  SE (150)
  HIGHEST WIND SPEED    21   HIGHEST WIND DIRECTION    SE (150)
  HIGHEST GUST SPEED    33   HIGHEST GUST DIRECTION    SE (150)


SKY COVER
  POSSIBLE SUNSHINE  MM
  AVERAGE SKY COVER 1.0


WEATHER CONDITIONS
 THE FOLLOWING WEATHER WAS RECORDED YESTERDAY.
  LIGHT RAIN
  FOG


RELATIVE HUMIDITY (PERCENT)
 HIGHEST   100
 LOWEST     77
 AVERAGE    89

..........................................................


THE SACRAMENTO EXEC. AIRPORT CA CLIMATE NORMALS FOR TODAY
                         NORMAL    RECORD    YEAR
 MAXIMUM TEMPERATURE (F)   62        72      1995
 MINIMUM TEMPERATURE (F)   42        30      2013
                                             2011


SUNRISE AND SUNSET
FEBRUARY 20 2017......SUNRISE   650 AM PST   SUNSET   550 PM PST
FEBRUARY 21 2017......SUNRISE   649 AM PST   SUNSET   551 PM PST


-  INDICATES NEGATIVE NUMBERS.
R  INDICATES RECORD WAS SET OR TIED.
MM INDICATES DATA IS MISSING.
T  INDICATES TRACE AMOUNT.

&&
....................................................................

SACRAMENTO CITY CLIMATE DATA FOR SUNDAY FEBRUARY 19 2017

HIGH...   56  RECORD HIGH    77 IN 1964    NORMAL    HIGH   63
LOW....   47  RECORD LOW     31 IN 1882    NORMAL    LOW    44

RAIN SINCE MIDNIGHT....  0.19   RECORD THIS DATE....... 2.16 IN 1894
TOTAL THIS MONTH.......  6.21   NORMAL SINCE OCT 1ST.........  13.44
TOTAL SINCE OCT 1ST... 25.57   PERCENT OF NORMAL.............  190%


$$
NNNN
