000
CDUS46 KSTO 220842
CLISAC

CLIMATE REPORT
NATIONAL WEATHER SERVICE SACRAMENTO, CA
1241 AM PST MON JAN 22 2018


...................................

...THE SACRAMENTO EXEC. AIRPORT CA CLIMATE SUMMARY FOR JANUARY 21 2018...

CLIMATE NORMAL PERIOD 1981 TO 2010
CLIMATE RECORD PERIOD 1930 TO 2018


WEATHER ITEM   OBSERVED TIME   RECORD YEAR NORMAL DEPARTURE LAST
                VALUE   (LST)  VALUE       VALUE  FROM      YEAR
                                                  NORMAL
..................................................................
TEMPERATURE (F)
 YESTERDAY
  MAXIMUM         53    456 PM  70    2014  54     -1       54
  MINIMUM         32    704 AM  26    1963  39     -7       45
  AVERAGE         43

PRECIPITATION (IN)
  YESTERDAY        T             3.05 1967   0.11  -0.11     0.29
  MONTH TO DATE    4.77                      2.46   2.31     9.42
  SINCE OCT 1      7.19                      8.74  -1.55    18.87
  SINCE JAN 1      4.77                      2.46   2.31     9.42

SNOWFALL (IN)
  YESTERDAY        0.0          MM      MM   0.0            MM
  MONTH TO DATE    0.0                       0.0             0.0
  SINCE DEC 1      0.0                       0.0             0.0
  SINCE JUL 1      0.0                       0.0             0.0

DEGREE DAYS
 HEATING
  YESTERDAY       22

 COOLING
  YESTERDAY        0
..................................................................


WIND (MPH)
  RESULTANT WIND SPEED   5   RESULTANT WIND DIRECTION  SE (140)
  HIGHEST WIND SPEED    12   HIGHEST WIND DIRECTION    SE (130)
  HIGHEST GUST SPEED    14   HIGHEST GUST DIRECTION    SE (150)


SKY COVER
  POSSIBLE SUNSHINE  MM
  AVERAGE SKY COVER 0.4


WEATHER CONDITIONS
 THE FOLLOWING WEATHER WAS RECORDED YESTERDAY.
  LIGHT RAIN


RELATIVE HUMIDITY (PERCENT)
 HIGHEST   100
 LOWEST     64
 AVERAGE    82

..........................................................


THE SACRAMENTO EXEC. AIRPORT CA CLIMATE NORMALS FOR TODAY
                         NORMAL    RECORD    YEAR
 MAXIMUM TEMPERATURE (F)   55        71      2011
 MINIMUM TEMPERATURE (F)   39        25      1962


SUNRISE AND SUNSET
JANUARY 22 2018.......SUNRISE   719 AM PST   SUNSET   517 PM PST
JANUARY 23 2018.......SUNRISE   718 AM PST   SUNSET   518 PM PST


-  INDICATES NEGATIVE NUMBERS.
R  INDICATES RECORD WAS SET OR TIED.
MM INDICATES DATA IS MISSING.
T  INDICATES TRACE AMOUNT.

&&
....................................................................

SACRAMENTO CITY CLIMATE DATA FOR SUNDAY JANUARY 21 2018

HIGH...   54  RECORD HIGH    70 IN 1976    NORMAL    HIGH   55
LOW....   36  RECORD LOW     22 IN 1937    NORMAL    LOW    41

RAIN SINCE MIDNIGHT....  0.01   RECORD THIS DATE....... 3.14 IN 1943
TOTAL THIS MONTH.......  4.59   NORMAL SINCE OCT 1ST..........  9.69
TOTAL SINCE OCT 1ST....  7.31   PERCENT OF NORMAL..............  75%

$$
