000
CDUS46 KSTO 190045
CLISAC

CLIMATE REPORT
NATIONAL WEATHER SERVICE SACRAMENTO, CA
440 PM PST SAT NOV 18 2017


...................................

...THE SACRAMENTO EXEC. AIRPORT CA CLIMATE SUMMARY FOR NOVEMBER 18 2017...
VALID TODAY AS OF 0400 PM LOCAL TIME.

CLIMATE NORMAL PERIOD 1981 TO 2010
CLIMATE RECORD PERIOD 1930 TO 2017


WEATHER ITEM   OBSERVED TIME   RECORD YEAR NORMAL DEPARTURE LAST
                VALUE   (LST)  VALUE       VALUE  FROM      YEAR
                                                  NORMAL
..................................................................
TEMPERATURE (F)
 TODAY
  MAXIMUM         61    312 PM  75    2008  63     -2       64
  MINIMUM         37    647 AM  30    2000  42     -5       35
  AVERAGE         49

PRECIPITATION (IN)
  TODAY            0.00          1.76 1982   0.07  -0.07     0.00
  MONTH TO DATE    1.94                      1.10   0.84     0.14
  SINCE OCT 1      2.09                      2.05   0.04     4.86
  SINCE JAN 1     25.72                     14.29  11.43    17.61

SNOWFALL (IN)
  TODAY            0.0          MM      MM   0.0             0.0
  MONTH TO DATE    0.0                       0.0             0.0
  SINCE SEP 1      0.0                       0.0             0.0
  SINCE JUL 1      0.0                       0.0             0.0

DEGREE DAYS
 HEATING
  TODAY           16

 COOLING
  TODAY            0
..................................................................


WIND (MPH)
  RESULTANT WIND SPEED   4   RESULTANT WIND DIRECTION  NW (330)
  HIGHEST WIND SPEED     9   HIGHEST WIND DIRECTION     N (340)
  HIGHEST GUST SPEED    13   HIGHEST GUST DIRECTION    NW (300)


SKY COVER
  POSSIBLE SUNSHINE  MM
  AVERAGE SKY COVER 0.0


WEATHER CONDITIONS
 THE FOLLOWING WEATHER WAS RECORDED TODAY.
  NO SIGNIFICANT WEATHER WAS OBSERVED.


RELATIVE HUMIDITY (PERCENT)
 HIGHEST   100
 LOWEST     46
 AVERAGE    73

..........................................................


THE SACRAMENTO EXEC. AIRPORT CA CLIMATE NORMALS FOR TOMORROW
                         NORMAL    RECORD    YEAR
 MAXIMUM TEMPERATURE (F)   62        74      1995
 MINIMUM TEMPERATURE (F)   42        28      1985
                                             1941


SUNRISE AND SUNSET
NOVEMBER 18 2017......SUNRISE   651 AM PST   SUNSET   451 PM PST
NOVEMBER 19 2017......SUNRISE   653 AM PST   SUNSET   450 PM PST


-  INDICATES NEGATIVE NUMBERS.
R  INDICATES RECORD WAS SET OR TIED.
MM INDICATES DATA IS MISSING.
T  INDICATES TRACE AMOUNT.

&&
....................................................................

SACRAMENTO CITY CLIMATE DATA FOR SATURDAY NOVEMBER 18 2017

HIGH...   62  RECORD HIGH    78 IN 1932    NORMAL    HIGH   62
LOW....   39  RECORD LOW     32 IN 1881    NORMAL    LOW    45

RAIN SINCE MIDNIGHT....  0.00   RECORD THIS DATE.......  2.2 IN 1885
TOTAL THIS MONTH.......  2.12   NORMAL SINCE OCT 1ST.........  2.35
TOTAL SINCE OCT 1ST...  2.26   PERCENT OF NORMAL.............  96%


$$
NNNN
