000
CDUS46 KSGX 270021
CLISAN


CLIMATE REPORT
NATIONAL WEATHER SERVICE SAN DIEGO, CA
421 PM PST THU FEB 26 2015


...................................

...THE SAN DIEGO/LINDBERGH FIELD CA CLIMATE SUMMARY FOR FEBRUARY 26 2015...
VALID TODAY AS OF 0400 PM LOCAL TIME.

CLIMATE NORMAL PERIOD 1981 TO 2010
CLIMATE RECORD PERIOD 1850 TO 2015


WEATHER ITEM   OBSERVED TIME   RECORD YEAR NORMAL DEPARTURE LAST
                VALUE   (LST)  VALUE       VALUE  FROM      YEAR
                                                  NORMAL
..................................................................
TEMPERATURE (F)
 TODAY
  MAXIMUM         65    136 PM  87    1926  65      0       67
  MINIMUM         53    709 AM  38    1894  52      1       59
  AVERAGE         59                        58      1       63

PRECIPITATION (IN)
  TODAY            0.00          1.14 1902   0.08  -0.08      T
  MONTH TO DATE    0.18                      2.11  -1.93     0.35
  SINCE OCT 1      5.47                      7.20  -1.73     2.55
  SINCE JAN 1      0.60                      4.09  -3.49     0.36

SNOWFALL (IN)
  TODAY            0.0
  MONTH TO DATE    0.0
  SINCE JAN 1      0.0
  SINCE JUL 1      0.0
  SNOW DEPTH       0

DEGREE DAYS
 HEATING
  TODAY            6                         7     -1        2
  MONTH TO DATE   61                       188   -127       98
  SINCE DEC 1    315                       698   -383      383
  SINCE JUL 1    337                       843   -506      453

 COOLING
  TODAY            0                         0      0        0
  MONTH TO DATE   22                         0     22        2
  SINCE DEC 1     26                         2     24       13
  SINCE JAN 1     22                         2     20        9
..................................................................


WIND (MPH)
  RESULTANT WIND SPEED   2   RESULTANT WIND DIRECTION   S (190)
  HIGHEST WIND SPEED    13   HIGHEST WIND DIRECTION     S (200)
  HIGHEST GUST SPEED    15   HIGHEST GUST DIRECTION     S (200)
  AVERAGE WIND SPEED     4.3


SKY COVER
  POSSIBLE SUNSHINE  MM
  AVERAGE SKY COVER 0.4


WEATHER CONDITIONS
 THE FOLLOWING WEATHER WAS RECORDED TODAY.
  NO SIGNIFICANT WEATHER WAS OBSERVED.


RELATIVE HUMIDITY (PERCENT)
 HIGHEST    83           100 AM
 LOWEST     56           100 PM
 AVERAGE    70

..........................................................


THE SAN DIEGO/LINDBERGH FIELD CA CLIMATE NORMALS FOR TOMORROW
                         NORMAL    RECORD    YEAR
 MAXIMUM TEMPERATURE (F)   65        83      1883
 MINIMUM TEMPERATURE (F)   52        39      1876


SUNRISE AND SUNSET
FEBRUARY 26 2015......SUNRISE   620 AM PST   SUNSET   543 PM PST
FEBRUARY 27 2015......SUNRISE   619 AM PST   SUNSET   544 PM PST


-  INDICATES NEGATIVE NUMBERS.
R  INDICATES RECORD WAS SET OR TIED.
MM INDICATES DATA IS MISSING.
T  INDICATES TRACE AMOUNT.




$$
