000
CDUS46 KSGX 170019
CLISAN


CLIMATE REPORT
NATIONAL WEATHER SERVICE SAN DIEGO, CA
519 PM PDT MON OCT 16 2017


...................................

...THE SAN DIEGO INTL AIRPORT CA CLIMATE SUMMARY FOR OCTOBER 16 2017...
VALID TODAY AS OF 0500 PM LOCAL TIME.

CLIMATE NORMAL PERIOD 1981 TO 2010
CLIMATE RECORD PERIOD 1874 TO 2017


WEATHER ITEM   OBSERVED TIME   RECORD YEAR NORMAL DEPARTURE LAST
                VALUE   (LST)  VALUE       VALUE  FROM      YEAR
                                                  NORMAL
..................................................................
TEMPERATURE (F)
 TODAY
  MAXIMUM         89   1212 PM  97    1958  73     16       75
  MINIMUM         65    620 AM  48    1892  61      4       66
                                      1879
  AVERAGE         77                        67     10       71

PRECIPITATION (IN)
  TODAY            0.00          0.68 1971   0.02  -0.02     0.00
  MONTH TO DATE    0.00                      0.23  -0.23      T
  SINCE OCT 1      0.00                      0.23  -0.23      T
  SINCE JAN 1      7.83                      7.46   0.37     5.33

DEGREE DAYS
 HEATING
  TODAY            0                         0      0        0
  MONTH TO DATE    0                         0      0        0
  SINCE SEP 1      0                         1     -1        0
  SINCE JUL 1      0                         2     -2        0

 COOLING
  TODAY           12                         2     10        6
  MONTH TO DATE   89                        47     42       91
  SINCE SEP 1    330                       215    115      310
  SINCE JAN 1   1033                       683    350      992
..................................................................


WIND (MPH)
  RESULTANT WIND SPEED   5   RESULTANT WIND DIRECTION  NW (320)
  HIGHEST WIND SPEED    16   HIGHEST WIND DIRECTION    NW (310)
  HIGHEST GUST SPEED    21   HIGHEST GUST DIRECTION    NW (310)
  AVERAGE WIND SPEED     4.7


SKY COVER
  POSSIBLE SUNSHINE  MM
  AVERAGE SKY COVER 0.1


WEATHER CONDITIONS
 THE FOLLOWING WEATHER WAS RECORDED TODAY.
  NO SIGNIFICANT WEATHER WAS OBSERVED.


RELATIVE HUMIDITY (PERCENT)
 HIGHEST    57           100 AM
 LOWEST     18          1200 PM
 AVERAGE    38

..........................................................


THE SAN DIEGO INTL AIRPORT CA CLIMATE NORMALS FOR TOMORROW
                         NORMAL    RECORD    YEAR
 MAXIMUM TEMPERATURE (F)   73        98      1958
 MINIMUM TEMPERATURE (F)   61        47      1938
                                             1892
                                             1881


SUNRISE AND SUNSET
OCTOBER 16 2017.......SUNRISE   654 AM PDT   SUNSET   614 PM PDT
OCTOBER 17 2017.......SUNRISE   654 AM PDT   SUNSET   613 PM PDT


-  INDICATES NEGATIVE NUMBERS.
R  INDICATES RECORD WAS SET OR TIED.
MM INDICATES DATA IS MISSING.
T  INDICATES TRACE AMOUNT.




$$
