000
CDUS46 KSGX 021431
CLISAN


CLIMATE REPORT
NATIONAL WEATHER SERVICE SAN DIEGO, CA
731 AM PDT MON MAY 2 2016


...................................

...THE SAN DIEGO/LINDBERGH FIELD CA CLIMATE SUMMARY FOR MAY 1 2016...

CLIMATE NORMAL PERIOD 1981 TO 2010
CLIMATE RECORD PERIOD 1874 TO 2016


WEATHER ITEM   OBSERVED TIME   RECORD YEAR NORMAL DEPARTURE LAST
                VALUE   (LST)  VALUE       VALUE  FROM      YEAR
                                                  NORMAL
..................................................................
TEMPERATURE (F)
 YESTERDAY
  MAXIMUM         68    215 PM  95    2014  68      0       79
  MINIMUM         59    528 AM  47    1932  58      1       63
  AVERAGE         64                        63      1       71

PRECIPITATION (IN)
  YESTERDAY        0.00          0.54 1980   0.01  -0.01     0.00
  MONTH TO DATE    0.00                      0.01  -0.01     0.00
  SINCE OCT 1      7.42                      9.96  -2.54     6.52
  SINCE JAN 1      4.57                      6.85  -2.28     1.65

DEGREE DAYS
 HEATING
  YESTERDAY        1                         3     -2        0
  MONTH TO DATE    1                         3     -2        0
  SINCE MAR 1     97                       294   -197       57
  SINCE JUL 1    637                      1152   -515      403

 COOLING
  YESTERDAY        0                         1     -1        6
  MONTH TO DATE    0                         1     -1        6
  SINCE MAR 1     54                        20     34      153
  SINCE JAN 1     99                        25     74      175
..................................................................


WIND (MPH)
  RESULTANT WIND SPEED   3   RESULTANT WIND DIRECTION  SW (210)
  HIGHEST WIND SPEED    14   HIGHEST WIND DIRECTION    SW (220)
  HIGHEST GUST SPEED    17   HIGHEST GUST DIRECTION    SW (220)
  AVERAGE WIND SPEED     5.9


SKY COVER
  POSSIBLE SUNSHINE  MM
  AVERAGE SKY COVER 0.6


WEATHER CONDITIONS
 THE FOLLOWING WEATHER WAS RECORDED YESTERDAY.
  NO SIGNIFICANT WEATHER WAS OBSERVED.


RELATIVE HUMIDITY (PERCENT)
 HIGHEST    78           200 AM
 LOWEST     52          1100 AM
 AVERAGE    65

..........................................................


THE SAN DIEGO/LINDBERGH FIELD CA CLIMATE NORMALS FOR TODAY
                         NORMAL    RECORD    YEAR
 MAXIMUM TEMPERATURE (F)   68        93      2004
 MINIMUM TEMPERATURE (F)   58        45      1883


SUNRISE AND SUNSET
MAY  2 2016...........SUNRISE   600 AM PDT   SUNSET   732 PM PDT
MAY  3 2016...........SUNRISE   559 AM PDT   SUNSET   732 PM PDT


-  INDICATES NEGATIVE NUMBERS.
R  INDICATES RECORD WAS SET OR TIED.
MM INDICATES DATA IS MISSING.
T  INDICATES TRACE AMOUNT.




$$
