000
CDUS46 KSGX 251232
CLISAN


CLIMATE REPORT
NATIONAL WEATHER SERVICE SAN DIEGO, CA
432 AM PST SUN FEB 25 2018


...................................

...THE SAN DIEGO INTL AIRPORT CA CLIMATE SUMMARY FOR FEBRUARY 24 2018...

CLIMATE NORMAL PERIOD 1981 TO 2010
CLIMATE RECORD PERIOD 1874 TO 2018


WEATHER ITEM   OBSERVED TIME   RECORD YEAR NORMAL DEPARTURE LAST
                VALUE   (LST)  VALUE       VALUE  FROM      YEAR
                                                  NORMAL
..................................................................
TEMPERATURE (F)
 YESTERDAY
  MAXIMUM         63    146 PM  89    1921  65     -2       62
  MINIMUM         44    704 AM  38    1897  52     -8       47
                                      1890
  AVERAGE         54                        58     -4       55

PRECIPITATION (IN)
  YESTERDAY        0.00          1.17 1873   0.08  -0.08     0.00
  MONTH TO DATE    0.04                      1.95  -1.91     1.31
  SINCE OCT 1      1.91                      7.04  -5.13     9.22
  SINCE JAN 1      1.82                      3.93  -2.11     4.32

DEGREE DAYS
 HEATING
  YESTERDAY       11                         7      4       10
  MONTH TO DATE  114                       174    -60      108
  SINCE DEC 1    373                       684   -311      506
  SINCE JUL 1    411                       829   -418      556

 COOLING
  YESTERDAY        0                         0      0        0
  MONTH TO DATE    4                         0      4        0
  SINCE DEC 1     20                         2     18        4
  SINCE JAN 1     17                         2     15        0
..................................................................


WIND (MPH)
  RESULTANT WIND SPEED   3   RESULTANT WIND DIRECTION  NW (310)
  HIGHEST WIND SPEED    16   HIGHEST WIND DIRECTION    NW (310)
  HIGHEST GUST SPEED    20   HIGHEST GUST DIRECTION     W (290)
  AVERAGE WIND SPEED     4.5


SKY COVER
  POSSIBLE SUNSHINE  MM
  AVERAGE SKY COVER 0.0


WEATHER CONDITIONS
 THE FOLLOWING WEATHER WAS RECORDED YESTERDAY.
  NO SIGNIFICANT WEATHER WAS OBSERVED.


RELATIVE HUMIDITY (PERCENT)
 HIGHEST    53           300 AM
 LOWEST     19           200 PM
 AVERAGE    36

..........................................................


THE SAN DIEGO INTL AIRPORT CA CLIMATE NORMALS FOR TODAY
                         NORMAL    RECORD    YEAR
 MAXIMUM TEMPERATURE (F)   65        82      1926
 MINIMUM TEMPERATURE (F)   52        41      1956
                                             1919


SUNRISE AND SUNSET
FEBRUARY 25 2018......SUNRISE   621 AM PST   SUNSET   543 PM PST
FEBRUARY 26 2018......SUNRISE   620 AM PST   SUNSET   544 PM PST


-  INDICATES NEGATIVE NUMBERS.
R  INDICATES RECORD WAS SET OR TIED.
MM INDICATES DATA IS MISSING.
T  INDICATES TRACE AMOUNT.




$$
