000
CDUS46 KSGX 291424
CLISAN


CLIMATE REPORT
NATIONAL WEATHER SERVICE SAN DIEGO, CA
723 AM PDT WED JUL 29 2015


...................................

...THE SAN DIEGO/LINDBERGH FIELD CA CLIMATE SUMMARY FOR JULY 28 2015...

CLIMATE NORMAL PERIOD 1981 TO 2010
CLIMATE RECORD PERIOD 1874 TO 2015


WEATHER ITEM   OBSERVED TIME   RECORD YEAR NORMAL DEPARTURE LAST
                VALUE   (LST)  VALUE       VALUE  FROM      YEAR
                                                  NORMAL
..................................................................
TEMPERATURE (F)
 YESTERDAY
  MAXIMUM         77   1230 PM  92    1972  75      2       84
  MINIMUM         67    426 AM  59    1909  66      1       71
  AVERAGE         72                        71      1       78

PRECIPITATION (IN)
  YESTERDAY        0.00          0.10 1968   0.01  -0.01     0.00
  MONTH TO DATE    1.71                      0.03   1.68      T
  SINCE OCT 1     10.66                     10.17   0.49     5.01
  SINCE JAN 1      5.79                      7.06  -1.27     2.82

DEGREE DAYS
 HEATING
  YESTERDAY        0                         0      0        0
  MONTH TO DATE    0                         0      0        0
  SINCE JUN 1      1                        18    -17        0
  SINCE JUL 1      0                         0      0        0

 COOLING
  YESTERDAY        7                         6      1       13
  MONTH TO DATE  207                       140     67      238
  SINCE JUN 1    330                       200    130      350
  SINCE JAN 1    513                       249    264      589
..................................................................


WIND (MPH)
  RESULTANT WIND SPEED   3   RESULTANT WIND DIRECTION   W (280)
  HIGHEST WIND SPEED    13   HIGHEST WIND DIRECTION     W (280)
  HIGHEST GUST SPEED    17   HIGHEST GUST DIRECTION     W (290)
  AVERAGE WIND SPEED     4.6


SKY COVER
  POSSIBLE SUNSHINE  MM
  AVERAGE SKY COVER 0.5


WEATHER CONDITIONS
 THE FOLLOWING WEATHER WAS RECORDED YESTERDAY.
  NO SIGNIFICANT WEATHER WAS OBSERVED.


RELATIVE HUMIDITY (PERCENT)
 HIGHEST    81           400 AM
 LOWEST     60          1200 PM
 AVERAGE    71

..........................................................


THE SAN DIEGO/LINDBERGH FIELD CA CLIMATE NORMALS FOR TODAY
                         NORMAL    RECORD    YEAR
 MAXIMUM TEMPERATURE (F)   75        89      1972
 MINIMUM TEMPERATURE (F)   66        57      1893


SUNRISE AND SUNSET
JULY 29 2015..........SUNRISE   600 AM PDT   SUNSET   749 PM PDT
JULY 30 2015..........SUNRISE   601 AM PDT   SUNSET   749 PM PDT


-  INDICATES NEGATIVE NUMBERS.
R  INDICATES RECORD WAS SET OR TIED.
MM INDICATES DATA IS MISSING.
T  INDICATES TRACE AMOUNT.




$$
