502
CDUS44 KEWX 090656
CLISAT


CLIMATE REPORT
NATIONAL WEATHER SERVICE AUSTIN/SAN ANTONIO, TX
1250 AM CST FRI DEC 9 2016


...................................

...THE SAN ANTONIO CLIMATE SUMMARY FOR DECEMBER 8 2016...

CLIMATE NORMAL PERIOD 1981 TO 2010
CLIMATE RECORD PERIOD 1886 TO 2016


WEATHER ITEM   OBSERVED TIME   RECORD YEAR NORMAL DEPARTURE LAST
                VALUE   (LST)  VALUE       VALUE  FROM      YEAR
                                                  NORMAL
..................................................................
TEMPERATURE (F)
 YESTERDAY
  MAXIMUM         53   1211 AM  84    1894  65    -12       75
  MINIMUM         38   1159 PM  25    1917  43     -5       42
  AVERAGE         46                        54     -8       59

PRECIPITATION (IN)
  YESTERDAY        T             1.02 1899   0.06  -0.06     0.00
  MONTH TO DATE    5.79                      0.47   5.32     0.00
  SINCE DEC 1      5.79                      0.47   5.32     0.00
  SINCE JAN 1     43.49                     30.83  12.66    42.74

SNOWFALL (IN)
  YESTERDAY        0.0
  MONTH TO DATE    0.0
  SINCE DEC 1      0.0
  SINCE JUL 1      0.0
  SNOW DEPTH       0

DEGREE DAYS
 HEATING
  YESTERDAY       19                        12      7        6
  MONTH TO DATE  105                        87     18       77
  SINCE DEC 1    105                        87     18       77
  SINCE JUL 1    163                       298   -135      206

 COOLING
  YESTERDAY        0                         0      0        0
  MONTH TO DATE    0                         7     -7        0
  SINCE DEC 1      0                         7     -7        0
  SINCE JAN 1   3346                      3124    222     3476
..................................................................


WIND (MPH)
  HIGHEST WIND SPEED    31   HIGHEST WIND DIRECTION     N (10)
  HIGHEST GUST SPEED    41   HIGHEST GUST DIRECTION     N (10)
  AVERAGE WIND SPEED    18.2


SKY COVER
  AVERAGE SKY COVER 0.9


WEATHER CONDITIONS
 THE FOLLOWING WEATHER WAS RECORDED YESTERDAY.
  LIGHT RAIN


RELATIVE HUMIDITY (PERCENT)
 HIGHEST    77           200 AM
 LOWEST     48           800 PM
 AVERAGE    63

..........................................................


THE SAN ANTONIO CLIMATE NORMALS FOR TODAY
                         NORMAL    RECORD    YEAR
 MAXIMUM TEMPERATURE (F)   65        85      2008
 MINIMUM TEMPERATURE (F)   43        23      1978
                                             1917


SUNRISE AND SUNSET
DECEMBER  9 2016......SUNRISE   717 AM CST   SUNSET   535 PM CST
DECEMBER 10 2016......SUNRISE   718 AM CST   SUNSET   536 PM CST


-  INDICATES NEGATIVE NUMBERS.
R  INDICATES RECORD WAS SET OR TIED.
MM INDICATES DATA IS MISSING.
T  INDICATES TRACE AMOUNT.




$$
