000
CDUS44 KEWX 312240
CLISAT


CLIMATE REPORT
NATIONAL WEATHER SERVICE AUSTIN/SAN ANTONIO, TX
540 PM CDT MON AUG 31 2015


...................................

...THE SAN ANTONIO CLIMATE SUMMARY FOR AUGUST 31 2015...
VALID TODAY AS OF 0540 PM LOCAL TIME.

CLIMATE NORMAL PERIOD 1981 TO 2010
CLIMATE RECORD PERIOD 1886 TO 2015


WEATHER ITEM   OBSERVED TIME   RECORD YEAR NORMAL DEPARTURE LAST
                VALUE   (LST)  VALUE       VALUE  FROM      YEAR
                                                  NORMAL
..................................................................
TEMPERATURE (F)
 TODAY
  MAXIMUM         96    416 PM 103    2000  94      2       98
                                      1954
  MINIMUM         75    619 AM  58    1915  73      2       78
  AVERAGE         86                        84      2       88

PRECIPITATION (IN)
  TODAY            0.00          3.20 1892   0.10  -0.10      T
  MONTH TO DATE    0.29                      2.09  -1.80     0.08
  SINCE JUN 1      6.78                      8.97  -2.19     8.71
  SINCE JAN 1     30.06                     20.94   9.12    16.07

SNOWFALL (IN)
  TODAY            0.0
  MONTH TO DATE    0.0
  SINCE JUN 1      0.0
  SINCE JUL 1      0.0
  SNOW DEPTH       0

DEGREE DAYS
 HEATING
  TODAY            0                         0      0        0
  MONTH TO DATE    0                         0      0        0
  SINCE JUN 1      0                         0      0        0
  SINCE JUL 1      0                         0      0        0

 COOLING
  TODAY           21                        19      2       23
  MONTH TO DATE  700                       631     69      721
  SINCE JUN 1   1853                      1762     91     1896
  SINCE JAN 1   2498                      2391    107     2600
..................................................................


WIND (MPH)
  HIGHEST WIND SPEED    14   HIGHEST WIND DIRECTION     E (110)
  HIGHEST GUST SPEED    19   HIGHEST GUST DIRECTION    SE (120)
  AVERAGE WIND SPEED     6.1


SKY COVER
  AVERAGE SKY COVER 0.6


WEATHER CONDITIONS
 THE FOLLOWING WEATHER WAS RECORDED TODAY.
  NO SIGNIFICANT WEATHER WAS OBSERVED.


RELATIVE HUMIDITY (PERCENT)
 HIGHEST    87           600 AM
 LOWEST     27           400 PM
 AVERAGE    57

..........................................................


THE SAN ANTONIO CLIMATE NORMALS FOR TOMORROW
                         NORMAL    RECORD    YEAR
 MAXIMUM TEMPERATURE (F)   94       102      2000
                                             1951
 MINIMUM TEMPERATURE (F)   73        61      1915


SUNRISE AND SUNSET
AUGUST 31 2015........SUNRISE   711 AM CDT   SUNSET   757 PM CDT
SEPTEMBER  1 2015.....SUNRISE   711 AM CDT   SUNSET   756 PM CDT


-  INDICATES NEGATIVE NUMBERS.
R  INDICATES RECORD WAS SET OR TIED.
MM INDICATES DATA IS MISSING.
T  INDICATES TRACE AMOUNT.




$$
