000
CDUS44 KEWX 262223
CLISAT


CLIMATE REPORT
NATIONAL WEATHER SERVICE AUSTIN/SAN ANTONIO, TX
523 PM CDT THU MAY 26 2016


...................................

...THE SAN ANTONIO CLIMATE SUMMARY FOR MAY 26 2016...
VALID TODAY AS OF 520 PM LOCAL TIME.

CLIMATE NORMAL PERIOD 1981 TO 2010
CLIMATE RECORD PERIOD 1886 TO 2016


WEATHER ITEM   OBSERVED TIME   RECORD YEAR NORMAL DEPARTURE LAST
                VALUE   (LST)  VALUE       VALUE  FROM      YEAR
                                                  NORMAL
..................................................................
TEMPERATURE (F)
 TODAY
  MAXIMUM         91    359 PM 100    1989  89      2       90
  MINIMUM         78    634 AM  54    1947  69      9       69
  AVERAGE         85                        79      6       80

PRECIPITATION (IN)
  TODAY            T             3.27 1970   0.14  -0.14     0.00
  MONTH TO DATE    4.89                      3.25   1.64     7.05
  SINCE MAR 1     14.64                      7.66   6.98    17.56
  SINCE JAN 1     17.57                     11.21   6.36    21.76

SNOWFALL (IN)
  TODAY            0.0
  MONTH TO DATE    0.0
  SINCE MAR 1      T
  SINCE JUL 1      T
  SNOW DEPTH       0

DEGREE DAYS
 HEATING
  TODAY            0                         0      0        0
  MONTH TO DATE    1                         0      1        0
  SINCE MAR 1     89                       193   -104      179
  SINCE JUL 1   1038                      1494   -456     1494

 COOLING
  TODAY           20                        14      6       15
  MONTH TO DATE  255                       296    -41      294
  SINCE MAR 1    529                       529      0      565
  SINCE JAN 1    558                       555      3      578
..................................................................


WIND (MPH)
  HIGHEST WIND SPEED    21   HIGHEST WIND DIRECTION     S (170)
  HIGHEST GUST SPEED    25   HIGHEST GUST DIRECTION     S (170)
  AVERAGE WIND SPEED    12.9


SKY COVER
  AVERAGE SKY COVER 0.9


WEATHER CONDITIONS
 THE FOLLOWING WEATHER WAS RECORDED TODAY.
  LIGHT RAIN
  FOG


RELATIVE HUMIDITY (PERCENT)
 HIGHEST    91           200 AM
 LOWEST     56           400 PM
 AVERAGE    74

..........................................................


THE SAN ANTONIO CLIMATE NORMALS FOR TOMORROW
                         NORMAL    RECORD    YEAR
 MAXIMUM TEMPERATURE (F)   90       100      2011
 MINIMUM TEMPERATURE (F)   70        52      1901


SUNRISE AND SUNSET
MAY 26 2016...........SUNRISE   636 AM CDT   SUNSET   826 PM CDT
MAY 27 2016...........SUNRISE   636 AM CDT   SUNSET   827 PM CDT


-  INDICATES NEGATIVE NUMBERS.
R  INDICATES RECORD WAS SET OR TIED.
MM INDICATES DATA IS MISSING.
T  INDICATES TRACE AMOUNT.




$$
