000
CDUS44 KEWX 282232
CLISAT


CLIMATE REPORT
NATIONAL WEATHER SERVICE AUSTIN/SAN ANTONIO, TX
531 PM CDT MON JUL 28 2014

...................................

...THE SAN ANTONIO CLIMATE SUMMARY FOR JULY 28 2014...
VALID TODAY AS OF 0500 PM LOCAL TIME.

CLIMATE NORMAL PERIOD 1981 TO 2010
CLIMATE RECORD PERIOD 1886 TO 2014


WEATHER ITEM   OBSERVED TIME   RECORD YEAR NORMAL DEPARTURE LAST
                VALUE   (LST)  VALUE       VALUE  FROM      YEAR
                                                  NORMAL
..................................................................
TEMPERATURE (F)
 TODAY
  MAXIMUM         96    425 PM 103    1995  96      0      100
                                      1962
                                      1951
  MINIMUM         76    220 AM  67    1903  75      1       77
  AVERAGE         86                        85      1       89

PRECIPITATION (IN)
  TODAY            0.00          0.74 1934   0.06  -0.06     0.00
  MONTH TO DATE    3.24                      2.57   0.67     0.73
  SINCE JUN 1      8.62                      6.71   1.91     2.75
  SINCE JAN 1     15.98                     18.68  -2.70    22.59

SNOWFALL (IN)
  TODAY            0.0
  MONTH TO DATE    0.0
  SINCE JUN 1      0.0
  SINCE JUL 1      0.0
  SNOW DEPTH       0

DEGREE DAYS
 HEATING
  TODAY            0                         0      0        0
  MONTH TO DATE    0                         0      0        0
  SINCE JUN 1      0                         0      0        0
  SINCE JUL 1      0                         0      0        0

 COOLING
  TODAY           21                        20      1       24
  MONTH TO DATE  557                       546     11      584
  SINCE JUN 1   1108                      1069     39     1159
  SINCE JAN 1   1812                      1698    114     1776
..................................................................


WIND (MPH)
  HIGHEST WIND SPEED    13   HIGHEST WIND DIRECTION     S (190)
  HIGHEST GUST SPEED    17   HIGHEST GUST DIRECTION     S (180)
  AVERAGE WIND SPEED     8.2


SKY COVER
  AVERAGE SKY COVER 0.4


WEATHER CONDITIONS
 THE FOLLOWING WEATHER WAS RECORDED TODAY.
  NO SIGNIFICANT WEATHER WAS OBSERVED.


RELATIVE HUMIDITY (PERCENT)
 HIGHEST    88           500 AM
 LOWEST     33           400 PM
 AVERAGE    61

..........................................................


THE SAN ANTONIO CLIMATE NORMALS FOR TOMORROW
                         NORMAL    RECORD    YEAR
 MAXIMUM TEMPERATURE (F)   96       103      1946
                                             1912
 MINIMUM TEMPERATURE (F)   75        67      1994
                                             1903


SUNRISE AND SUNSET
JULY 28 2014..........SUNRISE   651 AM CDT   SUNSET   829 PM CDT
JULY 29 2014..........SUNRISE   652 AM CDT   SUNSET   828 PM CDT


-  INDICATES NEGATIVE NUMBERS.
R  INDICATES RECORD WAS SET OR TIED.
MM INDICATES DATA IS MISSING.
T  INDICATES TRACE AMOUNT.


$$
