000
CDUS44 KEWX 152250
CLISAT


CLIMATE REPORT
NATIONAL WEATHER SERVICE AUSTIN/SAN ANTONIO, TX
549 PM CDT MON SEP 15 2014


...................................

...THE SAN ANTONIO CLIMATE SUMMARY FOR SEPTEMBER 15 2014...
VALID TODAY AS OF 549 PM LOCAL TIME.

CLIMATE NORMAL PERIOD 1981 TO 2010
CLIMATE RECORD PERIOD 1886 TO 2014


WEATHER ITEM   OBSERVED TIME   RECORD YEAR NORMAL DEPARTURE LAST
                VALUE   (LST)  VALUE       VALUE  FROM      YEAR
                                                  NORMAL
..................................................................
TEMPERATURE (F)
 TODAY
  MAXIMUM         90    359 PM  98    1988  90      0       95
                                      1965
                                      1953
  MINIMUM         69    356 AM  57    1989  69      0       75
                                      1945
  AVERAGE         80                        80      0       85

PRECIPITATION (IN)
  TODAY            0.00          4.71 1946   0.10  -0.10     0.00
  MONTH TO DATE    0.51                      1.60  -1.09     0.42
  SINCE SEP 1      0.51                      1.60  -1.09     0.42
  SINCE JAN 1     16.58                     22.54  -5.96    23.86

SNOWFALL (IN)
  TODAY            0.0
  MONTH TO DATE    0.0
  SINCE SEP 1      0.0
  SINCE JUL 1      0.0
  SNOW DEPTH       0

DEGREE DAYS
 HEATING
  TODAY            0                         0      0        0
  MONTH TO DATE    0                         0      0        0
  SINCE SEP 1      0                         0      0        0
  SINCE JUL 1      0                         0      0        0

 COOLING
  TODAY           15                        15      0       20
  MONTH TO DATE  283                       253     30      326
  SINCE SEP 1    283                       253     30      326
  SINCE JAN 1   2883                      2644    239     2919
..................................................................


WIND (MPH)
  HIGHEST WIND SPEED    14   HIGHEST WIND DIRECTION     E (100)
  HIGHEST GUST SPEED    17   HIGHEST GUST DIRECTION     E (100)
  AVERAGE WIND SPEED     3.5


SKY COVER
  AVERAGE SKY COVER 0.8


WEATHER CONDITIONS
 THE FOLLOWING WEATHER WAS RECORDED TODAY.
  NO SIGNIFICANT WEATHER WAS OBSERVED.


RELATIVE HUMIDITY (PERCENT)
 HIGHEST    90           300 AM
 LOWEST     47           400 PM
 AVERAGE    69

..........................................................


THE SAN ANTONIO CLIMATE NORMALS FOR TOMORROW
                         NORMAL    RECORD    YEAR
 MAXIMUM TEMPERATURE (F)   90        99      1954
 MINIMUM TEMPERATURE (F)   69        55      1945


SUNRISE AND SUNSET
SEPTEMBER 15 2014.....SUNRISE   719 AM CDT   SUNSET   739 PM CDT
SEPTEMBER 16 2014.....SUNRISE   719 AM CDT   SUNSET   738 PM CDT


-  INDICATES NEGATIVE NUMBERS.
R  INDICATES RECORD WAS SET OR TIED.
MM INDICATES DATA IS MISSING.
T  INDICATES TRACE AMOUNT.




$$
