000
CDUS44 KEWX 240640
CLISAT


CLIMATE REPORT
NATIONAL WEATHER SERVICE AUSTIN/SAN ANTONIO, TX
138 AM CDT SUN MAY 24 2015


...................................

...THE SAN ANTONIO CLIMATE SUMMARY FOR MAY 23 2015...

CLIMATE NORMAL PERIOD 1981 TO 2010
CLIMATE RECORD PERIOD 1886 TO 2015


WEATHER ITEM   OBSERVED TIME   RECORD YEAR NORMAL DEPARTURE LAST
                VALUE   (LST)  VALUE       VALUE  FROM      YEAR
                                                  NORMAL
..................................................................
TEMPERATURE (F)
 YESTERDAY
  MAXIMUM         88   1248 PM  99    2008  89     -1       84
                                      1996
  MINIMUM         64    746 PM  53    1892  69     -5       73
  AVERAGE         76                        79     -3       79

PRECIPITATION (IN)
  YESTERDAY        2.81R         2.15 1975   0.14   2.67     0.01
  MONTH TO DATE    6.89                      2.84   4.05     2.85
  SINCE MAR 1     17.40                      7.25  10.15     4.59
  SINCE JAN 1     21.60                     10.80  10.80     5.24

SNOWFALL (IN)
  YESTERDAY        0.0
  MONTH TO DATE    0.0
  SINCE MAR 1      0.0
  SINCE JUL 1      T
  SNOW DEPTH       0

DEGREE DAYS
 HEATING
  YESTERDAY        0                         0      0        0
  MONTH TO DATE    0                         0      0        4
  SINCE MAR 1    179                       193    -14      232
  SINCE JUL 1   1494                      1494      0     1566

 COOLING
  YESTERDAY       11                        14     -3       14
  MONTH TO DATE  254                       254      0      235
  SINCE MAR 1    525                       487     38      532
  SINCE JAN 1    538                       513     25      597
..................................................................


WIND (MPH)
  HIGHEST WIND SPEED    38   HIGHEST WIND DIRECTION     W (290)
  HIGHEST GUST SPEED    50   HIGHEST GUST DIRECTION     W (290)
  AVERAGE WIND SPEED    11.5


SKY COVER
  AVERAGE SKY COVER 0.9


WEATHER CONDITIONS
 THE FOLLOWING WEATHER WAS RECORDED YESTERDAY.
  THUNDERSTORM
  HEAVY RAIN
  RAIN
  LIGHT RAIN
  FOG
  HAZE


RELATIVE HUMIDITY (PERCENT)
 HIGHEST    94           100 AM
 LOWEST     59           100 PM
 AVERAGE    77

..........................................................


THE SAN ANTONIO CLIMATE NORMALS FOR TODAY
                         NORMAL    RECORD    YEAR
 MAXIMUM TEMPERATURE (F)   89       101      1989
                                             1955
                                             1925
 MINIMUM TEMPERATURE (F)   69        55      1967
                                             1910


SUNRISE AND SUNSET
MAY 24 2015...........SUNRISE   637 AM CDT   SUNSET   825 PM CDT
MAY 25 2015...........SUNRISE   636 AM CDT   SUNSET   825 PM CDT


-  INDICATES NEGATIVE NUMBERS.
R  INDICATES RECORD WAS SET OR TIED.
MM INDICATES DATA IS MISSING.
T  INDICATES TRACE AMOUNT.




$$
