574
CDUS44 KEWX 202252
CLISAT


CLIMATE REPORT
NATIONAL WEATHER SERVICE AUSTIN/SAN ANTONIO, TX
552 PM CDT WED SEP 20 2017


...................................

...THE SAN ANTONIO CLIMATE SUMMARY FOR SEPTEMBER 20 2017...
VALID TODAY AS OF 0500 PM LOCAL TIME.

CLIMATE NORMAL PERIOD 1981 TO 2010
CLIMATE RECORD PERIOD 1886 TO 2017


WEATHER ITEM   OBSERVED TIME   RECORD YEAR NORMAL DEPARTURE LAST
                VALUE   (LST)  VALUE       VALUE  FROM      YEAR
                                                  NORMAL
..................................................................
TEMPERATURE (F)
 TODAY
  MAXIMUM         97    301 PM 100    1947  89      8       96
  MINIMUM         78    651 AM  51    1981  68     10       78
  AVERAGE         88                        78     10       87

PRECIPITATION (IN)
  TODAY            0.00          3.21 1995   0.10  -0.10     0.00
  MONTH TO DATE    0.00                      2.08  -2.08     0.19
  SINCE SEP 1      0.00                      2.08  -2.08     0.19
  SINCE JAN 1     19.50                     23.02  -3.52    29.64

SNOWFALL (IN)
  TODAY            0.0
  MONTH TO DATE    0.0
  SINCE SEP 1      0.0
  SINCE JUL 1      0.0
  SNOW DEPTH       0

DEGREE DAYS
 HEATING
  TODAY            0                         0      0        0
  MONTH TO DATE    0                         0      0        0
  SINCE SEP 1      0                         0      0        0
  SINCE JUL 1      0                         0      0        0

 COOLING
  TODAY           23                        13     10       22
  MONTH TO DATE  299                       323    -24      380
  SINCE SEP 1    299                       323    -24      380
  SINCE JAN 1   2948                      2714    234     2806
..................................................................


WIND (MPH)
  HIGHEST WIND SPEED    17   HIGHEST WIND DIRECTION    SE (130)
  HIGHEST GUST SPEED    28   HIGHEST GUST DIRECTION    SE (140)
  AVERAGE WIND SPEED    11.8


SKY COVER
  AVERAGE SKY COVER 0.7


WEATHER CONDITIONS
 THE FOLLOWING WEATHER WAS RECORDED TODAY.
  NO SIGNIFICANT WEATHER WAS OBSERVED.


RELATIVE HUMIDITY (PERCENT)
 HIGHEST    85           200 AM
 LOWEST     40           300 PM
 AVERAGE    63

..........................................................


THE SAN ANTONIO CLIMATE NORMALS FOR TOMORROW
                         NORMAL    RECORD    YEAR
 MAXIMUM TEMPERATURE (F)   89       100      1909
 MINIMUM TEMPERATURE (F)   68        53      1913


SUNRISE AND SUNSET
SEPTEMBER 20 2017.....SUNRISE   721 AM CDT   SUNSET   732 PM CDT
SEPTEMBER 21 2017.....SUNRISE   722 AM CDT   SUNSET   731 PM CDT


-  INDICATES NEGATIVE NUMBERS.
R  INDICATES RECORD WAS SET OR TIED.
MM INDICATES DATA IS MISSING.
T  INDICATES TRACE AMOUNT.




$$
