000
CDUS44 KEWX 240702
CLISAT


CLIMATE REPORT
NATIONAL WEATHER SERVICE AUSTIN/SAN ANTONIO, TX
202 AM CDT THU JUL 24 2014


...................................

...THE SAN ANTONIO CLIMATE SUMMARY FOR JULY 23 2014...

CLIMATE NORMAL PERIOD 1981 TO 2010
CLIMATE RECORD PERIOD 1886 TO 2014


WEATHER ITEM   OBSERVED TIME   RECORD YEAR NORMAL DEPARTURE LAST
                VALUE   (LST)  VALUE       VALUE  FROM      YEAR
                                                  NORMAL
..................................................................
TEMPERATURE (F)
 YESTERDAY
  MAXIMUM         97    354 PM 103    1994  95      2       99
                                      1898
  MINIMUM         77    623 AM  67    1989  75      2       80
                                      1988
  AVERAGE         87                        85      2       90

PRECIPITATION (IN)
  YESTERDAY        0.00          1.72 1919   0.06  -0.06     0.00
  MONTH TO DATE    3.24                      2.28   0.96     0.68
  SINCE JUN 1      8.62                      6.42   2.20     2.70
  SINCE JAN 1     15.98                     18.39  -2.41    22.54

SNOWFALL (IN)
  YESTERDAY        0.0
  MONTH TO DATE    0.0
  SINCE JUN 1      0.0
  SINCE JUL 1      0.0
  SNOW DEPTH       0

DEGREE DAYS
 HEATING
  YESTERDAY        0                         0      0        0
  MONTH TO DATE    0                         0      0        0
  SINCE JUN 1      0                         0      0        0
  SINCE JUL 1      0                         0      0        0

 COOLING
  YESTERDAY       22                        20      2       25
  MONTH TO DATE  450                       446      4      467
  SINCE JUN 1   1001                       969     32     1042
  SINCE JAN 1   1705                      1598    107     1659
..................................................................


WIND (MPH)
  HIGHEST WIND SPEED    13   HIGHEST WIND DIRECTION     E (100)
  HIGHEST GUST SPEED    19   HIGHEST GUST DIRECTION     E (70)
  AVERAGE WIND SPEED     4.3


SKY COVER
  AVERAGE SKY COVER 0.4


WEATHER CONDITIONS
 THE FOLLOWING WEATHER WAS RECORDED YESTERDAY.
  FOG


RELATIVE HUMIDITY (PERCENT)
 HIGHEST    91           400 AM
 LOWEST     38           400 PM
 AVERAGE    65

..........................................................


THE SAN ANTONIO CLIMATE NORMALS FOR TODAY
                         NORMAL    RECORD    YEAR
 MAXIMUM TEMPERATURE (F)   95       104      1934
 MINIMUM TEMPERATURE (F)   75        65      1942


SUNRISE AND SUNSET
JULY 24 2014..........SUNRISE   649 AM CDT   SUNSET   831 PM CDT
JULY 25 2014..........SUNRISE   650 AM CDT   SUNSET   831 PM CDT


-  INDICATES NEGATIVE NUMBERS.
R  INDICATES RECORD WAS SET OR TIED.
MM INDICATES DATA IS MISSING.
T  INDICATES TRACE AMOUNT.




$$
