000
CDUS44 KEWX 272253
CLISAT


CLIMATE REPORT
NATIONAL WEATHER SERVICE AUSTIN/SAN ANTONIO, TX
552 PM CDT SAT MAY 27 2017


...................................

...THE SAN ANTONIO CLIMATE SUMMARY FOR MAY 27 2017...
VALID TODAY AS OF 0552 PM LOCAL TIME.

CLIMATE NORMAL PERIOD 1981 TO 2010
CLIMATE RECORD PERIOD 1886 TO 2017


WEATHER ITEM   OBSERVED TIME   RECORD YEAR NORMAL DEPARTURE LAST
                VALUE   (LST)  VALUE       VALUE  FROM      YEAR
                                                  NORMAL
..................................................................
TEMPERATURE (F)
 TODAY
  MAXIMUM         97    401 PM 100    2011  90      7       93
  MINIMUM         78    639 AM  52    1901  70      8       69
  AVERAGE         88                        80      8       81

PRECIPITATION (IN)
  TODAY            0.00          4.26 1957   0.15  -0.15     0.00
  MONTH TO DATE    0.77                      3.40  -2.63     4.89
  SINCE MAR 1      5.75                      7.81  -2.06    14.64
  SINCE JAN 1     12.08                     11.36   0.72    17.57

SNOWFALL (IN)
  TODAY            0.0
  MONTH TO DATE    0.0
  SINCE MAR 1      0.0
  SINCE JUL 1      0.0
  SNOW DEPTH       0

DEGREE DAYS
 HEATING
  TODAY            0                         0      0        0
  MONTH TO DATE    0                         0      0        1
  SINCE MAR 1     60                       193   -133       89
  SINCE JUL 1    778                      1494   -716     1038

 COOLING
  TODAY           23                        14      9       16
  MONTH TO DATE  283                       310    -27      271
  SINCE MAR 1    616                       543     73      545
  SINCE JAN 1    716                       569    147      574
..................................................................


WIND (MPH)
  HIGHEST WIND SPEED    18   HIGHEST WIND DIRECTION    SE (150)
  HIGHEST GUST SPEED    23   HIGHEST GUST DIRECTION     S (160)
  AVERAGE WIND SPEED    12.0


SKY COVER
  AVERAGE SKY COVER 0.8


WEATHER CONDITIONS
 THE FOLLOWING WEATHER WAS RECORDED TODAY.
  FOG
  HAZE


RELATIVE HUMIDITY (PERCENT)
 HIGHEST    91           100 AM
 LOWEST     45           400 PM
 AVERAGE    68

..........................................................


THE SAN ANTONIO CLIMATE NORMALS FOR TOMORROW
                         NORMAL    RECORD    YEAR
 MAXIMUM TEMPERATURE (F)   90       103      1927
 MINIMUM TEMPERATURE (F)   70        55      1976


SUNRISE AND SUNSET
MAY 27 2017...........SUNRISE   636 AM CDT   SUNSET   827 PM CDT
MAY 28 2017...........SUNRISE   635 AM CDT   SUNSET   827 PM CDT


-  INDICATES NEGATIVE NUMBERS.
R  INDICATES RECORD WAS SET OR TIED.
MM INDICATES DATA IS MISSING.
T  INDICATES TRACE AMOUNT.




$$
