000
CDUS44 KEWX 050707
CLISAT


CLIMATE REPORT
NATIONAL WEATHER SERVICE AUSTIN/SAN ANTONIO, TX
102 AM CST THU MAR 5 2015


...................................

...THE SAN ANTONIO CLIMATE SUMMARY FOR MARCH 4 2015...

CLIMATE NORMAL PERIOD 1981 TO 2010
CLIMATE RECORD PERIOD 1886 TO 2015


WEATHER ITEM   OBSERVED TIME   RECORD YEAR NORMAL DEPARTURE LAST
                VALUE   (LST)  VALUE       VALUE  FROM      YEAR
                                                  NORMAL
..................................................................
TEMPERATURE (F)
 YESTERDAY
  MAXIMUM         69    546 PM  95    1901  71     -2       49
  MINIMUM         38   1159 PM  19    2002  48    -10       34
  AVERAGE         54                        59     -5       42

PRECIPITATION (IN)
  YESTERDAY        0.03          1.09 1992   0.07  -0.04      T
  MONTH TO DATE    0.22                      0.30  -0.08     0.01
  SINCE MAR 1      0.22                      0.30  -0.08     0.01
  SINCE JAN 1      4.42                      3.85   0.57     0.66

SNOWFALL (IN)
  YESTERDAY        0.0
  MONTH TO DATE    0.0
  SINCE MAR 1      0.0
  SINCE JUL 1      T
  SNOW DEPTH       0

DEGREE DAYS
 HEATING
  YESTERDAY       11                         7      4       23
  MONTH TO DATE   64                        29     35       59
  SINCE MAR 1     64                        29     35       59
  SINCE JUL 1   1379                      1330     49     1393

 COOLING
  YESTERDAY        0                         1     -1        0
  MONTH TO DATE    0                         4     -4        2
  SINCE MAR 1      0                         4     -4        2
  SINCE JAN 1     13                        30    -17       67
..................................................................


WIND (MPH)
  HIGHEST WIND SPEED    30   HIGHEST WIND DIRECTION     N (360)
  HIGHEST GUST SPEED    41   HIGHEST GUST DIRECTION     N (360)
  AVERAGE WIND SPEED     9.7


SKY COVER
  AVERAGE SKY COVER 1.0


WEATHER CONDITIONS
 THE FOLLOWING WEATHER WAS RECORDED YESTERDAY.
  LIGHT RAIN
  FOG
  FOG W/VISIBILITY <= 1/4 MILE


RELATIVE HUMIDITY (PERCENT)
 HIGHEST   100           300 AM
 LOWEST     83           700 PM
 AVERAGE    92

..........................................................


THE SAN ANTONIO CLIMATE NORMALS FOR TODAY
                         NORMAL    RECORD    YEAR
 MAXIMUM TEMPERATURE (F)   71        94      1991
 MINIMUM TEMPERATURE (F)   48        26      1966


SUNRISE AND SUNSET
MARCH  5 2015.........SUNRISE   655 AM CST   SUNSET   636 PM CST
MARCH  6 2015.........SUNRISE   654 AM CST   SUNSET   636 PM CST


-  INDICATES NEGATIVE NUMBERS.
R  INDICATES RECORD WAS SET OR TIED.
MM INDICATES DATA IS MISSING.
T  INDICATES TRACE AMOUNT.




$$
