000
CDUS42 KCHS 170618
CLISAV


CLIMATE REPORT
NATIONAL WEATHER SERVICE CHARLESTON SC
217 AM EDT TUE OCT 17 2017


...................................

...THE SAVANNAH GA CLIMATE SUMMARY FOR OCTOBER 16 2017...

CLIMATE NORMAL PERIOD 1981 TO 2010
CLIMATE RECORD PERIOD 1871 TO 2017


WEATHER ITEM   OBSERVED TIME   RECORD YEAR NORMAL DEPARTURE LAST
                VALUE   (LST)  VALUE       VALUE  FROM      YEAR
                                                  NORMAL
..................................................................
TEMPERATURE (F)
 YESTERDAY
  MAXIMUM         88    144 PM  90    1941  78     10       83
  MINIMUM         63   1159 PM  41    1978  57      6       62
                                      1961
  AVERAGE         76                        68      8       73

PRECIPITATION (IN)
  YESTERDAY        0.28          2.08 1933   0.13   0.15     0.00
  MONTH TO DATE    0.93                      2.27  -1.34    11.60
  SINCE SEP 1      6.52                      6.85  -0.33    16.59
  SINCE JAN 1     48.88                     41.22   7.66    50.96

SNOWFALL (IN)
  YESTERDAY        0.0                       0.0    0.0
  SINCE SEP 1      0.0                       0.0    0.0
  SINCE JUL 1      0.0                       0.0    0.0

DEGREE DAYS
 HEATING
  YESTERDAY        0                         2     -2        0
  MONTH TO DATE    0                        16    -16        0
  SINCE SEP 1      0                        18    -18        0
  SINCE JUL 1      0                        18    -18        0

 COOLING
  YESTERDAY       11                         4      7        8
  MONTH TO DATE  211                       100    111      118
  SINCE SEP 1    633                       459    174      561
  SINCE JAN 1   2893                      2366    527     2871
..................................................................


WIND (MPH)
  HIGHEST WIND SPEED    25   HIGHEST WIND DIRECTION     N (20)
  HIGHEST GUST SPEED    33   HIGHEST GUST DIRECTION     N (20)
  AVERAGE WIND SPEED     7.2


SKY COVER
  POSSIBLE SUNSHINE  MM
  AVERAGE SKY COVER 0.7


WEATHER CONDITIONS
 THE FOLLOWING WEATHER WAS RECORDED YESTERDAY.
  THUNDERSTORM
  HEAVY RAIN
  RAIN
  LIGHT RAIN
  FOG
  FOG W/VISIBILITY <= 1/4 MILE
  HAZE


RELATIVE HUMIDITY (PERCENT)
 HIGHEST   100           100 AM
 LOWEST     55           200 PM
 AVERAGE    78

..........................................................


THE SAVANNAH GA CLIMATE NORMALS FOR TODAY
                         NORMAL    RECORD    YEAR
 MAXIMUM TEMPERATURE (F)   78        91      1925
 MINIMUM TEMPERATURE (F)   57        39      1977
                                             1954


SUNRISE AND SUNSET
OCTOBER 17 2017.......SUNRISE   730 AM EDT   SUNSET   650 PM EDT
OCTOBER 18 2017.......SUNRISE   731 AM EDT   SUNSET   649 PM EDT


-  INDICATES NEGATIVE NUMBERS.
R  INDICATES RECORD WAS SET OR TIED.
MM INDICATES DATA IS MISSING.
T  INDICATES TRACE AMOUNT.




$$
