000
CDUS42 KCHS 200610
CLISAV


CLIMATE REPORT
NATIONAL WEATHER SERVICE CHARLESTON SC
210 AM EDT SUN AUG 20 2017


...................................

...THE SAVANNAH GA CLIMATE SUMMARY FOR AUGUST 19 2017...

CLIMATE NORMAL PERIOD 1981 TO 2010
CLIMATE RECORD PERIOD 1871 TO 2017


WEATHER ITEM   OBSERVED TIME   RECORD YEAR NORMAL DEPARTURE LAST
                VALUE   (LST)  VALUE       VALUE  FROM      YEAR
                                                  NORMAL
..................................................................
TEMPERATURE (F)
 YESTERDAY
  MAXIMUM         97    243 PM  99    1900  90      7       95
                                      1899
                                      1878
  MINIMUM         76    612 AM  64    1960  72      4       74
                                      1889
  AVERAGE         87                        81      6       85

PRECIPITATION (IN)
  YESTERDAY        0.00          8.12 1871   0.21  -0.21     0.17
  MONTH TO DATE    3.45                      4.05  -0.60     2.93
  SINCE JUN 1     16.31                     15.60   0.71    11.10
  SINCE JAN 1     40.06                     31.86   8.20    33.77

DEGREE DAYS
 HEATING
  YESTERDAY        0                         0      0        0
  MONTH TO DATE    0                         0      0        0
  SINCE JUN 1      0                         0      0        0
  SINCE JUL 1      0                         0      0        0

 COOLING
  YESTERDAY       22                        16      6       20
  MONTH TO DATE  360                       322     38      381
  SINCE JUN 1   1387                      1314     73     1558
  SINCE JAN 1   2061                      1717    344     2086
..................................................................


WIND (MPH)
  HIGHEST WIND SPEED    13   HIGHEST WIND DIRECTION     S (180)
  HIGHEST GUST SPEED    16   HIGHEST GUST DIRECTION     S (180)
  AVERAGE WIND SPEED     4.9


SKY COVER
  POSSIBLE SUNSHINE  MM
  AVERAGE SKY COVER 0.4


WEATHER CONDITIONS
 THE FOLLOWING WEATHER WAS RECORDED YESTERDAY.
  NO SIGNIFICANT WEATHER WAS OBSERVED.


RELATIVE HUMIDITY (PERCENT)
 HIGHEST    94           500 AM
 LOWEST     41           500 PM
 AVERAGE    68

..........................................................


THE SAVANNAH GA CLIMATE NORMALS FOR TODAY
                         NORMAL    RECORD    YEAR
 MAXIMUM TEMPERATURE (F)   90       102      1900
 MINIMUM TEMPERATURE (F)   72        65      1961
                                             1948


SUNRISE AND SUNSET
AUGUST 20 2017........SUNRISE   653 AM EDT   SUNSET   803 PM EDT
AUGUST 21 2017........SUNRISE   653 AM EDT   SUNSET   802 PM EDT


-  INDICATES NEGATIVE NUMBERS.
R  INDICATES RECORD WAS SET OR TIED.
MM INDICATES DATA IS MISSING.
T  INDICATES TRACE AMOUNT.




$$
