000
CDUS42 KCHS 260614
CLISAV


CLIMATE REPORT
NATIONAL WEATHER SERVICE CHARLESTON SC
214 AM EDT MON SEP 26 2016


...................................

...THE SAVANNAH GA CLIMATE SUMMARY FOR SEPTEMBER 25 2016...

CLIMATE NORMAL PERIOD 1981 TO 2010
CLIMATE RECORD PERIOD 1871 TO 2016


WEATHER ITEM   OBSERVED TIME   RECORD YEAR NORMAL DEPARTURE LAST
                VALUE   (LST)  VALUE       VALUE  FROM      YEAR
                                                  NORMAL
..................................................................
TEMPERATURE (F)
 YESTERDAY
  MAXIMUM         90   1248 PM  95    1986  84      6       80
  MINIMUM         72    601 AM  50    1990  65      7       61
                                      1887
  AVERAGE         81                        74      7       71

PRECIPITATION (IN)
  YESTERDAY        0.00          4.57 1890   0.12  -0.12     0.00
  MONTH TO DATE    3.61                      3.86  -0.25     1.86
  SINCE SEP 1      3.61                      3.86  -0.25     1.86
  SINCE JAN 1     37.98                     38.23  -0.25    38.02

DEGREE DAYS
 HEATING
  YESTERDAY        0                         0      0        0
  MONTH TO DATE    0                         0      0        0
  SINCE SEP 1      0                         0      0        0
  SINCE JUL 1      0                         0      0        0

 COOLING
  YESTERDAY       16                        10      6        6
  MONTH TO DATE  373                       315     58      311
  SINCE SEP 1    373                       315     58      311
  SINCE JAN 1   2683                      2222    461     2465
..................................................................


WIND (MPH)
  HIGHEST WIND SPEED    14   HIGHEST WIND DIRECTION     E (100)
  HIGHEST GUST SPEED    20   HIGHEST GUST DIRECTION     E (100)
  AVERAGE WIND SPEED     5.8


SKY COVER
  POSSIBLE SUNSHINE  MM
  AVERAGE SKY COVER 0.5


WEATHER CONDITIONS
 THE FOLLOWING WEATHER WAS RECORDED YESTERDAY.
  FOG


RELATIVE HUMIDITY (PERCENT)
 HIGHEST    94          1000 PM
 LOWEST     46           100 PM
 AVERAGE    70

..........................................................


THE SAVANNAH GA CLIMATE NORMALS FOR TODAY
                         NORMAL    RECORD    YEAR
 MAXIMUM TEMPERATURE (F)   84        95      1961
 MINIMUM TEMPERATURE (F)   65        51      1940


SUNRISE AND SUNSET
SEPTEMBER 26 2016.....SUNRISE   716 AM EDT   SUNSET   715 PM EDT
SEPTEMBER 27 2016.....SUNRISE   716 AM EDT   SUNSET   714 PM EDT


-  INDICATES NEGATIVE NUMBERS.
R  INDICATES RECORD WAS SET OR TIED.
MM INDICATES DATA IS MISSING.
T  INDICATES TRACE AMOUNT.




$$
