000
CDUS42 KCHS 262208
CLISAV


CLIMATE REPORT
NATIONAL WEATHER SERVICE CHARLESTON SC
508 PM EST WED NOV 26 2014


...................................

...THE SAVANNAH GA CLIMATE SUMMARY FOR NOVEMBER 26 2014...
VALID TODAY AS OF 0500 PM LOCAL TIME.

CLIMATE NORMAL PERIOD 1981 TO 2010
CLIMATE RECORD PERIOD 1871 TO 2014


WEATHER ITEM   OBSERVED TIME   RECORD YEAR NORMAL DEPARTURE LAST
                VALUE   (LST)  VALUE       VALUE  FROM      YEAR
                                                  NORMAL
..................................................................
TEMPERATURE (F)
 TODAY
  MAXIMUM         62    419 PM  84    1973  68     -6       71
  MINIMUM         51    729 AM  21    1950  45      6       47
  AVERAGE         57                        56      1       59

PRECIPITATION (IN)
  TODAY            0.28          2.16 1976   0.08   0.20     1.25
  MONTH TO DATE    4.64                      2.05   2.59     2.47
  SINCE SEP 1     11.48                     10.32   1.16     4.48
  SINCE JAN 1     46.54                     44.69   1.85    51.65

SNOWFALL (IN)
  TODAY            0.0                       0.0    0.0
  SINCE SEP 1      0.0                       0.0    0.0
  SINCE JUL 1      0.0                       0.0    0.0

DEGREE DAYS
 HEATING
  TODAY            8                         9     -1        6
  MONTH TO DATE  212                       169     43      155
  SINCE SEP 1    231                       226      5      189
  SINCE JUL 1    231                       226      5      189

 COOLING
  TODAY            0                         1     -1        0
  MONTH TO DATE   23                        36    -13       42
  SINCE SEP 1    613                       541     72      604
  SINCE JAN 1   2726                      2448    278     2453
..................................................................


WIND (MPH)
  HIGHEST WIND SPEED    22   HIGHEST WIND DIRECTION    NW (330)
  HIGHEST GUST SPEED    30   HIGHEST GUST DIRECTION    NW (330)
  AVERAGE WIND SPEED    11.2


SKY COVER
  POSSIBLE SUNSHINE  MM
  AVERAGE SKY COVER 0.9


WEATHER CONDITIONS
 THE FOLLOWING WEATHER WAS RECORDED TODAY.
  RAIN
  LIGHT RAIN
  FOG
  HAZE


RELATIVE HUMIDITY (PERCENT)
 HIGHEST    90          1200 AM
 LOWEST     48           400 PM
 AVERAGE    69

..........................................................


THE SAVANNAH GA CLIMATE NORMALS FOR TOMORROW
                         NORMAL    RECORD    YEAR
 MAXIMUM TEMPERATURE (F)   67        82      1973
 MINIMUM TEMPERATURE (F)   45        28      1903


SUNRISE AND SUNSET
NOVEMBER 26 2014......SUNRISE   703 AM EST   SUNSET   521 PM EST
NOVEMBER 27 2014......SUNRISE   704 AM EST   SUNSET   520 PM EST


-  INDICATES NEGATIVE NUMBERS.
R  INDICATES RECORD WAS SET OR TIED.
MM INDICATES DATA IS MISSING.
T  INDICATES TRACE AMOUNT.




$$
