000
CDUS42 KCHS 040602
CLISAV


CLIMATE REPORT
NATIONAL WEATHER SERVICE CHARLESTON SC
202 AM EDT WED MAY 4 2016


...................................

...THE SAVANNAH GA CLIMATE SUMMARY FOR MAY 3 2016...

CLIMATE NORMAL PERIOD 1981 TO 2010
CLIMATE RECORD PERIOD 1871 TO 2016


WEATHER ITEM   OBSERVED TIME   RECORD YEAR NORMAL DEPARTURE LAST
                VALUE   (LST)  VALUE       VALUE  FROM      YEAR
                                                  NORMAL
..................................................................
TEMPERATURE (F)
 YESTERDAY
  MAXIMUM         88    428 PM  94    1959  82      6       81
                                      1951
                                      1901
  MINIMUM         66   1107 PM  47    1999  58      8       55
                                      1939
  AVERAGE         77                        70      7       68

PRECIPITATION (IN)
  YESTERDAY        0.07          1.64 1978   0.08  -0.01     0.00
  MONTH TO DATE    0.93                      0.24   0.69     0.00
  SINCE MAR 1      8.20                      7.04   1.16     8.54
  SINCE JAN 1     14.61                     13.52   1.09    16.10

DEGREE DAYS
 HEATING
  YESTERDAY        0                         1     -1        0
  MONTH TO DATE    0                         3     -3        2
  SINCE MAR 1    142                       289   -147      158
  SINCE JUL 1   1211                      1806   -595     1693

 COOLING
  YESTERDAY       12                         6      6        3
  MONTH TO DATE   39                        16     23        3
  SINCE MAR 1    254                       142    112      240
  SINCE JAN 1    275                       152    123      245
..................................................................


WIND (MPH)
  HIGHEST WIND SPEED    22   HIGHEST WIND DIRECTION     W (280)
  HIGHEST GUST SPEED    36   HIGHEST GUST DIRECTION     W (290)
  AVERAGE WIND SPEED     8.2


SKY COVER
  POSSIBLE SUNSHINE  MM
  AVERAGE SKY COVER 0.7


WEATHER CONDITIONS
 THE FOLLOWING WEATHER WAS RECORDED YESTERDAY.
  THUNDERSTORM
  HEAVY RAIN
  FOG


RELATIVE HUMIDITY (PERCENT)
 HIGHEST    93          1200 AM
 LOWEST     46           400 PM
 AVERAGE    70

..........................................................


THE SAVANNAH GA CLIMATE NORMALS FOR TODAY
                         NORMAL    RECORD    YEAR
 MAXIMUM TEMPERATURE (F)   82        96      1902
 MINIMUM TEMPERATURE (F)   58        40      1971


SUNRISE AND SUNSET
MAY  4 2016...........SUNRISE   635 AM EDT   SUNSET   808 PM EDT
MAY  5 2016...........SUNRISE   635 AM EDT   SUNSET   809 PM EDT


-  INDICATES NEGATIVE NUMBERS.
R  INDICATES RECORD WAS SET OR TIED.
MM INDICATES DATA IS MISSING.
T  INDICATES TRACE AMOUNT.




$$
