000
CDUS42 KCHS 040638
CLISAV


CLIMATE REPORT
NATIONAL WEATHER SERVICE CHARLESTON SC
238 AM EDT SAT JUL 4 2015


...................................

...THE SAVANNAH GA CLIMATE SUMMARY FOR JULY 3 2015...

CLIMATE NORMAL PERIOD 1981 TO 2010
CLIMATE RECORD PERIOD 1871 TO 2015


WEATHER ITEM   OBSERVED TIME   RECORD YEAR NORMAL DEPARTURE LAST
                VALUE   (LST)  VALUE       VALUE  FROM      YEAR
                                                  NORMAL
..................................................................
TEMPERATURE (F)
 YESTERDAY
  MAXIMUM         94    318 PM  98    1993  92      2       96
                                      1960
                                      1927
  MINIMUM         71    553 AM  62    2010  72     -1       76
  AVERAGE         83                        82      1       86

PRECIPITATION (IN)
  YESTERDAY        0.00          3.05 1874   0.16  -0.16      T
  MONTH TO DATE    0.08                      0.49  -0.41      T
  SINCE JUN 1      5.71                      6.44  -0.73    11.64
  SINCE JAN 1     23.04                     22.70   0.34    27.43

DEGREE DAYS
 HEATING
  YESTERDAY        0                         0      0        0
  MONTH TO DATE    0                         0      0        0
  SINCE JUN 1      0                         0      0        0
  SINCE JUL 1      0                         0      0        0

 COOLING
  YESTERDAY       18                        17      1       21
  MONTH TO DATE   52                        51      1       58
  SINCE JUN 1    558                       497     61      549
  SINCE JAN 1   1093                       900    193     1038
..................................................................


WIND (MPH)
  HIGHEST WIND SPEED    22   HIGHEST WIND DIRECTION     W (260)
  HIGHEST GUST SPEED    31   HIGHEST GUST DIRECTION     W (270)
  AVERAGE WIND SPEED     9.5


SKY COVER
  POSSIBLE SUNSHINE  MM
  AVERAGE SKY COVER 0.4


WEATHER CONDITIONS
 THE FOLLOWING WEATHER WAS RECORDED YESTERDAY.
  NO SIGNIFICANT WEATHER WAS OBSERVED.


RELATIVE HUMIDITY (PERCENT)
 HIGHEST    93          1200 AM
 LOWEST     39           300 PM
 AVERAGE    66

..........................................................


THE SAVANNAH GA CLIMATE NORMALS FOR TODAY
                         NORMAL    RECORD    YEAR
 MAXIMUM TEMPERATURE (F)   92        99      1997
                                             1979
                                             1954
 MINIMUM TEMPERATURE (F)   72        61      1933


SUNRISE AND SUNSET
JULY  4 2015..........SUNRISE   623 AM EDT   SUNSET   835 PM EDT
JULY  5 2015..........SUNRISE   624 AM EDT   SUNSET   835 PM EDT


-  INDICATES NEGATIVE NUMBERS.
R  INDICATES RECORD WAS SET OR TIED.
MM INDICATES DATA IS MISSING.
T  INDICATES TRACE AMOUNT.




$$
