000
CDUS42 KCHS 290619
CLISAV


CLIMATE REPORT
NATIONAL WEATHER SERVICE CHARLESTON SC
219 AM EDT MON AUG 29 2016


...................................

...THE SAVANNAH GA CLIMATE SUMMARY FOR AUGUST 28 2016...

CLIMATE NORMAL PERIOD 1981 TO 2010
CLIMATE RECORD PERIOD 1871 TO 2016


WEATHER ITEM   OBSERVED TIME   RECORD YEAR NORMAL DEPARTURE LAST
                VALUE   (LST)  VALUE       VALUE  FROM      YEAR
                                                  NORMAL
..................................................................
TEMPERATURE (F)
 YESTERDAY
  MAXIMUM         94    235 PM  99    1903  89      5       86
  MINIMUM         74    602 AM  60    1927  72      2       73
  AVERAGE         84                        80      4       80

PRECIPITATION (IN)
  YESTERDAY        0.00          4.61 1964   0.21  -0.21     0.03
  MONTH TO DATE    3.00                      5.98  -2.98     5.94
  SINCE JUN 1     11.17                     17.53  -6.36    16.93
  SINCE JAN 1     33.84                     33.79   0.05    34.26

DEGREE DAYS
 HEATING
  YESTERDAY        0                         0      0        0
  MONTH TO DATE    0                         0      0        0
  SINCE JUN 1      0                         0      0        0
  SINCE JUL 1      0                         0      0        0

 COOLING
  YESTERDAY       19                        15      4       15
  MONTH TO DATE  552                       465     87      485
  SINCE JUN 1   1729                      1457    272     1577
  SINCE JAN 1   2257                      1860    397     2112
..................................................................


WIND (MPH)
  HIGHEST WIND SPEED    20   HIGHEST WIND DIRECTION     E (110)
  HIGHEST GUST SPEED    25   HIGHEST GUST DIRECTION    SE (120)
  AVERAGE WIND SPEED     8.5


SKY COVER
  POSSIBLE SUNSHINE  MM
  AVERAGE SKY COVER 0.5


WEATHER CONDITIONS
 THE FOLLOWING WEATHER WAS RECORDED YESTERDAY.
  THUNDERSTORM


RELATIVE HUMIDITY (PERCENT)
 HIGHEST    94           200 AM
 LOWEST     46           200 PM
 AVERAGE    70

..........................................................


THE SAVANNAH GA CLIMATE NORMALS FOR TODAY
                         NORMAL    RECORD    YEAR
 MAXIMUM TEMPERATURE (F)   89        98      1990
                                             1983
                                             1943
 MINIMUM TEMPERATURE (F)   72        57      1986


SUNRISE AND SUNSET
AUGUST 29 2016........SUNRISE   658 AM EDT   SUNSET   752 PM EDT
AUGUST 30 2016........SUNRISE   659 AM EDT   SUNSET   751 PM EDT


-  INDICATES NEGATIVE NUMBERS.
R  INDICATES RECORD WAS SET OR TIED.
MM INDICATES DATA IS MISSING.
T  INDICATES TRACE AMOUNT.




$$
