000
CDUS42 KCHS 022118
CLISAV


CLIMATE REPORT
NATIONAL WEATHER SERVICE CHARLESTON SC
513 PM EDT TUE JUN 2 2015


...................................

...THE SAVANNAH GA CLIMATE SUMMARY FOR JUNE 2 2015...
VALID TODAY AS OF 0500 PM LOCAL TIME.

CLIMATE NORMAL PERIOD 1981 TO 2010
CLIMATE RECORD PERIOD 1871 TO 2015


WEATHER ITEM   OBSERVED TIME   RECORD YEAR NORMAL DEPARTURE LAST
                VALUE   (LST)  VALUE       VALUE  FROM      YEAR
                                                  NORMAL
..................................................................
TEMPERATURE (F)
 TODAY
  MAXIMUM         86    239 PM 104    1985  88     -2       84
  MINIMUM         67    531 AM  53    1966  67      0       65
  AVERAGE         77                        78     -1       75

PRECIPITATION (IN)
  TODAY            0.13          4.80 2007   0.18  -0.05     0.00
  MONTH TO DATE    0.13                      0.35  -0.22      T
  SINCE JUN 1      0.13                      0.35  -0.22      T
  SINCE JAN 1     17.46                     16.61   0.85    15.79

DEGREE DAYS
 HEATING
  TODAY            0                         0      0        0
  MONTH TO DATE    0                         0      0        0
  SINCE JUN 1      0                         0      0        0
  SINCE JUL 1   1693                      1812   -119     1682

 COOLING
  TODAY           12                        13     -1       10
  MONTH TO DATE   24                        25     -1       19
  SINCE JUN 1     24                        25     -1       19
  SINCE JAN 1    559                       428    131      508
..................................................................


WIND (MPH)
  HIGHEST WIND SPEED    35   HIGHEST WIND DIRECTION     S (180)
  HIGHEST GUST SPEED    52   HIGHEST GUST DIRECTION     S (160)
  AVERAGE WIND SPEED     2.1


SKY COVER
  POSSIBLE SUNSHINE  MM
  AVERAGE SKY COVER 0.6


WEATHER CONDITIONS
 THE FOLLOWING WEATHER WAS RECORDED TODAY.
  THUNDERSTORM
  HEAVY RAIN
  RAIN
  LIGHT RAIN


RELATIVE HUMIDITY (PERCENT)
 HIGHEST    93           300 AM
 LOWEST     59           200 PM
 AVERAGE    76

..........................................................


THE SAVANNAH GA CLIMATE NORMALS FOR TOMORROW
                         NORMAL    RECORD    YEAR
 MAXIMUM TEMPERATURE (F)   88       103      1985
 MINIMUM TEMPERATURE (F)   67        53      1966


SUNRISE AND SUNSET
JUNE  2 2015..........SUNRISE   619 AM EDT   SUNSET   827 PM EDT
JUNE  3 2015..........SUNRISE   619 AM EDT   SUNSET   827 PM EDT


-  INDICATES NEGATIVE NUMBERS.
R  INDICATES RECORD WAS SET OR TIED.
MM INDICATES DATA IS MISSING.
T  INDICATES TRACE AMOUNT.




$$
