000
CDUS42 KCHS 180529
CLISAV

CLIMATE REPORT
NATIONAL WEATHER SERVICE CHARLESTON SC
119 AM EDT FRI APR 18 2014


...................................

...THE SAVANNAH GA CLIMATE SUMMARY FOR APRIL 17 2014...

CLIMATE NORMAL PERIOD 1981 TO 2010
CLIMATE RECORD PERIOD 1871 TO 2014


WEATHER ITEM   OBSERVED TIME   RECORD YEAR NORMAL DEPARTURE LAST
                VALUE   (LST)  VALUE       VALUE  FROM      YEAR
                                                  NORMAL
..................................................................
TEMPERATURE (F)
 YESTERDAY
  MAXIMUM         72    258 PM  95    1967  78     -6       82
  MINIMUM         47    540 AM  36    1962  54     -7       59
  AVERAGE         60                        66     -6       71

PRECIPITATION (IN)
  YESTERDAY        0.00          3.81 1879   0.10  -0.10     0.00
  MONTH TO DATE    2.94                      1.83   1.11     2.05
  SINCE MAR 1      5.59                      5.56   0.03     4.07
  SINCE JAN 1      9.70                     12.04  -2.34    14.37

SNOWFALL (IN)
  YESTERDAY        0.0                       0.0    0.0
  SINCE MAR 1      0.0                       T      0.0
  SINCE JUL 1      0.0                       0.3   -0.3

DEGREE DAYS
 HEATING
  YESTERDAY        5                         2      3        0
  MONTH TO DATE   24                        56    -32       34
  SINCE MAR 1    288                       266     22      380
  SINCE JUL 1   1669                      1783   -114     1602

 COOLING
  YESTERDAY        0                         3     -3        6
  MONTH TO DATE   54                        42     12       55
  SINCE MAR 1     66                        74     -8       61
  SINCE JAN 1     84                        84      0       89
..................................................................


WIND (MPH)
  HIGHEST WIND SPEED    16   HIGHEST WIND DIRECTION     E (100)
  HIGHEST GUST SPEED    21   HIGHEST GUST DIRECTION     E (100)
  AVERAGE WIND SPEED    10.4


SKY COVER
  POSSIBLE SUNSHINE  MM
  AVERAGE SKY COVER 0.6


WEATHER CONDITIONS
 THE FOLLOWING WEATHER WAS RECORDED YESTERDAY.
  NO SIGNIFICANT WEATHER WAS OBSERVED.


RELATIVE HUMIDITY (PERCENT)
 HIGHEST    82           400 AM
 LOWEST     41           300 PM
 AVERAGE    62

..........................................................


THE SAVANNAH GA CLIMATE NORMALS FOR TODAY
                         NORMAL    RECORD    YEAR
 MAXIMUM TEMPERATURE (F)   78        93      1967
 MINIMUM TEMPERATURE (F)   54        36      2001
                                             1999


SUNRISE AND SUNSET
APRIL 18 2014.........SUNRISE   652 AM EDT   SUNSET   756 PM EDT
APRIL 19 2014.........SUNRISE   651 AM EDT   SUNSET   757 PM EDT


-  INDICATES NEGATIVE NUMBERS.
R  INDICATES RECORD WAS SET OR TIED.
MM INDICATES DATA IS MISSING.
T  INDICATES TRACE AMOUNT.

$$
