000
CDUS42 KCHS 282106
CLISAV


CLIMATE REPORT
NATIONAL WEATHER SERVICE CHARLESTON SC
505 PM EDT SAT MAR 28 2015


...................................

...THE SAVANNAH GA CLIMATE SUMMARY FOR MARCH 28 2015...
VALID TODAY AS OF 0500 PM LOCAL TIME.

CLIMATE NORMAL PERIOD 1981 TO 2010
CLIMATE RECORD PERIOD 1871 TO 2015


WEATHER ITEM   OBSERVED TIME   RECORD YEAR NORMAL DEPARTURE LAST
                VALUE   (LST)  VALUE       VALUE  FROM      YEAR
                                                  NORMAL
..................................................................
TEMPERATURE (F)
 TODAY
  MAXIMUM         60    359 PM  89    1907  74    -14       75
  MINIMUM         41    627 AM  33    1955  50     -9       52
  AVERAGE         51                        62    -11       64

PRECIPITATION (IN)
  TODAY            0.00          1.98 1940   0.12  -0.12     0.10
  MONTH TO DATE    1.99                      3.35  -1.36     2.53
  SINCE MAR 1      1.99                      3.35  -1.36     2.53
  SINCE JAN 1      9.55                      9.83  -0.28     6.64

SNOWFALL (IN)
  TODAY            0.0                       0.0    0.0
  SINCE MAR 1      0.0                       0.0    0.0
  SINCE JUL 1      0.0                       0.3   -0.3

DEGREE DAYS
 HEATING
  TODAY           14                         5      9        1
  MONTH TO DATE  116                       197    -81      254
  SINCE MAR 1    116                       197    -81      254
  SINCE JUL 1   1651                      1714    -63     1635

 COOLING
  TODAY            0                         1     -1        0
  MONTH TO DATE   58                        28     30        6
  SINCE MAR 1     58                        28     30        6
  SINCE JAN 1     63                        38     25       24
..................................................................


WIND (MPH)
  HIGHEST WIND SPEED    24   HIGHEST WIND DIRECTION     W (270)
  HIGHEST GUST SPEED    29   HIGHEST GUST DIRECTION     W (260)
  AVERAGE WIND SPEED    11.0


SKY COVER
  POSSIBLE SUNSHINE  MM
  AVERAGE SKY COVER 0.2


WEATHER CONDITIONS
 THE FOLLOWING WEATHER WAS RECORDED TODAY.
  NO SIGNIFICANT WEATHER WAS OBSERVED.


RELATIVE HUMIDITY (PERCENT)
 HIGHEST    86           300 AM
 LOWEST     26           300 PM
 AVERAGE    56

..........................................................


THE SAVANNAH GA CLIMATE NORMALS FOR TOMORROW
                         NORMAL    RECORD    YEAR
 MAXIMUM TEMPERATURE (F)   74        90      1907
 MINIMUM TEMPERATURE (F)   50        29      1955


SUNRISE AND SUNSET
MARCH 28 2015.........SUNRISE   719 AM EDT   SUNSET   742 PM EDT
MARCH 29 2015.........SUNRISE   717 AM EDT   SUNSET   742 PM EDT


-  INDICATES NEGATIVE NUMBERS.
R  INDICATES RECORD WAS SET OR TIED.
MM INDICATES DATA IS MISSING.
T  INDICATES TRACE AMOUNT.




$$
