000
CDUS42 KCHS 272111
CLISAV


CLIMATE REPORT
NATIONAL WEATHER SERVICE CHARLESTON SC
510 PM EDT TUE JUN 27 2017


...................................

...THE SAVANNAH GA CLIMATE SUMMARY FOR JUNE 27 2017...
VALID TODAY AS OF 0500 PM LOCAL TIME.

CLIMATE NORMAL PERIOD 1981 TO 2010
CLIMATE RECORD PERIOD 1871 TO 2017


WEATHER ITEM   OBSERVED TIME   RECORD YEAR NORMAL DEPARTURE LAST
                VALUE   (LST)  VALUE       VALUE  FROM      YEAR
                                                  NORMAL
..................................................................
TEMPERATURE (F)
 TODAY
  MAXIMUM         86   1147 AM 103    1954  92     -6       93
                                      1952
  MINIMUM         73    536 AM  61    2012  72      1       73
  AVERAGE         80                        82     -2       83

PRECIPITATION (IN)
  TODAY            0.08          5.45 1887   0.21  -0.13     0.00
  MONTH TO DATE    2.76                      5.36  -2.60     6.28
  SINCE JUN 1      2.76                      5.36  -2.60     6.28
  SINCE JAN 1     26.51                     21.62   4.89    28.95

DEGREE DAYS
 HEATING
  TODAY            0                         0      0        0
  MONTH TO DATE    0                         0      0        0
  SINCE JUN 1      0                         0      0        0
  SINCE JUL 1   1023                      1812   -789     1215

 COOLING
  TODAY           15                        17     -2       18
  MONTH TO DATE  407                       396     11      464
  SINCE JUN 1    407                       396     11      464
  SINCE JAN 1   1081                       799    282      992
..................................................................


WIND (MPH)
  HIGHEST WIND SPEED    18   HIGHEST WIND DIRECTION     N (360)
  HIGHEST GUST SPEED    25   HIGHEST GUST DIRECTION     N (360)
  AVERAGE WIND SPEED     4.2


SKY COVER
  POSSIBLE SUNSHINE  MM
  AVERAGE SKY COVER 0.7


WEATHER CONDITIONS
 THE FOLLOWING WEATHER WAS RECORDED TODAY.
  THUNDERSTORM
  LIGHT RAIN
  FOG


RELATIVE HUMIDITY (PERCENT)
 HIGHEST    94          1200 AM
 LOWEST     61          1100 AM
 AVERAGE    78

..........................................................


THE SAVANNAH GA CLIMATE NORMALS FOR TOMORROW
                         NORMAL    RECORD    YEAR
 MAXIMUM TEMPERATURE (F)   92       100      1998
 MINIMUM TEMPERATURE (F)   72        63      2012


SUNRISE AND SUNSET
JUNE 27 2017..........SUNRISE   621 AM EDT   SUNSET   835 PM EDT
JUNE 28 2017..........SUNRISE   621 AM EDT   SUNSET   835 PM EDT


-  INDICATES NEGATIVE NUMBERS.
R  INDICATES RECORD WAS SET OR TIED.
MM INDICATES DATA IS MISSING.
T  INDICATES TRACE AMOUNT.




$$
