000
CDUS42 KCHS 242115
CLISAV


CLIMATE REPORT
NATIONAL WEATHER SERVICE CHARLESTON SC
514 PM EDT FRI MAR 24 2017


...................................

...THE SAVANNAH GA CLIMATE SUMMARY FOR MARCH 24 2017...
VALID TODAY AS OF 0500 PM LOCAL TIME.

CLIMATE NORMAL PERIOD 1981 TO 2010
CLIMATE RECORD PERIOD 1871 TO 2017


WEATHER ITEM   OBSERVED TIME   RECORD YEAR NORMAL DEPARTURE LAST
                VALUE   (LST)  VALUE       VALUE  FROM      YEAR
                                                  NORMAL
..................................................................
TEMPERATURE (F)
 TODAY
  MAXIMUM         77    212 PM  92    1929  73      4       82
  MINIMUM         47    632 AM  31    1968  49     -2       52
  AVERAGE         62                        61      1       67

PRECIPITATION (IN)
  TODAY            0.00          2.13 1957   0.11  -0.11     0.01
  MONTH TO DATE    0.44                      2.85  -2.41     0.89
  SINCE MAR 1      0.44                      2.85  -2.41     0.89
  SINCE JAN 1      9.27                      9.33  -0.06     7.30

SNOWFALL (IN)
  TODAY            0.0                       0.0    0.0
  SINCE MAR 1      0.0                       0.0    0.0
  SINCE JUL 1      0.0                       0.3   -0.3

DEGREE DAYS
 HEATING
  TODAY            3                         5     -2        0
  MONTH TO DATE  193                       177     16       95
  SINCE MAR 1    193                       177     16       95
  SINCE JUL 1   1003                      1694   -691     1164

 COOLING
  TODAY            0                         1     -1        2
  MONTH TO DATE   26                        24      2       77
  SINCE MAR 1     26                        24      2       77
  SINCE JAN 1     84                        34     50       98
..................................................................


WIND (MPH)
  HIGHEST WIND SPEED    21   HIGHEST WIND DIRECTION     E (110)
  HIGHEST GUST SPEED    26   HIGHEST GUST DIRECTION    SE (120)
  AVERAGE WIND SPEED     9.0


SKY COVER
  POSSIBLE SUNSHINE  MM
  AVERAGE SKY COVER 0.2


WEATHER CONDITIONS
 THE FOLLOWING WEATHER WAS RECORDED TODAY.
  NO SIGNIFICANT WEATHER WAS OBSERVED.


RELATIVE HUMIDITY (PERCENT)
 HIGHEST    86           400 AM
 LOWEST     38           100 PM
 AVERAGE    62

..........................................................


THE SAVANNAH GA CLIMATE NORMALS FOR TOMORROW
                         NORMAL    RECORD    YEAR
 MAXIMUM TEMPERATURE (F)   73        89      1929
 MINIMUM TEMPERATURE (F)   49        31      1968


SUNRISE AND SUNSET
MARCH 24 2017.........SUNRISE   723 AM EDT   SUNSET   739 PM EDT
MARCH 25 2017.........SUNRISE   722 AM EDT   SUNSET   740 PM EDT


-  INDICATES NEGATIVE NUMBERS.
R  INDICATES RECORD WAS SET OR TIED.
MM INDICATES DATA IS MISSING.
T  INDICATES TRACE AMOUNT.




$$
