412
CDUS42 KCHS 300603
CLISAV


CLIMATE REPORT
NATIONAL WEATHER SERVICE CHARLESTON SC
203 AM EDT SAT JUL 30 2016


...................................

...THE SAVANNAH GA CLIMATE SUMMARY FOR JULY 29 2016...

CLIMATE NORMAL PERIOD 1981 TO 2010
CLIMATE RECORD PERIOD 1871 TO 2016


WEATHER ITEM   OBSERVED TIME   RECORD YEAR NORMAL DEPARTURE LAST
                VALUE   (LST)  VALUE       VALUE  FROM      YEAR
                                                  NORMAL
..................................................................
TEMPERATURE (F)
 YESTERDAY
  MAXIMUM        100    321 PM 103    1993  92      8       95
  MINIMUM         77    558 AM  64    1920  73      4       76
  AVERAGE         89                        83      6       86

PRECIPITATION (IN)
  YESTERDAY        0.00          2.55 1937   0.21  -0.21     0.00
  MONTH TO DATE    1.21                      5.18  -3.97     5.29
  SINCE JUN 1      8.17                     11.13  -2.96    10.92
  SINCE JAN 1     30.84                     27.39   3.45    28.25

DEGREE DAYS
 HEATING
  YESTERDAY        0                         0      0        0
  MONTH TO DATE    0                         0      0        0
  SINCE JUN 1      0                         0      0        0
  SINCE JUL 1      0                         0      0        0

 COOLING
  YESTERDAY       24                        18      6       21
  MONTH TO DATE  615                       514    101      549
  SINCE JUN 1   1131                       960    171     1055
  SINCE JAN 1   1659                      1363    296     1590
..................................................................


WIND (MPH)
  HIGHEST WIND SPEED    16   HIGHEST WIND DIRECTION    SW (240)
  HIGHEST GUST SPEED    23   HIGHEST GUST DIRECTION     W (250)
  AVERAGE WIND SPEED     9.2


SKY COVER
  POSSIBLE SUNSHINE  MM
  AVERAGE SKY COVER 0.2


WEATHER CONDITIONS
 THE FOLLOWING WEATHER WAS RECORDED YESTERDAY.
  NO SIGNIFICANT WEATHER WAS OBSERVED.


RELATIVE HUMIDITY (PERCENT)
 HIGHEST    79          1200 AM
 LOWEST     35           500 PM
 AVERAGE    57

..........................................................


THE SAVANNAH GA CLIMATE NORMALS FOR TODAY
                         NORMAL    RECORD    YEAR
 MAXIMUM TEMPERATURE (F)   92       101      1896
 MINIMUM TEMPERATURE (F)   73        66      1954


SUNRISE AND SUNSET
JULY 30 2016..........SUNRISE   639 AM EDT   SUNSET   823 PM EDT
JULY 31 2016..........SUNRISE   640 AM EDT   SUNSET   822 PM EDT


-  INDICATES NEGATIVE NUMBERS.
R  INDICATES RECORD WAS SET OR TIED.
MM INDICATES DATA IS MISSING.
T  INDICATES TRACE AMOUNT.




$$
