000
CDUS46 KLOX 040907
CLISBA


CLIMATE REPORT
NATIONAL WEATHER SERVICE LOS ANGELES/OXNARD CA
206 AM PDT TUE AUG 4 2015


...................................

...THE SANTA BARBARA AIRPORT CA CLIMATE SUMMARY FOR AUGUST 3 2015...

CLIMATE NORMAL PERIOD 1981 TO 2010
CLIMATE RECORD PERIOD 1940 TO 2015


WEATHER ITEM   OBSERVED TIME   RECORD YEAR NORMAL DEPARTURE LAST
                VALUE   (LST)  VALUE       VALUE  FROM      YEAR
                                                  NORMAL
..................................................................
TEMPERATURE (F)
 YESTERDAY
  MAXIMUM         86R   513 PM  82    1945  74     12       80
  MINIMUM         61    528 AM  50    1953  58      3       63
  AVERAGE         74                        66      8       72

PRECIPITATION (IN)
  YESTERDAY        0.00          T    2012   0.00   0.00      T
                                      2012
                                      2014
  MONTH TO DATE    0.00                      0.00   0.00      T
  SINCE OCT 1      9.63                     17.38  -7.75     6.50
  SINCE JAN 1      3.34                     12.08  -8.74     5.21

SNOWFALL (IN)
  YESTERDAY        0.0
  MONTH TO DATE    0.0
  SINCE JUN 1      0.0
  SINCE JUL 1      0.0

DEGREE DAYS
 HEATING
  YESTERDAY        0                         1     -1        0
  MONTH TO DATE    0                         3     -3        0
  SINCE JUN 1     30                       120    -90       52
  SINCE JUL 1      0                        30    -30        0

 COOLING
  YESTERDAY        9                         2      7        7
  MONTH TO DATE   23                         6     17       13
  SINCE JUN 1    167                        64    103      184
  SINCE JAN 1    205                        78    127      252
..................................................................


WIND (MPH)
  HIGHEST WIND SPEED    16   HIGHEST WIND DIRECTION     W (260)
  HIGHEST GUST SPEED    19   HIGHEST GUST DIRECTION     W (260)
  AVERAGE WIND SPEED     6.2


SKY COVER
  POSSIBLE SUNSHINE  MM
  AVERAGE SKY COVER 0.1


WEATHER CONDITIONS
 THE FOLLOWING WEATHER WAS RECORDED YESTERDAY.
  NO SIGNIFICANT WEATHER WAS OBSERVED.


RELATIVE HUMIDITY (PERCENT)
 HIGHEST    84           400 AM
 LOWEST     43           400 PM
 AVERAGE    64

..........................................................


THE SANTA BARBARA AIRPORT CA CLIMATE NORMALS FOR TODAY
                         NORMAL    RECORD    YEAR
 MAXIMUM TEMPERATURE (F)   74        86      1976
 MINIMUM TEMPERATURE (F)   58        49      1956


SUNRISE AND SUNSET
AUGUST  4 2015........SUNRISE   612 AM PDT   SUNSET   758 PM PDT
AUGUST  5 2015........SUNRISE   613 AM PDT   SUNSET   757 PM PDT


-  INDICATES NEGATIVE NUMBERS.
R  INDICATES RECORD WAS SET OR TIED.
MM INDICATES DATA IS MISSING.
T  INDICATES TRACE AMOUNT.




$$
