000
CDUS46 KLOX 200902
CLISBA


CLIMATE REPORT
NATIONAL WEATHER SERVICE LOS ANGELES/OXNARD CA
202 AM PDT FRI OCT 20 2017


...................................

...THE SANTA BARBARA AIRPORT CA CLIMATE SUMMARY FOR OCTOBER 19 2017...

CLIMATE NORMAL PERIOD 1981 TO 2010
CLIMATE RECORD PERIOD 1940 TO 2017


WEATHER ITEM   OBSERVED TIME   RECORD YEAR NORMAL DEPARTURE LAST
                VALUE   (LST)  VALUE       VALUE  FROM      YEAR
                                                  NORMAL
..................................................................
TEMPERATURE (F)
 YESTERDAY
  MAXIMUM         83    225 PM  94    1964  72     11       85
  MINIMUM         50    627 AM  42    1949  51     -1       47
  AVERAGE         67                        61      6       66

PRECIPITATION (IN)
  YESTERDAY        0.00          1.14 2004   0.03  -0.03     0.00
  MONTH TO DATE    0.00                      0.39  -0.39     0.32
  SINCE OCT 1      0.00                      0.39  -0.39     0.32
  SINCE JAN 1     19.69                     12.85   6.84     9.66

SNOWFALL (IN)
  YESTERDAY        0.0
  MONTH TO DATE    0.0
  SINCE SEP 1      0.0
  SINCE JUL 1      0.0

DEGREE DAYS
 HEATING
  YESTERDAY        0                         4     -4        0
  MONTH TO DATE   43                        62    -19       50
  SINCE SEP 1     61                       106    -45       86
  SINCE JUL 1     72                       157    -85      108

 COOLING
  YESTERDAY        2                         0      2        1
  MONTH TO DATE   24                        11     13       16
  SINCE SEP 1    118                        55     63       93
  SINCE JAN 1    343                       182    161      241
..................................................................


WIND (MPH)
  HIGHEST WIND SPEED    22   HIGHEST WIND DIRECTION     W (280)
  HIGHEST GUST SPEED    MM   HIGHEST GUST DIRECTION    MM
  AVERAGE WIND SPEED     5.6


SKY COVER
  POSSIBLE SUNSHINE  MM
  AVERAGE SKY COVER 0.0


WEATHER CONDITIONS
 THE FOLLOWING WEATHER WAS RECORDED YESTERDAY.
  HAZE


RELATIVE HUMIDITY (PERCENT)
 HIGHEST    93           200 AM
 LOWEST     30           300 PM
 AVERAGE    62

..........................................................


THE SANTA BARBARA AIRPORT CA CLIMATE NORMALS FOR TODAY
                         NORMAL    RECORD    YEAR
 MAXIMUM TEMPERATURE (F)   72        94      1964
 MINIMUM TEMPERATURE (F)   50        37      1949


SUNRISE AND SUNSET
OCTOBER 20 2017.......SUNRISE   709 AM PDT   SUNSET   618 PM PDT
OCTOBER 21 2017.......SUNRISE   710 AM PDT   SUNSET   617 PM PDT


-  INDICATES NEGATIVE NUMBERS.
R  INDICATES RECORD WAS SET OR TIED.
MM INDICATES DATA IS MISSING.
T  INDICATES TRACE AMOUNT.




$$
