000
CDUS46 KLOX 250112
CLISBA


CLIMATE REPORT
NATIONAL WEATHER SERVICE LOS ANGELES/OXNARD CA
612 PM PDT FRI OCT 24 2014


...................................

...THE SANTA BARBARA AIRPORT CA CLIMATE SUMMARY FOR OCTOBER 24 2014...
VALID TODAY AS OF 0600 PM LOCAL TIME.

CLIMATE NORMAL PERIOD 1981 TO 2010
CLIMATE RECORD PERIOD 1940 TO 2014


WEATHER ITEM   OBSERVED TIME   RECORD YEAR NORMAL DEPARTURE LAST
                VALUE   (LST)  VALUE       VALUE  FROM      YEAR
                                                  NORMAL
..................................................................
TEMPERATURE (F)
 TODAY
  MAXIMUM         78    117 PM  95    1965  71      7       68
  MINIMUM         51    626 AM  36    1975  50      1       50
  AVERAGE         65                        60      5       59

PRECIPITATION (IN)
  TODAY            0.00          0.30 1951   0.03  -0.03     0.00
  MONTH TO DATE    0.00                      0.52  -0.52     0.03
  SINCE JUL 1      0.02                      0.93  -0.91     0.10
  SINCE JAN 1      5.22                     12.98  -7.76     3.45

SNOWFALL (IN)
  TODAY            0.0
  MONTH TO DATE    0.0
  SINCE SEP 1      0.0
  SINCE JUL 1      0.0

DEGREE DAYS
 HEATING
  TODAY            0                         5     -5        6
  MONTH TO DATE    3                        85    -82       89
  SINCE SEP 1      4                       129   -125      103
  SINCE JUL 1      4                       180   -176      133

 COOLING
  TODAY            0                         0      0        0
  MONTH TO DATE   59                        11     48        4
  SINCE SEP 1    192                        55    137       87
  SINCE JAN 1    523                       182    341      285
..................................................................


WIND (MPH)
  HIGHEST WIND SPEED     9   HIGHEST WIND DIRECTION     S (180)
  HIGHEST GUST SPEED    12   HIGHEST GUST DIRECTION     S (170)
  AVERAGE WIND SPEED     2.7


SKY COVER
  POSSIBLE SUNSHINE  MM
  AVERAGE SKY COVER 0.0


WEATHER CONDITIONS
 THE FOLLOWING WEATHER WAS RECORDED TODAY.
  NO SIGNIFICANT WEATHER WAS OBSERVED.


RELATIVE HUMIDITY (PERCENT)
 HIGHEST    89           500 AM
 LOWEST     46           400 PM
 AVERAGE    68

..........................................................


THE SANTA BARBARA AIRPORT CA CLIMATE NORMALS FOR TOMORROW
                         NORMAL    RECORD    YEAR
 MAXIMUM TEMPERATURE (F)   71        90      1965
 MINIMUM TEMPERATURE (F)   49        37      1975


SUNRISE AND SUNSET
OCTOBER 24 2014.......SUNRISE   712 AM PDT   SUNSET   614 PM PDT
OCTOBER 25 2014.......SUNRISE   713 AM PDT   SUNSET   613 PM PDT


-  INDICATES NEGATIVE NUMBERS.
R  INDICATES RECORD WAS SET OR TIED.
MM INDICATES DATA IS MISSING.
T  INDICATES TRACE AMOUNT.




$$
