000
CDUS46 KLOX 010114
CLISBA


CLIMATE REPORT
NATIONAL WEATHER SERVICE LOS ANGELES/OXNARD CA
614 PM PDT FRI OCT 31 2014


...................................

...THE SANTA BARBARA AIRPORT CA CLIMATE SUMMARY FOR OCTOBER 31 2014...
VALID TODAY AS OF 0600 PM LOCAL TIME.

CLIMATE NORMAL PERIOD 1981 TO 2010
CLIMATE RECORD PERIOD 1940 TO 2014


WEATHER ITEM   OBSERVED TIME   RECORD YEAR NORMAL DEPARTURE LAST
                VALUE   (LST)  VALUE       VALUE  FROM      YEAR
                                                  NORMAL
..................................................................
TEMPERATURE (F)
 TODAY
  MAXIMUM         72   1150 AM  88    1949  71      1       74
  MINIMUM         53   1251 AM  37    1971  48      5       45
  AVERAGE         63                        59      4       60

PRECIPITATION (IN)
  TODAY            T             0.86 2003   0.04  -0.04     0.00
  MONTH TO DATE    T                         0.81  -0.81     0.39
  SINCE JUL 1      0.02                      1.22  -1.20     0.46
  SINCE JAN 1      5.22                     13.27  -8.05     3.81

SNOWFALL (IN)
  TODAY            0.0
  MONTH TO DATE    0.0
  SINCE SEP 1      0.0
  SINCE JUL 1      0.0

DEGREE DAYS
 HEATING
  TODAY            2                         6     -4        5
  MONTH TO DATE   16                       123   -107      138
  SINCE SEP 1     17                       166   -149      152
  SINCE JUL 1     17                       217   -200      182

 COOLING
  TODAY            0                         0      0        0
  MONTH TO DATE   61                        15     46        4
  SINCE SEP 1    194                        59    135       87
  SINCE JAN 1    525                       186    339      285
..................................................................


WIND (MPH)
  HIGHEST WIND SPEED    15   HIGHEST WIND DIRECTION    SE (130)
  HIGHEST GUST SPEED    19   HIGHEST GUST DIRECTION    SE (150)
  AVERAGE WIND SPEED     5.1


SKY COVER
  POSSIBLE SUNSHINE  MM
  AVERAGE SKY COVER 0.9


WEATHER CONDITIONS
 THE FOLLOWING WEATHER WAS RECORDED TODAY.
  NO SIGNIFICANT WEATHER WAS OBSERVED.


RELATIVE HUMIDITY (PERCENT)
 HIGHEST    93           100 AM
 LOWEST     61          1200 PM
 AVERAGE    77

..........................................................


THE SANTA BARBARA AIRPORT CA CLIMATE NORMALS FOR TOMORROW
                         NORMAL    RECORD    YEAR
 MAXIMUM TEMPERATURE (F)   71        91      1966
 MINIMUM TEMPERATURE (F)   48        36      1971


SUNRISE AND SUNSET
OCTOBER 31 2014.......SUNRISE   719 AM PDT   SUNSET   607 PM PDT
NOVEMBER  1 2014......SUNRISE   720 AM PDT   SUNSET   606 PM PDT


-  INDICATES NEGATIVE NUMBERS.
R  INDICATES RECORD WAS SET OR TIED.
MM INDICATES DATA IS MISSING.
T  INDICATES TRACE AMOUNT.




$$
