000
CDUS46 KLOX 240902
CLISBA


CLIMATE REPORT
NATIONAL WEATHER SERVICE LOS ANGELES/OXNARD CA
202 AM PDT THU JUL 24 2014


...................................

...THE SANTA BARBARA AIRPORT CA CLIMATE SUMMARY FOR JULY 23 2014...

CLIMATE NORMAL PERIOD 1981 TO 2010
CLIMATE RECORD PERIOD 1940 TO 2014


WEATHER ITEM   OBSERVED TIME   RECORD YEAR NORMAL DEPARTURE LAST
                VALUE   (LST)  VALUE       VALUE  FROM      YEAR
                                                  NORMAL
..................................................................
TEMPERATURE (F)
 YESTERDAY
  MAXIMUM         90    537 PM  93    2006  74     16       71
  MINIMUM         57    454 AM  51    1987  58     -1       60
  AVERAGE         74                        66      8       66

PRECIPITATION (IN)
  YESTERDAY        0.00          T    1984   0.00   0.00     0.00
  MONTH TO DATE    0.01                      0.03  -0.02     0.07
  SINCE JUL 1      0.01                      0.03  -0.02     0.07
  SINCE JAN 1      5.21                     12.08  -6.87     3.42

SNOWFALL (IN)
  YESTERDAY        0.0
  MONTH TO DATE    0.0
  SINCE JUN 1      0.0
  SINCE JUL 1      0.0

DEGREE DAYS
 HEATING
  YESTERDAY        0                         1     -1        0
  MONTH TO DATE    0                        23    -23        1
  SINCE JUN 1     52                       113    -61       44
  SINCE JUL 1      0                        23    -23        1

 COOLING
  YESTERDAY        9                         2      7        1
  MONTH TO DATE  101                        34     67       55
  SINCE JUN 1    123                        48     75       90
  SINCE JAN 1    191                        62    129      147
..................................................................


WIND (MPH)
  HIGHEST WIND SPEED    12   HIGHEST WIND DIRECTION     S (170)
  HIGHEST GUST SPEED    MM   HIGHEST GUST DIRECTION    MM
  AVERAGE WIND SPEED     4.6


SKY COVER
  POSSIBLE SUNSHINE  MM
  AVERAGE SKY COVER 0.0


WEATHER CONDITIONS
 THE FOLLOWING WEATHER WAS RECORDED YESTERDAY.
  NO SIGNIFICANT WEATHER WAS OBSERVED.


RELATIVE HUMIDITY (PERCENT)
 HIGHEST    86           500 AM
 LOWEST     39           500 PM
 AVERAGE    63

..........................................................


THE SANTA BARBARA AIRPORT CA CLIMATE NORMALS FOR TODAY
                         NORMAL    RECORD    YEAR
 MAXIMUM TEMPERATURE (F)   74        82      2006
                                             1960
 MINIMUM TEMPERATURE (F)   58        49      1948


SUNRISE AND SUNSET
JULY 24 2014..........SUNRISE   604 AM PDT   SUNSET   807 PM PDT
JULY 25 2014..........SUNRISE   605 AM PDT   SUNSET   806 PM PDT


-  INDICATES NEGATIVE NUMBERS.
R  INDICATES RECORD WAS SET OR TIED.
MM INDICATES DATA IS MISSING.
T  INDICATES TRACE AMOUNT.




$$
