000
CDUS46 KLOX 180903
CLISBA


CLIMATE REPORT
NATIONAL WEATHER SERVICE LOS ANGELES/OXNARD CA
203 AM PDT FRI AUG 18 2017


...................................

...THE SANTA BARBARA AIRPORT CA CLIMATE SUMMARY FOR AUGUST 17 2017...

CLIMATE NORMAL PERIOD 1981 TO 2010
CLIMATE RECORD PERIOD 1940 TO 2017


WEATHER ITEM   OBSERVED TIME   RECORD YEAR NORMAL DEPARTURE LAST
                VALUE   (LST)  VALUE       VALUE  FROM      YEAR
                                                  NORMAL
..................................................................
TEMPERATURE (F)
 YESTERDAY
  MAXIMUM         74   1249 PM  85    1992  74      0       70
  MINIMUM         59    512 AM  51    1978  58      1       59
  AVERAGE         67                        66      1       65

PRECIPITATION (IN)
  YESTERDAY        0.00          0.26 1977   0.01  -0.01     0.00
  MONTH TO DATE    0.01                      0.06  -0.05     0.00
  SINCE OCT 1     24.28                     17.44   6.84    10.21
  SINCE JAN 1     19.47                     12.14   7.33     9.33

SNOWFALL (IN)
  YESTERDAY        0.0
  MONTH TO DATE    0.0
  SINCE JUN 1      0.0
  SINCE JUL 1      0.0

DEGREE DAYS
 HEATING
  YESTERDAY        0                         1     -1        0
  MONTH TO DATE    0                        17    -17        0
  SINCE JUN 1     50                       134    -84       87
  SINCE JUL 1     11                        44    -33       15

 COOLING
  YESTERDAY        2                         2      0        0
  MONTH TO DATE   64                        34     30       26
  SINCE JUN 1    151                        92     59      115
  SINCE JAN 1    178                       106     72      125
..................................................................


WIND (MPH)
  HIGHEST WIND SPEED    15   HIGHEST WIND DIRECTION     W (260)
  HIGHEST GUST SPEED    18   HIGHEST GUST DIRECTION     W (260)
  AVERAGE WIND SPEED     6.8


SKY COVER
  POSSIBLE SUNSHINE  MM
  AVERAGE SKY COVER 0.0


WEATHER CONDITIONS
 THE FOLLOWING WEATHER WAS RECORDED YESTERDAY.
  NO SIGNIFICANT WEATHER WAS OBSERVED.


RELATIVE HUMIDITY (PERCENT)
 HIGHEST    93           800 PM
 LOWEST     61           300 PM
 AVERAGE    77

..........................................................


THE SANTA BARBARA AIRPORT CA CLIMATE NORMALS FOR TODAY
                         NORMAL    RECORD    YEAR
 MAXIMUM TEMPERATURE (F)   75        90      1945
 MINIMUM TEMPERATURE (F)   58        49      1960


SUNRISE AND SUNSET
AUGUST 18 2017........SUNRISE   623 AM PDT   SUNSET   743 PM PDT
AUGUST 19 2017........SUNRISE   623 AM PDT   SUNSET   742 PM PDT


-  INDICATES NEGATIVE NUMBERS.
R  INDICATES RECORD WAS SET OR TIED.
MM INDICATES DATA IS MISSING.
T  INDICATES TRACE AMOUNT.




$$
