000
CDUS46 KLOX 290907
CLISBA


CLIMATE REPORT
NATIONAL WEATHER SERVICE LOS ANGELES/OXNARD CA
207 AM PDT SAT APR 29 2017


...................................

...THE SANTA BARBARA AIRPORT CA CLIMATE SUMMARY FOR APRIL 28 2017...

CLIMATE NORMAL PERIOD 1981 TO 2010
CLIMATE RECORD PERIOD 1940 TO 2017


WEATHER ITEM   OBSERVED TIME   RECORD YEAR NORMAL DEPARTURE LAST
                VALUE   (LST)  VALUE       VALUE  FROM      YEAR
                                                  NORMAL
..................................................................
TEMPERATURE (F)
 YESTERDAY
  MAXIMUM         85    125 PM  86    2004  68     17       70
  MINIMUM         56    530 AM  39    1994  50      6       49
  AVERAGE         71                        59     12       60

PRECIPITATION (IN)
  YESTERDAY        0.00          1.08 1951   0.02  -0.02     0.00
  MONTH TO DATE    0.41                      0.96  -0.55     0.54
  SINCE OCT 1     24.11                     16.90   7.21    10.19
  SINCE JAN 1     19.30                     11.60   7.70     9.31

SNOWFALL (IN)
  YESTERDAY        0.0
  MONTH TO DATE    0.0
  SINCE MAR 1      0.0
  SINCE JUL 1      0.0

DEGREE DAYS
 HEATING
  YESTERDAY        0                         6     -6        5
  MONTH TO DATE  131                       217    -86      109
  SINCE MAR 1    336                       513   -177      302
  SINCE JUL 1   1704                      2114   -410     1365

 COOLING
  YESTERDAY        6                         0      6        0
  MONTH TO DATE   22                         0     22        2
  SINCE MAR 1     22                         2     20        8
  SINCE JAN 1     22                         2     20       10
..................................................................


WIND (MPH)
  HIGHEST WIND SPEED    25   HIGHEST WIND DIRECTION     N (20)
  HIGHEST GUST SPEED    34   HIGHEST GUST DIRECTION     W (280)
  AVERAGE WIND SPEED    10.7


SKY COVER
  POSSIBLE SUNSHINE  MM
  AVERAGE SKY COVER 0.0


WEATHER CONDITIONS
 THE FOLLOWING WEATHER WAS RECORDED YESTERDAY.
  LIGHT RAIN


RELATIVE HUMIDITY (PERCENT)
 HIGHEST    57           500 AM
 LOWEST      8           300 PM
 AVERAGE    33

..........................................................


THE SANTA BARBARA AIRPORT CA CLIMATE NORMALS FOR TODAY
                         NORMAL    RECORD    YEAR
 MAXIMUM TEMPERATURE (F)   68        85      2014
 MINIMUM TEMPERATURE (F)   50        39      2002


SUNRISE AND SUNSET
APRIL 29 2017.........SUNRISE   611 AM PDT   SUNSET   743 PM PDT
APRIL 30 2017.........SUNRISE   610 AM PDT   SUNSET   743 PM PDT


-  INDICATES NEGATIVE NUMBERS.
R  INDICATES RECORD WAS SET OR TIED.
MM INDICATES DATA IS MISSING.
T  INDICATES TRACE AMOUNT.




$$
