000
CDUS46 KLOX 010129
CLISBA


CLIMATE REPORT
NATIONAL WEATHER SERVICE LOS ANGELES/OXNARD CA
629 PM PDT TUE MAY 31 2016


...................................

...THE SANTA BARBARA AIRPORT CA CLIMATE SUMMARY FOR MAY 31 2016...
VALID TODAY AS OF 0600 PM LOCAL TIME.

CLIMATE NORMAL PERIOD 1981 TO 2010
CLIMATE RECORD PERIOD 1940 TO 2016


WEATHER ITEM   OBSERVED TIME   RECORD YEAR NORMAL DEPARTURE LAST
                VALUE   (LST)  VALUE       VALUE  FROM      YEAR
                                                  NORMAL
..................................................................
TEMPERATURE (F)
 TODAY
  MAXIMUM         66    115 PM  84    1943  70     -4       66
  MINIMUM         56    715 AM  44    1988  52      4       54
  AVERAGE         61                        61      0       60

PRECIPITATION (IN)
  TODAY            0.00          0.01 1969   0.01  -0.01     0.00
  MONTH TO DATE    0.01                      0.34  -0.33     0.32
  SINCE OCT 1     10.20                     17.28  -7.08     9.32
  SINCE JAN 1      9.32                     11.98  -2.66     3.03

SNOWFALL (IN)
  TODAY            0.0
  MONTH TO DATE    0.0
  SINCE MAR 1      0.0
  SINCE JUL 1      0.0

DEGREE DAYS
 HEATING
  TODAY            4                         4      0        5
  MONTH TO DATE  166                       159      7      178
  SINCE MAR 1    482                       683   -201      442
  SINCE JUL 1   1545                      2284   -739     1267

 COOLING
  TODAY            0                         0      0        0
  MONTH TO DATE    0                         7     -7        0
  SINCE MAR 1      8                        14     -6       38
  SINCE JAN 1     10                        14     -4       38
..................................................................


WIND (MPH)
  HIGHEST WIND SPEED    13   HIGHEST WIND DIRECTION    SW (240)
  HIGHEST GUST SPEED    16   HIGHEST GUST DIRECTION    SW (240)
  AVERAGE WIND SPEED     7.5


SKY COVER
  POSSIBLE SUNSHINE  MM
  AVERAGE SKY COVER 0.9


WEATHER CONDITIONS
 THE FOLLOWING WEATHER WAS RECORDED TODAY.
  FOG


RELATIVE HUMIDITY (PERCENT)
 HIGHEST    93          1200 AM
 LOWEST     73          1200 PM
 AVERAGE    83

..........................................................


THE SANTA BARBARA AIRPORT CA CLIMATE NORMALS FOR TOMORROW
                         NORMAL    RECORD    YEAR
 MAXIMUM TEMPERATURE (F)   70        87      1949
 MINIMUM TEMPERATURE (F)   52        41      1955


SUNRISE AND SUNSET
MAY 31 2016...........SUNRISE   548 AM PDT   SUNSET   806 PM PDT
JUNE  1 2016..........SUNRISE   548 AM PDT   SUNSET   807 PM PDT


-  INDICATES NEGATIVE NUMBERS.
R  INDICATES RECORD WAS SET OR TIED.
MM INDICATES DATA IS MISSING.
T  INDICATES TRACE AMOUNT.




$$
