000
CDUS43 KIWX 200525
CLISBN


CLIMATE REPORT
NATIONAL WEATHER SERVICE NORTHERN INDIANA
125 AM EDT SUN APR 20 2014


...................................

...THE SOUTH BEND CLIMATE SUMMARY FOR APRIL 19 2014...

CLIMATE NORMAL PERIOD 1981 TO 2010
CLIMATE RECORD PERIOD 1893 TO 2014


WEATHER ITEM   OBSERVED TIME   RECORD YEAR NORMAL DEPARTURE LAST
                VALUE   (LST)  VALUE       VALUE  FROM      YEAR
                                                  NORMAL
..................................................................
TEMPERATURE (F)
 YESTERDAY
  MAXIMUM         64    524 PM  84    1985  61      3       49
  MINIMUM         33    507 AM  20    1926  40     -7       34
  AVERAGE         49                        50     -1       42

PRECIPITATION (IN)
  YESTERDAY        0.00          1.80 1941   0.11  -0.11     0.12
  MONTH TO DATE    1.42                      2.01  -0.59     4.58
  SINCE MAR 1      3.11                      4.43  -1.32     5.84
  SINCE JAN 1      9.05                      8.67   0.38    13.33

DEGREE DAYS
 HEATING
  YESTERDAY       16                        15      1       23
  MONTH TO DATE  344                       346     -2      368
  SINCE MAR 1   1420                      1201    219     1382
  SINCE JUL 1   6603                      5890    713     5779

 COOLING
  YESTERDAY        0                         0      0        0
  MONTH TO DATE    2                         0      2        0
  SINCE MAR 1      2                         1      1        0
  SINCE JAN 1      2                         1      1        0
..................................................................


WIND (MPH)
  HIGHEST WIND SPEED    18   HIGHEST WIND DIRECTION    SE (140)
  HIGHEST GUST SPEED    22   HIGHEST GUST DIRECTION    SE (130)
  AVERAGE WIND SPEED     9.5


SKY COVER
  AVERAGE SKY COVER 0.0


WEATHER CONDITIONS
 THE FOLLOWING WEATHER WAS RECORDED YESTERDAY.
  NO SIGNIFICANT WEATHER WAS OBSERVED.


RELATIVE HUMIDITY (PERCENT)
 HIGHEST    82           700 AM
 LOWEST     31           500 PM
 AVERAGE    57

..........................................................


THE SOUTH BEND CLIMATE NORMALS FOR TODAY
                         NORMAL    RECORD    YEAR
 MAXIMUM TEMPERATURE (F)   61        83      1987
 MINIMUM TEMPERATURE (F)   40        15      1897


SUNRISE AND SUNSET
APRIL 20 2014.........SUNRISE   658 AM EDT   SUNSET   831 PM EDT
APRIL 21 2014.........SUNRISE   656 AM EDT   SUNSET   833 PM EDT


-  INDICATES NEGATIVE NUMBERS.
R  INDICATES RECORD WAS SET OR TIED.
MM INDICATES DATA IS MISSING.
T  INDICATES TRACE AMOUNT.




$$
