000
CDUS43 KIWX 250532
CLISBN


CLIMATE REPORT
NATIONAL WEATHER SERVICE NORTHERN INDIANA
1231 AM EST SAT NOV 25 2017


...................................

...THE SOUTH BEND CLIMATE SUMMARY FOR NOVEMBER 24 2017...

CLIMATE NORMAL PERIOD 1981 TO 2010
CLIMATE RECORD PERIOD 1893 TO 2017


WEATHER ITEM   OBSERVED TIME   RECORD YEAR NORMAL DEPARTURE LAST
                VALUE   (LST)  VALUE       VALUE  FROM      YEAR
                                                  NORMAL
..................................................................
TEMPERATURE (F)
 YESTERDAY
  MAXIMUM         57    342 PM  65    1973  44     13       44
                                      1931
  MINIMUM         30    342 AM  -6    1950  30      0       39
  AVERAGE         44                        37      7       42

PRECIPITATION (IN)
  YESTERDAY        0.00          0.64 1927   0.11  -0.11     0.04
  MONTH TO DATE    3.38                      2.63   0.75     2.07
  SINCE SEP 1     14.55                      9.48   5.07     9.29
  SINCE JAN 1     42.14                     34.75   7.39    43.70

SNOWFALL (IN)
  YESTERDAY        0.0           5.0  2004   0.2   -0.2      0.0
  MONTH TO DATE    T                         3.2   -3.2      0.5
  SINCE SEP 1      T                         3.6   -3.6      0.5
  SINCE JUL 1      T                         3.6   -3.6      0.5
  SNOW DEPTH       0

DEGREE DAYS
 HEATING
  YESTERDAY       21                        28     -7       23
  MONTH TO DATE  629                       550     79      430
  SINCE SEP 1   1016                      1073    -57      754
  SINCE JUL 1   1037                      1091    -54      762

 COOLING
  YESTERDAY        0                         0      0        0
  MONTH TO DATE    0                         0      0        1
  SINCE SEP 1    140                        91     49      141
  SINCE JAN 1    692                       773    -81      950
..................................................................


WIND (MPH)
  HIGHEST WIND SPEED    22   HIGHEST WIND DIRECTION    SW (210)
  HIGHEST GUST SPEED    30   HIGHEST GUST DIRECTION    SW (210)
  AVERAGE WIND SPEED    13.0


SKY COVER
  AVERAGE SKY COVER 0.0


WEATHER CONDITIONS
 THE FOLLOWING WEATHER WAS RECORDED YESTERDAY.
  NO SIGNIFICANT WEATHER WAS OBSERVED.


RELATIVE HUMIDITY (PERCENT)
 HIGHEST    78           300 AM
 LOWEST     46           200 PM
 AVERAGE    62

..........................................................


THE SOUTH BEND CLIMATE NORMALS FOR TODAY
                         NORMAL    RECORD    YEAR
 MAXIMUM TEMPERATURE (F)   43        63      1915
 MINIMUM TEMPERATURE (F)   30        -7      1950


SUNRISE AND SUNSET
NOVEMBER 25 2017......SUNRISE   746 AM EST   SUNSET   518 PM EST
NOVEMBER 26 2017......SUNRISE   748 AM EST   SUNSET   517 PM EST


-  INDICATES NEGATIVE NUMBERS.
R  INDICATES RECORD WAS SET OR TIED.
MM INDICATES DATA IS MISSING.
T  INDICATES TRACE AMOUNT.




$$
