000
CDUS41 KAKQ 260531
CLISBY


CLIMATE REPORT
NATIONAL WEATHER SERVICE WAKEFIELD, VA
131 AM EDT TUE MAY 26 2015


...................................

...THE SALISBURY MD CLIMATE SUMMARY FOR MAY 25 2015...

CLIMATE NORMAL PERIOD 1981 TO 2010
CLIMATE RECORD PERIOD 1900 TO 2015


WEATHER ITEM   OBSERVED TIME   RECORD YEAR NORMAL DEPARTURE LAST
                VALUE   (LST)  VALUE       VALUE  FROM      YEAR
                                                  NORMAL
..................................................................
TEMPERATURE (F)
 YESTERDAY
  MAXIMUM         81    327 PM  92    1995  76      5       83
  MINIMUM         57    440 AM  37    1923  54      3       54
  AVERAGE         69                        65      4       69

PRECIPITATION (IN)
  YESTERDAY        0.00          2.57 1995   0.13  -0.13     0.00
  MONTH TO DATE    1.75                      2.86  -1.11     2.47
  SINCE MAR 1      9.49                     10.83  -1.34    11.45
  SINCE JAN 1     17.21                     17.79  -0.58    18.67

SNOWFALL (IN)
  YESTERDAY        0.0           0.0  2002   0.0    0.0
                                      2001
  MONTH TO DATE    0.0                       0.0    0.0
  SINCE NOV 1     15.7                       9.3    6.4
  SINCE JUL 1     15.7                       9.3    6.4
  SNOW DEPTH       0

DEGREE DAYS
 HEATING
  YESTERDAY        0                         3     -3        0
  MONTH TO DATE   75                       127    -52       41
  SINCE MAR 1   1059                      1102    -43     1022
  SINCE JUL 1   4272                      4407   -135     4162

 COOLING
  YESTERDAY        4                         3      1        4
  MONTH TO DATE   90                        44     46       90
  SINCE MAR 1     97                        61     36      104
  SINCE JAN 1     97                        61     36      104
..................................................................


WIND (MPH)
  HIGHEST WIND SPEED    23   HIGHEST WIND DIRECTION     S (200)
  HIGHEST GUST SPEED    27   HIGHEST GUST DIRECTION     S (190)
  AVERAGE WIND SPEED     9.9


SKY COVER
  POSSIBLE SUNSHINE  MM
  AVERAGE SKY COVER 0.0


WEATHER CONDITIONS
 THE FOLLOWING WEATHER WAS RECORDED YESTERDAY.
  NO SIGNIFICANT WEATHER WAS OBSERVED.


RELATIVE HUMIDITY (PERCENT)
 HIGHEST    93           300 AM
 LOWEST     42           200 PM
 AVERAGE    68

..........................................................


THE SALISBURY MD CLIMATE NORMALS FOR TODAY
                         NORMAL    RECORD    YEAR
 MAXIMUM TEMPERATURE (F)   76        92      2011
                                             1991
 MINIMUM TEMPERATURE (F)   55        39      1917


SUNRISE AND SUNSET
MAY 26 2015...........SUNRISE   543 AM EDT   SUNSET   815 PM EDT
MAY 27 2015...........SUNRISE   543 AM EDT   SUNSET   816 PM EDT


-  INDICATES NEGATIVE NUMBERS.
R  INDICATES RECORD WAS SET OR TIED.
MM INDICATES DATA IS MISSING.
T  INDICATES TRACE AMOUNT.




$$
