380
CDUS41 KAKQ 260637
CLISBY


CLIMATE REPORT
NATIONAL WEATHER SERVICE WAKEFIELD, VA
136 AM EST SUN FEB 26 2017


...................................

...THE SALISBURY MD CLIMATE SUMMARY FOR FEBRUARY 25 2017...

CLIMATE NORMAL PERIOD 1981 TO 2010
CLIMATE RECORD PERIOD 1900 TO 2017


WEATHER ITEM   OBSERVED TIME   RECORD YEAR NORMAL DEPARTURE LAST
                VALUE   (LST)  VALUE       VALUE  FROM      YEAR
                                                  NORMAL
..................................................................
TEMPERATURE (F)
 YESTERDAY
  MAXIMUM         75    201 PM  80    1930  49     26       62
  MINIMUM         48   1158 PM   3    1940  30     18       42
  AVERAGE         62                        40     22       52

PRECIPITATION (IN)
  YESTERDAY        0.28          1.40 1934   0.12   0.16     0.00
  MONTH TO DATE    1.02                      2.98  -1.96     3.64
  SINCE DEC 1      7.30                     10.30  -3.00    11.34
  SINCE JAN 1      4.37                      6.59  -2.22     6.85

SNOWFALL (IN)
  YESTERDAY        0.0           6.5  1934   0.0    0.0
  MONTH TO DATE    T                         3.0   -3.0
  SINCE NOV 1      9.6                       8.0    1.6
  SINCE JUL 1      9.6                       8.0    1.6
  SNOW DEPTH       0

DEGREE DAYS
 HEATING
  YESTERDAY        3                        25    -22       13
  MONTH TO DATE  491                       690   -199      625
  SINCE DEC 1   2033                      2413   -380     1936
  SINCE JUL 1   2693                      3231   -538     2583

 COOLING
  YESTERDAY        0                         0      0        0
  MONTH TO DATE    0                         0      0        0
  SINCE DEC 1      0                         0      0        9
  SINCE JAN 1      0                         0      0        0
..................................................................


WIND (MPH)
  HIGHEST WIND SPEED    29   HIGHEST WIND DIRECTION     W (260)
  HIGHEST GUST SPEED    39   HIGHEST GUST DIRECTION     W (260)
  AVERAGE WIND SPEED     9.3


SKY COVER
  POSSIBLE SUNSHINE  MM
  AVERAGE SKY COVER 0.3


WEATHER CONDITIONS
 THE FOLLOWING WEATHER WAS RECORDED YESTERDAY.
  HEAVY RAIN
  RAIN
  LIGHT RAIN
  FOG


RELATIVE HUMIDITY (PERCENT)
 HIGHEST   100           200 AM
 LOWEST     57          1200 PM
 AVERAGE    79

..........................................................


THE SALISBURY MD CLIMATE NORMALS FOR TODAY
                         NORMAL    RECORD    YEAR
 MAXIMUM TEMPERATURE (F)   50        73      1930
 MINIMUM TEMPERATURE (F)   30        12      1970


SUNRISE AND SUNSET
FEBRUARY 26 2017......SUNRISE   638 AM EST   SUNSET   552 PM EST
FEBRUARY 27 2017......SUNRISE   636 AM EST   SUNSET   553 PM EST


-  INDICATES NEGATIVE NUMBERS.
R  INDICATES RECORD WAS SET OR TIED.
MM INDICATES DATA IS MISSING.
T  INDICATES TRACE AMOUNT.




$$
