000
CDUS41 KAKQ 250545
CLISBY


CLIMATE REPORT
NATIONAL WEATHER SERVICE WAKEFIELD, VA
145 AM EDT SAT MAR 25 2017


...................................

...THE SALISBURY MD CLIMATE SUMMARY FOR MARCH 24 2017...

CLIMATE NORMAL PERIOD 1981 TO 2010
CLIMATE RECORD PERIOD 1900 TO 2017


WEATHER ITEM   OBSERVED TIME   RECORD YEAR NORMAL DEPARTURE LAST
                VALUE   (LST)  VALUE       VALUE  FROM      YEAR
                                                  NORMAL
..................................................................
TEMPERATURE (F)
 YESTERDAY
  MAXIMUM         63    148 PM  83    1929  58      5       75
  MINIMUM         26    512 AM  17    1940  37    -11       53
  AVERAGE         45                        47     -2       64

PRECIPITATION (IN)
  YESTERDAY        0.00          1.62 1989   0.14  -0.14     0.00
  MONTH TO DATE    3.61                      3.38   0.23     1.47
  SINCE MAR 1      3.61                      3.38   0.23     1.47
  SINCE JAN 1      8.41                     10.34  -1.93     8.32

SNOWFALL (IN)
  YESTERDAY        0.0           T    2013   0.0    0.0
                                      1934
                                      1956
  MONTH TO DATE    T                         0.7   -0.7
  SINCE NOV 1      9.6                       9.0    0.6
  SINCE JUL 1      9.6                       9.0    0.6
  SNOW DEPTH       0

DEGREE DAYS
 HEATING
  YESTERDAY       20                        18      2        1
  MONTH TO DATE  559                       513     46      373
  SINCE MAR 1    559                       513     46      373
  SINCE JUL 1   3310                      3818   -508     3044

 COOLING
  YESTERDAY        0                         0      0        0
  MONTH TO DATE    2                         0      2        3
  SINCE MAR 1      2                         0      2        3
  SINCE JAN 1      2                         0      2        3
..................................................................


WIND (MPH)
  HIGHEST WIND SPEED    23   HIGHEST WIND DIRECTION    SW (210)
  HIGHEST GUST SPEED    32   HIGHEST GUST DIRECTION    SW (210)
  AVERAGE WIND SPEED    10.0


SKY COVER
  POSSIBLE SUNSHINE  MM
  AVERAGE SKY COVER 0.1


WEATHER CONDITIONS
 THE FOLLOWING WEATHER WAS RECORDED YESTERDAY.
  NO SIGNIFICANT WEATHER WAS OBSERVED.


RELATIVE HUMIDITY (PERCENT)
 HIGHEST    92           300 AM
 LOWEST     27           200 PM
 AVERAGE    60

..........................................................


THE SALISBURY MD CLIMATE NORMALS FOR TODAY
                         NORMAL    RECORD    YEAR
 MAXIMUM TEMPERATURE (F)   58        84      1939
 MINIMUM TEMPERATURE (F)   37        17      2009


SUNRISE AND SUNSET
MARCH 25 2017.........SUNRISE   657 AM EDT   SUNSET   719 PM EDT
MARCH 26 2017.........SUNRISE   656 AM EDT   SUNSET   720 PM EDT


-  INDICATES NEGATIVE NUMBERS.
R  INDICATES RECORD WAS SET OR TIED.
MM INDICATES DATA IS MISSING.
T  INDICATES TRACE AMOUNT.




$$
