563
CDUS41 KAKQ 070845
CLISBY


CLIMATE REPORT
NATIONAL WEATHER SERVICE WAKEFIELD, VA
345 AM EST SUN FEB 7 2016


...................................

...THE SALISBURY MD CLIMATE SUMMARY FOR FEBRUARY 6 2016...

CLIMATE NORMAL PERIOD 1981 TO 2010
CLIMATE RECORD PERIOD 1900 TO 2016


WEATHER ITEM   OBSERVED TIME   RECORD YEAR NORMAL DEPARTURE LAST
                VALUE   (LST)  VALUE       VALUE  FROM      YEAR
                                                  NORMAL
..................................................................
TEMPERATURE (F)
 YESTERDAY
  MAXIMUM         45    424 PM  75    2008  45      0       37
  MINIMUM         26    725 AM  -2    1996  27     -1       17
  AVERAGE         36                        36      0       27

PRECIPITATION (IN)
  YESTERDAY        0.00          1.28 2004   0.11  -0.11     0.00
  MONTH TO DATE    1.36                      0.71   0.65     0.61
  SINCE DEC 1      9.06                      8.03   1.03     9.20
  SINCE JAN 1      4.57                      4.32   0.25     5.17

SNOWFALL (IN)
  YESTERDAY        0.0           6.1  1978   0.2   -0.2
  MONTH TO DATE    1.3                       0.9    0.4
  SINCE NOV 1      8.0                       5.9    2.1
  SINCE JUL 1      8.0                       5.9    2.1
  SNOW DEPTH       0

DEGREE DAYS
 HEATING
  YESTERDAY       29                        29      0       38
  MONTH TO DATE  111                       174    -63      188
  SINCE DEC 1   1422                      1897   -475     1720
  SINCE JUL 1   2069                      2715   -646     2392

 COOLING
  YESTERDAY        0                         0      0        0
  MONTH TO DATE    0                         0      0        0
  SINCE DEC 1      9                         0      9        0
  SINCE JAN 1      0                         0      0        0
..................................................................


WIND (MPH)
  HIGHEST WIND SPEED     9   HIGHEST WIND DIRECTION    SE (150)
  HIGHEST GUST SPEED    12   HIGHEST GUST DIRECTION     S (160)
  AVERAGE WIND SPEED     1.3


SKY COVER
  POSSIBLE SUNSHINE  MM
  AVERAGE SKY COVER 0.0


WEATHER CONDITIONS
 THE FOLLOWING WEATHER WAS RECORDED YESTERDAY.
  NO SIGNIFICANT WEATHER WAS OBSERVED.


RELATIVE HUMIDITY (PERCENT)
 HIGHEST    92           200 AM
 LOWEST     43           400 PM
 AVERAGE    68

..........................................................


THE SALISBURY MD CLIMATE NORMALS FOR TODAY
                         NORMAL    RECORD    YEAR
 MAXIMUM TEMPERATURE (F)   46        69      2008
 MINIMUM TEMPERATURE (F)   27         1      1996


SUNRISE AND SUNSET
FEBRUARY  7 2016......SUNRISE   702 AM EST   SUNSET   531 PM EST
FEBRUARY  8 2016......SUNRISE   701 AM EST   SUNSET   532 PM EST


-  INDICATES NEGATIVE NUMBERS.
R  INDICATES RECORD WAS SET OR TIED.
MM INDICATES DATA IS MISSING.
T  INDICATES TRACE AMOUNT.




$$
