000
CDUS41 KAKQ 170534
CLISBY


CLIMATE REPORT
NATIONAL WEATHER SERVICE WAKEFIELD, VA
134 AM EDT THU AUG 17 2017


...................................

...THE SALISBURY MD CLIMATE SUMMARY FOR AUGUST 16 2017...

CLIMATE NORMAL PERIOD 1981 TO 2010
CLIMATE RECORD PERIOD 1900 TO 2017


WEATHER ITEM   OBSERVED TIME   RECORD YEAR NORMAL DEPARTURE LAST
                VALUE   (LST)  VALUE       VALUE  FROM      YEAR
                                                  NORMAL
..................................................................
TEMPERATURE (F)
 YESTERDAY
  MAXIMUM         90    244 PM  98    1997  85      5       94
                                      1938
  MINIMUM         73   1159 PM  50    1927  66      7       74
  AVERAGE         82                        75      7       84

PRECIPITATION (IN)
  YESTERDAY        0.00          1.92 1909   0.14  -0.14     0.80
  MONTH TO DATE    9.82                      2.46   7.36     0.86
  SINCE JUN 1     23.12                     10.55  12.57    13.49
  SINCE JAN 1     39.65                     29.10  10.55    32.22

SNOWFALL (IN)
  YESTERDAY        0.0           0.0  2002   0.0    0.0
                                      2001
  MONTH TO DATE    0.0                       0.0    0.0
  SINCE NOV 1      9.6                       9.3    0.3
  SINCE JUL 1      0.0                       0.0    0.0
  SNOW DEPTH       0

DEGREE DAYS
 HEATING
  YESTERDAY        0                         0      0        0
  MONTH TO DATE    0                         0      0        0
  SINCE JUN 1     15                        20     -5        1
  SINCE JUL 1      0                         1     -1        0

 COOLING
  YESTERDAY       17                        10      7       19
  MONTH TO DATE  162                       171     -9      248
  SINCE JUN 1    887                       762    125      917
  SINCE JAN 1   1025                       846    179     1002
..................................................................


WIND (MPH)
  HIGHEST WIND SPEED    13   HIGHEST WIND DIRECTION     W (290)
  HIGHEST GUST SPEED    17   HIGHEST GUST DIRECTION    NW (300)
  AVERAGE WIND SPEED     4.1


SKY COVER
  POSSIBLE SUNSHINE  MM
  AVERAGE SKY COVER 0.7


WEATHER CONDITIONS
 THE FOLLOWING WEATHER WAS RECORDED YESTERDAY.
  FOG
  FOG W/VISIBILITY <= 1/4 MILE


RELATIVE HUMIDITY (PERCENT)
 HIGHEST   100          1200 AM
 LOWEST     55           100 PM
 AVERAGE    78

..........................................................


THE SALISBURY MD CLIMATE NORMALS FOR TODAY
                         NORMAL    RECORD    YEAR
 MAXIMUM TEMPERATURE (F)   84        97      1997
                                             1938
 MINIMUM TEMPERATURE (F)   66        52      1979


SUNRISE AND SUNSET
AUGUST 17 2017........SUNRISE   619 AM EDT   SUNSET   753 PM EDT
AUGUST 18 2017........SUNRISE   619 AM EDT   SUNSET   751 PM EDT


-  INDICATES NEGATIVE NUMBERS.
R  INDICATES RECORD WAS SET OR TIED.
MM INDICATES DATA IS MISSING.
T  INDICATES TRACE AMOUNT.




$$
