316
CDUS41 KAKQ 070645
CLISBY


CLIMATE REPORT
NATIONAL WEATHER SERVICE WAKEFIELD, VA
145 AM EST WED DEC 7 2016


...................................

...THE SALISBURY MD CLIMATE SUMMARY FOR DECEMBER 6 2016...

CLIMATE NORMAL PERIOD 1981 TO 2010
CLIMATE RECORD PERIOD 1900 TO 2016


WEATHER ITEM   OBSERVED TIME   RECORD YEAR NORMAL DEPARTURE LAST
                VALUE   (LST)  VALUE       VALUE  FROM      YEAR
                                                  NORMAL
..................................................................
TEMPERATURE (F)
 YESTERDAY
  MAXIMUM         50   1159 PM  77    1998  51     -1       56
  MINIMUM         40    657 AM  11    2007  32      8       27
  AVERAGE         45                        42      3       42

PRECIPITATION (IN)
  YESTERDAY        1.14R         1.04 1945   0.13   1.01     0.00
  MONTH TO DATE    1.55                      0.77   0.78     0.96
  SINCE DEC 1      1.55                      0.77   0.78     0.96
  SINCE JAN 1     53.05                     42.74  10.31    47.84

SNOWFALL (IN)
  YESTERDAY       MM             2.0  2005   0.1   MM
  MONTH TO DATE    0.0                       0.3   -0.3
  SINCE NOV 1      0.0                       0.5   -0.5
  SINCE JUL 1      0.0                       0.5   -0.5
  SNOW DEPTH       0

DEGREE DAYS
 HEATING
  YESTERDAY       20                        23     -3       23
  MONTH TO DATE  119                       135    -16      104
  SINCE DEC 1    119                       135    -16      104
  SINCE JUL 1    779                       953   -174      751

 COOLING
  YESTERDAY        0                         0      0        0
  MONTH TO DATE    0                         0      0        0
  SINCE DEC 1      0                         0      0        0
  SINCE JAN 1   1481                      1153    328     1342
..................................................................


WIND (MPH)
  HIGHEST WIND SPEED    29   HIGHEST WIND DIRECTION    NE (50)
  HIGHEST GUST SPEED    38   HIGHEST GUST DIRECTION    NE (50)
  AVERAGE WIND SPEED    10.3


SKY COVER
  POSSIBLE SUNSHINE  MM
  AVERAGE SKY COVER 0.6


WEATHER CONDITIONS
 THE FOLLOWING WEATHER WAS RECORDED YESTERDAY.
  HEAVY RAIN
  RAIN
  LIGHT RAIN
  FOG


RELATIVE HUMIDITY (PERCENT)
 HIGHEST   100           500 PM
 LOWEST     76          1200 AM
 AVERAGE    88

..........................................................


THE SALISBURY MD CLIMATE NORMALS FOR TODAY
                         NORMAL    RECORD    YEAR
 MAXIMUM TEMPERATURE (F)   51        77      1998
 MINIMUM TEMPERATURE (F)   32        10      2007


SUNRISE AND SUNSET
DECEMBER  7 2016......SUNRISE   706 AM EST   SUNSET   441 PM EST
DECEMBER  8 2016......SUNRISE   707 AM EST   SUNSET   441 PM EST


-  INDICATES NEGATIVE NUMBERS.
R  INDICATES RECORD WAS SET OR TIED.
MM INDICATES DATA IS MISSING.
T  INDICATES TRACE AMOUNT.




$$
