000
CDUS41 KAKQ 240545
CLISBY


CLIMATE REPORT
NATIONAL WEATHER SERVICE WAKEFIELD, VA
145 AM EDT SAT JUN 24 2017


...................................

...THE SALISBURY MD CLIMATE SUMMARY FOR JUNE 23 2017...

CLIMATE NORMAL PERIOD 1981 TO 2010
CLIMATE RECORD PERIOD 1900 TO 2017


WEATHER ITEM   OBSERVED TIME   RECORD YEAR NORMAL DEPARTURE LAST
                VALUE   (LST)  VALUE       VALUE  FROM      YEAR
                                                  NORMAL
..................................................................
TEMPERATURE (F)
 YESTERDAY
  MAXIMUM         89    356 PM  99    1988  84      5       79
  MINIMUM         72    811 AM  43    2007  64      8       64
  AVERAGE         81                        74      7       72

PRECIPITATION (IN)
  YESTERDAY        0.13          2.81 2006   0.12   0.01     0.40
  MONTH TO DATE    1.88                      2.88  -1.00     3.42
  SINCE JUN 1      1.88                      2.88  -1.00     3.42
  SINCE JAN 1     18.41                     21.43  -3.02    22.15

SNOWFALL (IN)
  YESTERDAY        0.0           0.0  2002   0.0    0.0
                                      2001
  MONTH TO DATE    0.0                       0.0    0.0
  SINCE NOV 1      9.6                       9.3    0.3
  SINCE JUL 1      9.6                       9.3    0.3
  SNOW DEPTH       0

DEGREE DAYS
 HEATING
  YESTERDAY        0                         0      0        0
  MONTH TO DATE   15                        18     -3        1
  SINCE JUN 1     15                        18     -3        1
  SINCE JUL 1   3703                      4440   -737     3637

 COOLING
  YESTERDAY       16                         9      7        7
  MONTH TO DATE  216                       155     61      157
  SINCE JUN 1    216                       155     61      157
  SINCE JAN 1    354                       239    115      242
..................................................................


WIND (MPH)
  HIGHEST WIND SPEED    26   HIGHEST WIND DIRECTION     W (250)
  HIGHEST GUST SPEED    35   HIGHEST GUST DIRECTION     W (250)
  AVERAGE WIND SPEED    12.2


SKY COVER
  POSSIBLE SUNSHINE  MM
  AVERAGE SKY COVER 0.3


WEATHER CONDITIONS
 THE FOLLOWING WEATHER WAS RECORDED YESTERDAY.
  RAIN
  LIGHT RAIN
  FOG


RELATIVE HUMIDITY (PERCENT)
 HIGHEST   100          1200 AM
 LOWEST     68           100 PM
 AVERAGE    84

..........................................................


THE SALISBURY MD CLIMATE NORMALS FOR TODAY
                         NORMAL    RECORD    YEAR
 MAXIMUM TEMPERATURE (F)   85       100      1914
 MINIMUM TEMPERATURE (F)   64        46      1947


SUNRISE AND SUNSET
JUNE 24 2017..........SUNRISE   539 AM EDT   SUNSET   830 PM EDT
JUNE 25 2017..........SUNRISE   540 AM EDT   SUNSET   830 PM EDT


-  INDICATES NEGATIVE NUMBERS.
R  INDICATES RECORD WAS SET OR TIED.
MM INDICATES DATA IS MISSING.
T  INDICATES TRACE AMOUNT.




$$
