000
CDUS46 KSTO 230840
CLISCK


CLIMATE REPORT
NATIONAL WEATHER SERVICE SACRAMENTO, CA
139 AM PDT MON OCT 23 2017


...................................

...THE STOCKTON AIRPORT CA CLIMATE SUMMARY FOR OCTOBER 22 2017...

CLIMATE NORMAL PERIOD 1981 TO 2010
CLIMATE RECORD PERIOD 1948 TO 2017


WEATHER ITEM   OBSERVED TIME   RECORD YEAR NORMAL DEPARTURE LAST
                VALUE   (LST)  VALUE       VALUE  FROM      YEAR
                                                  NORMAL
..................................................................
TEMPERATURE (F)
 YESTERDAY
  MAXIMUM         78    303 PM  88    1964  75      3       79
  MINIMUM         42    616 AM  36    1949  48     -6       49
  AVERAGE         60

PRECIPITATION (IN)
  YESTERDAY        0.00          0.63 1973   0.03  -0.03     0.00
  MONTH TO DATE    0.12                      0.46  -0.34     1.02
  SINCE OCT 1      0.12                      0.46  -0.34     1.02
  SINCE JAN 1     15.75                      9.79   5.96    13.14

SNOWFALL (IN)
  YESTERDAY        0.0           0.0  2002
                                      2001
  MONTH TO DATE    0.0
  SINCE SEP 1      0.0
  SINCE JUL 1      0.0
  SNOW DEPTH       0

DEGREE DAYS
 HEATING
  YESTERDAY        5                         4      1        1
  MONTH TO DATE   38                        44     -6       34
  SINCE SEP 1     41                        50     -9       38
  SINCE JUL 1     41                        50     -9       38

 COOLING
  YESTERDAY        0                         1     -1        0
  MONTH TO DATE   22                        51    -29       22
  SINCE SEP 1    337                       273     64      246
  SINCE JAN 1   1768                      1317    451     1444
..................................................................


WIND (MPH)
  RESULTANT WIND SPEED   6   RESULTANT WIND DIRECTION  NW (310)
  HIGHEST WIND SPEED    16   HIGHEST WIND DIRECTION    NW (310)
  HIGHEST GUST SPEED    21   HIGHEST GUST DIRECTION    NW (320)


SKY COVER
  POSSIBLE SUNSHINE  MM
  AVERAGE SKY COVER 0.1


WEATHER CONDITIONS
 THE FOLLOWING WEATHER WAS RECORDED YESTERDAY.
  FOG


RELATIVE HUMIDITY (PERCENT)
 HIGHEST   100           200 AM
 LOWEST     35           300 PM
 AVERAGE    68

..........................................................


THE STOCKTON AIRPORT CA CLIMATE NORMALS FOR TODAY
                         NORMAL    RECORD    YEAR
 MAXIMUM TEMPERATURE (F)   75        88      1965
                                             1959
 MINIMUM TEMPERATURE (F)   48        38      2000


SUNRISE AND SUNSET
OCTOBER 23 2017.......SUNRISE   722 AM PDT   SUNSET   616 PM PDT
OCTOBER 24 2017.......SUNRISE   723 AM PDT   SUNSET   615 PM PDT


-  INDICATES NEGATIVE NUMBERS.
R  INDICATES RECORD WAS SET OR TIED.
MM INDICATES DATA IS MISSING.
T  INDICATES TRACE AMOUNT.




$$
