000
CDUS46 KSTO 201435
CLISCK


CLIMATE REPORT
NATIONAL WEATHER SERVICE SACRAMENTO, CA
735 AM PDT SUN APR 20 2014


...................................

...THE STOCKTON AIRPORT CA CLIMATE SUMMARY FOR APRIL 19 2014...

CLIMATE NORMAL PERIOD 1981 TO 2010
CLIMATE RECORD PERIOD 1948 TO 2014


WEATHER ITEM   OBSERVED TIME   RECORD YEAR NORMAL DEPARTURE LAST
                VALUE   (LST)  VALUE       VALUE  FROM      YEAR
                                                  NORMAL
..................................................................
TEMPERATURE (F)
 YESTERDAY
  MAXIMUM         77    246 PM  92    2009  74      3       84
  MINIMUM         51    607 AM  37    1979  46      5       45
                                      1955
  AVERAGE         64

PRECIPITATION (IN)
  YESTERDAY        0.00          0.68 1988   0.03  -0.03     0.00
  MONTH TO DATE    0.40                      0.69  -0.29     0.41
  SINCE JUL 1      7.08                     13.16  -6.08     9.89
  SINCE JAN 1      5.37                      8.13  -2.76     2.77

SNOWFALL (IN)
  YESTERDAY        0.0          MM      MM
  MONTH TO DATE    0.0
  SINCE MAR 1      0.0
  SINCE JUL 1      0.0
  SNOW DEPTH       0

DEGREE DAYS
 HEATING
  YESTERDAY        1                         6     -5        0
  MONTH TO DATE   70                       139    -69       74
  SINCE MAR 1    269                       463   -194      295
  SINCE JUL 1   2102                      2525   -423     2298

 COOLING
  YESTERDAY        0                         1     -1        0
  MONTH TO DATE   18                         2     16        2
  SINCE MAR 1     18                         2     16        2
  SINCE JAN 1     18                         2     16        2
..................................................................


WIND (MPH)
  RESULTANT WIND SPEED  11   RESULTANT WIND DIRECTION   W (270)
  HIGHEST WIND SPEED    22   HIGHEST WIND DIRECTION     W (270)
  HIGHEST GUST SPEED    26   HIGHEST GUST DIRECTION     W (270)


SKY COVER
  POSSIBLE SUNSHINE  MM
  AVERAGE SKY COVER 0.0


WEATHER CONDITIONS
 THE FOLLOWING WEATHER WAS RECORDED YESTERDAY.
  NO SIGNIFICANT WEATHER WAS OBSERVED.


RELATIVE HUMIDITY (PERCENT)
 HIGHEST    89          1100 PM
 LOWEST     23           100 PM
 AVERAGE    56

..........................................................


THE STOCKTON AIRPORT CA CLIMATE NORMALS FOR TODAY
                         NORMAL    RECORD    YEAR
 MAXIMUM TEMPERATURE (F)   74        96      2009
 MINIMUM TEMPERATURE (F)   47        32      2008


SUNRISE AND SUNSET
APRIL 20 2014.........SUNRISE   623 AM PDT   SUNSET   746 PM PDT
APRIL 21 2014.........SUNRISE   621 AM PDT   SUNSET   747 PM PDT


-  INDICATES NEGATIVE NUMBERS.
R  INDICATES RECORD WAS SET OR TIED.
MM INDICATES DATA IS MISSING.
T  INDICATES TRACE AMOUNT.




$$
