000
CDUS46 KSTO 200842
CLISCK


CLIMATE REPORT
NATIONAL WEATHER SERVICE SACRAMENTO, CA
141 AM PDT SUN AUG 20 2017


...................................

...THE STOCKTON AIRPORT CA CLIMATE SUMMARY FOR AUGUST 19 2017...

CLIMATE NORMAL PERIOD 1981 TO 2010
CLIMATE RECORD PERIOD 1948 TO 2017


WEATHER ITEM   OBSERVED TIME   RECORD YEAR NORMAL DEPARTURE LAST
                VALUE   (LST)  VALUE       VALUE  FROM      YEAR
                                                  NORMAL
..................................................................
TEMPERATURE (F)
 YESTERDAY
  MAXIMUM         94    322 PM 107    1950  92      2       93
  MINIMUM         61    605 AM  48    1959  59      2       60
  AVERAGE         78

PRECIPITATION (IN)
  YESTERDAY        0.00          0.13 1976   0.00   0.00     0.00
  MONTH TO DATE    T                         0.00   0.00      T
  SINCE OCT 1     21.78                     13.76   8.02    16.69
  SINCE JAN 1     15.62                      9.03   6.59    12.12

SNOWFALL (IN)
  YESTERDAY        0.0          MM      MM
  MONTH TO DATE    0.0
  SINCE JUN 1      0.0
  SINCE JUL 1      0.0
  SNOW DEPTH       0

DEGREE DAYS
 HEATING
  YESTERDAY        0                         0      0        0
  MONTH TO DATE    0                         0      0        0
  SINCE JUN 1      4                         7     -3        2
  SINCE JUL 1      0                         0      0        0

 COOLING
  YESTERDAY       13                        11      2       12
  MONTH TO DATE  274                       213     61      227
  SINCE JUN 1   1122                       806    316      940
  SINCE JAN 1   1285                       925    360     1086
..................................................................


WIND (MPH)
  RESULTANT WIND SPEED   7   RESULTANT WIND DIRECTION  NW (320)
  HIGHEST WIND SPEED    15   HIGHEST WIND DIRECTION    NW (300)
  HIGHEST GUST SPEED    25   HIGHEST GUST DIRECTION     N (10)


SKY COVER
  POSSIBLE SUNSHINE  MM
  AVERAGE SKY COVER 0.0


WEATHER CONDITIONS
 THE FOLLOWING WEATHER WAS RECORDED YESTERDAY.
  FOG


RELATIVE HUMIDITY (PERCENT)
 HIGHEST    90           400 AM
 LOWEST     33           300 PM
 AVERAGE    62

..........................................................


THE STOCKTON AIRPORT CA CLIMATE NORMALS FOR TODAY
                         NORMAL    RECORD    YEAR
 MAXIMUM TEMPERATURE (F)   92       103      1961
                                             1950
 MINIMUM TEMPERATURE (F)   59        50      1968


SUNRISE AND SUNSET
AUGUST 20 2017........SUNRISE   625 AM PDT   SUNSET   751 PM PDT
AUGUST 21 2017........SUNRISE   626 AM PDT   SUNSET   750 PM PDT


-  INDICATES NEGATIVE NUMBERS.
R  INDICATES RECORD WAS SET OR TIED.
MM INDICATES DATA IS MISSING.
T  INDICATES TRACE AMOUNT.




$$
