000
CDUS46 KSTO 310838
CLISCK


CLIMATE REPORT
NATIONAL WEATHER SERVICE SACRAMENTO, CA
1237 AM PST SAT JAN 31 2015


...................................

...THE STOCKTON AIRPORT CA CLIMATE SUMMARY FOR JANUARY 30 2015...

CLIMATE NORMAL PERIOD 1981 TO 2010
CLIMATE RECORD PERIOD 1948 TO 2015


WEATHER ITEM   OBSERVED TIME   RECORD YEAR NORMAL DEPARTURE LAST
                VALUE   (LST)  VALUE       VALUE  FROM      YEAR
                                                  NORMAL
..................................................................
TEMPERATURE (F)
 YESTERDAY
  MAXIMUM         66    426 PM  71    1976  57      9       62
  MINIMUM         36    549 AM  23    1975  39     -3       51
  AVERAGE         51

PRECIPITATION (IN)
  YESTERDAY        0.00          2.70 1968   0.09  -0.09     0.11
  MONTH TO DATE    0.02                      2.64  -2.62     0.11
  SINCE OCT 1      7.86                      7.37   0.49     1.54
  SINCE JAN 1      0.02                      2.64  -2.62     0.11

SNOWFALL (IN)
  YESTERDAY        0.0           0.0  2002
  MONTH TO DATE    0.0
  SINCE DEC 1      0.0
  SINCE JUL 1      0.0
  SNOW DEPTH       0

DEGREE DAYS
 HEATING
  YESTERDAY       14                        17     -3        8
  MONTH TO DATE  497                       576    -79      450
  SINCE DEC 1    868                      1179   -311     1087
  SINCE JUL 1   1154                      1636   -482     1486

 COOLING
  YESTERDAY        0                         0      0        0
  MONTH TO DATE    0                         0      0        0
  SINCE DEC 1      0                         0      0        0
  SINCE JAN 1      0                         0      0        0
..................................................................


WIND (MPH)
  RESULTANT WIND SPEED   1   RESULTANT WIND DIRECTION  NW (320)
  HIGHEST WIND SPEED    12   HIGHEST WIND DIRECTION    NW (310)
  HIGHEST GUST SPEED    14   HIGHEST GUST DIRECTION    NW (300)


SKY COVER
  POSSIBLE SUNSHINE  MM
  AVERAGE SKY COVER 0.2


WEATHER CONDITIONS
 THE FOLLOWING WEATHER WAS RECORDED YESTERDAY.
  FOG
  FOG W/VISIBILITY <= 1/4 MILE
  HAZE


RELATIVE HUMIDITY (PERCENT)
 HIGHEST   100           500 AM
 LOWEST     48           400 PM
 AVERAGE    74

..........................................................


THE STOCKTON AIRPORT CA CLIMATE NORMALS FOR TODAY
                         NORMAL    RECORD    YEAR
 MAXIMUM TEMPERATURE (F)   57        70      1976
 MINIMUM TEMPERATURE (F)   39        26      1949


SUNRISE AND SUNSET
JANUARY 31 2015.......SUNRISE   710 AM PST   SUNSET   527 PM PST
FEBRUARY  1 2015......SUNRISE   709 AM PST   SUNSET   528 PM PST


-  INDICATES NEGATIVE NUMBERS.
R  INDICATES RECORD WAS SET OR TIED.
MM INDICATES DATA IS MISSING.
T  INDICATES TRACE AMOUNT.




$$
