000
CDUS46 KSTO 290836
CLISCK


CLIMATE REPORT
NATIONAL WEATHER SERVICE SACRAMENTO, CA
136 AM PDT FRI MAY 29 2015


...................................

...THE STOCKTON AIRPORT CA CLIMATE SUMMARY FOR MAY 28 2015...

CLIMATE NORMAL PERIOD 1981 TO 2010
CLIMATE RECORD PERIOD 1948 TO 2015


WEATHER ITEM   OBSERVED TIME   RECORD YEAR NORMAL DEPARTURE LAST
                VALUE   (LST)  VALUE       VALUE  FROM      YEAR
                                                  NORMAL
..................................................................
TEMPERATURE (F)
 YESTERDAY
  MAXIMUM         85    515 PM 107    1984  84      1       83
  MINIMUM         53    506 AM  42    2010  54     -1       55
  AVERAGE         69

PRECIPITATION (IN)
  YESTERDAY        0.00          0.72 1998   0.02  -0.02     0.00
  MONTH TO DATE    0.02                      0.50  -0.48      T
  SINCE OCT 1     10.62                     13.65  -3.03     7.22
  SINCE JAN 1      2.78                      8.92  -6.14     5.79

SNOWFALL (IN)
  YESTERDAY        0.0          MM      MM
  MONTH TO DATE    0.0
  SINCE MAR 1      0.0
  SINCE JUL 1      0.0
  SNOW DEPTH       0

DEGREE DAYS
 HEATING
  YESTERDAY        0                         1     -1        0
  MONTH TO DATE   42                        56    -14       13
  SINCE MAR 1    274                       570   -296      327
  SINCE JUL 1   1713                      2632   -919     2160

 COOLING
  YESTERDAY        4                         5     -1        4
  MONTH TO DATE   32                        87    -55      139
  SINCE MAR 1     81                       104    -23      168
  SINCE JAN 1     81                       104    -23      168
..................................................................


WIND (MPH)
  RESULTANT WIND SPEED   7   RESULTANT WIND DIRECTION  NW (300)
  HIGHEST WIND SPEED    16   HIGHEST WIND DIRECTION     W (280)
  HIGHEST GUST SPEED    21   HIGHEST GUST DIRECTION     W (290)


SKY COVER
  POSSIBLE SUNSHINE  MM
  AVERAGE SKY COVER 0.0


WEATHER CONDITIONS
 THE FOLLOWING WEATHER WAS RECORDED YESTERDAY.
  NO SIGNIFICANT WEATHER WAS OBSERVED.


RELATIVE HUMIDITY (PERCENT)
 HIGHEST    89           300 AM
 LOWEST     37           300 PM
 AVERAGE    63

..........................................................


THE STOCKTON AIRPORT CA CLIMATE NORMALS FOR TODAY
                         NORMAL    RECORD    YEAR
 MAXIMUM TEMPERATURE (F)   84       103      1973
 MINIMUM TEMPERATURE (F)   54        44      1985


SUNRISE AND SUNSET
MAY 29 2015...........SUNRISE   546 AM PDT   SUNSET   819 PM PDT
MAY 30 2015...........SUNRISE   545 AM PDT   SUNSET   820 PM PDT


-  INDICATES NEGATIVE NUMBERS.
R  INDICATES RECORD WAS SET OR TIED.
MM INDICATES DATA IS MISSING.
T  INDICATES TRACE AMOUNT.




$$
