000
CDUS46 KSTO 220841
CLISCK


CLIMATE REPORT
NATIONAL WEATHER SERVICE SACRAMENTO, CA
1241 AM PST MON JAN 22 2018


...................................

...THE STOCKTON AIRPORT CA CLIMATE SUMMARY FOR JANUARY 21 2018...

CLIMATE NORMAL PERIOD 1981 TO 2010
CLIMATE RECORD PERIOD 1948 TO 2018


WEATHER ITEM   OBSERVED TIME   RECORD YEAR NORMAL DEPARTURE LAST
                VALUE   (LST)  VALUE       VALUE  FROM      YEAR
                                                  NORMAL
..................................................................
TEMPERATURE (F)
 YESTERDAY
  MAXIMUM         58    334 PM  70    1950  55      3       55
  MINIMUM         33    713 AM  22    1963  38     -5       44
  AVERAGE         46

PRECIPITATION (IN)
  YESTERDAY        0.00          3.01 1967   0.09  -0.09     0.12
  MONTH TO DATE    2.70                      1.83   0.87     5.77
  SINCE OCT 1      3.66                      6.56  -2.90    11.93
  SINCE JAN 1      2.70                      1.83   0.87     5.77

SNOWFALL (IN)
  YESTERDAY        0.0          MM      MM
  MONTH TO DATE    0.0
  SINCE DEC 1      0.0
  SINCE JUL 1      0.0
  SNOW DEPTH       0

DEGREE DAYS
 HEATING
  YESTERDAY       19                        19      0       15
  MONTH TO DATE  261                       414   -153      369
  SINCE DEC 1    792                      1017   -225      940
  SINCE JUL 1   1096                      1474   -378     1209

 COOLING
  YESTERDAY        0                         0      0        0
  MONTH TO DATE    0                         0      0        0
  SINCE DEC 1      0                         0      0        0
  SINCE JAN 1      0                         0      0        0
..................................................................


WIND (MPH)
  RESULTANT WIND SPEED   4   RESULTANT WIND DIRECTION  SE (130)
  HIGHEST WIND SPEED     9   HIGHEST WIND DIRECTION    SE (130)
  HIGHEST GUST SPEED    12   HIGHEST GUST DIRECTION    SE (130)


SKY COVER
  POSSIBLE SUNSHINE  MM
  AVERAGE SKY COVER 0.3


WEATHER CONDITIONS
 THE FOLLOWING WEATHER WAS RECORDED YESTERDAY.
  NO SIGNIFICANT WEATHER WAS OBSERVED.


RELATIVE HUMIDITY (PERCENT)
 HIGHEST   100           700 AM
 LOWEST     47           300 PM
 AVERAGE    74

..........................................................


THE STOCKTON AIRPORT CA CLIMATE NORMALS FOR TODAY
                         NORMAL    RECORD    YEAR
 MAXIMUM TEMPERATURE (F)   55        67      1970
 MINIMUM TEMPERATURE (F)   38        26      1963
                                             1962


SUNRISE AND SUNSET
JANUARY 22 2018.......SUNRISE   716 AM PST   SUNSET   517 PM PST
JANUARY 23 2018.......SUNRISE   716 AM PST   SUNSET   518 PM PST


-  INDICATES NEGATIVE NUMBERS.
R  INDICATES RECORD WAS SET OR TIED.
MM INDICATES DATA IS MISSING.
T  INDICATES TRACE AMOUNT.




$$
