000
CDUS46 KLOX 230112
CLISDB


CLIMATE REPORT
NATIONAL WEATHER SERVICE LOS ANGELES/OXNARD CA
611 PM PDT SAT APR 22 2017


...................................

...THE SANDBERG CA CLIMATE SUMMARY FOR APRIL 22 2017...
VALID TODAY AS OF 0600 PM LOCAL TIME.

CLIMATE NORMAL PERIOD 1981 TO 2010
CLIMATE RECORD PERIOD 1934 TO 2017


WEATHER ITEM   OBSERVED TIME   RECORD YEAR NORMAL DEPARTURE LAST
                VALUE   (LST)  VALUE       VALUE  FROM      YEAR
                                                  NORMAL
..................................................................
TEMPERATURE (F)
 TODAY
  MAXIMUM         84R   134 PM  82    1949  60     24       68
  MINIMUM         61    528 AM  25    1967  43     18       44
  AVERAGE         73                        52     21       56

PRECIPITATION (IN)
  TODAY            0.00          0.21 1967   0.02  -0.02     0.00
  MONTH TO DATE    0.09                      0.51  -0.42     0.41
  SINCE OCT 1     12.69                     11.52   1.17     6.58
  SINCE JAN 1      8.85                      7.89   0.96     4.88

DEGREE DAYS
 HEATING
  TODAY            0                        14    -14        9
  MONTH TO DATE  194                       345   -151      142
  SINCE MAR 1    525                       915   -390      527
  SINCE JUL 1   2782                      3674   -892     2787

 COOLING
  TODAY            8                         0      8        0
  MONTH TO DATE    8                         0      8       18
  SINCE MAR 1     24                         1     23       19
  SINCE JAN 1     24                         1     23       19
..................................................................


WIND (MPH)
  HIGHEST WIND SPEED    18   HIGHEST WIND DIRECTION    NW (330)
  HIGHEST GUST SPEED    23   HIGHEST GUST DIRECTION    NW (330)
  AVERAGE WIND SPEED     8.2


SKY COVER
  POSSIBLE SUNSHINE  MM
  AVERAGE SKY COVER 0.0


WEATHER CONDITIONS
 THE FOLLOWING WEATHER WAS RECORDED TODAY.
  NO SIGNIFICANT WEATHER WAS OBSERVED.


RELATIVE HUMIDITY (PERCENT)
 HIGHEST    27           300 PM
 LOWEST     13          1200 PM
 AVERAGE    20

..........................................................


THE SANDBERG CA CLIMATE NORMALS FOR TOMORROW
                         NORMAL    RECORD    YEAR
 MAXIMUM TEMPERATURE (F)   60        85      1949
 MINIMUM TEMPERATURE (F)   43        26      1964


SUNRISE AND SUNSET
APRIL 22 2017.........SUNRISE   614 AM PDT   SUNSET   733 PM PDT
APRIL 23 2017.........SUNRISE   613 AM PDT   SUNSET   734 PM PDT


-  INDICATES NEGATIVE NUMBERS.
R  INDICATES RECORD WAS SET OR TIED.
MM INDICATES DATA IS MISSING.
T  INDICATES TRACE AMOUNT.




$$
