120
CDUS46 KLOX 190915
CLISDB


CLIMATE REPORT
NATIONAL WEATHER SERVICE LOS ANGELES/OXNARD CA
115 AM PST THU JAN 19 2017


...................................

...THE SANDBERG CA CLIMATE SUMMARY FOR JANUARY 18 2017...

CLIMATE NORMAL PERIOD 1981 TO 2010
CLIMATE RECORD PERIOD 1934 TO 2017


WEATHER ITEM   OBSERVED TIME   RECORD YEAR NORMAL DEPARTURE LAST
                VALUE   (LST)  VALUE       VALUE  FROM      YEAR
                                                  NORMAL
..................................................................
TEMPERATURE (F)
 YESTERDAY
  MAXIMUM         49   1020 AM  71    2015  49      0       55
  MINIMUM         37   1049 PM  18    1943  37      0       42
  AVERAGE         43                        43      0       49

PRECIPITATION (IN)
  YESTERDAY        0.02          2.22 1993   0.07  -0.05     0.00
  MONTH TO DATE    1.28                      1.66  -0.38     1.89
  SINCE OCT 1      5.12                      5.29  -0.17     3.59
  SINCE JAN 1      1.28                      1.66  -0.38     1.89

DEGREE DAYS
 HEATING
  YESTERDAY       22                        22      0       16
  MONTH TO DATE  388                       399    -11      405
  SINCE DEC 1   1003                      1101    -98     1090
  SINCE JUL 1   1452                      1880   -428     1706

 COOLING
  YESTERDAY        0                         0      0        0
  MONTH TO DATE    0                         0      0        0
  SINCE DEC 1      0                         0      0        0
  SINCE JAN 1      0                         0      0        0
..................................................................


WIND (MPH)
  HIGHEST WIND SPEED    32   HIGHEST WIND DIRECTION     S (190)
  HIGHEST GUST SPEED    44   HIGHEST GUST DIRECTION     S (180)
  AVERAGE WIND SPEED    16.3


SKY COVER
  POSSIBLE SUNSHINE  MM
  AVERAGE SKY COVER 0.4


WEATHER CONDITIONS
 THE FOLLOWING WEATHER WAS RECORDED YESTERDAY.
  LIGHT RAIN
  FOG
  FOG W/VISIBILITY <= 1/4 MILE


RELATIVE HUMIDITY (PERCENT)
 HIGHEST   100           900 PM
 LOWEST     21           200 AM
 AVERAGE    61

..........................................................


THE SANDBERG CA CLIMATE NORMALS FOR TODAY
                         NORMAL    RECORD    YEAR
 MAXIMUM TEMPERATURE (F)   49        68      2014
                                             1971
 MINIMUM TEMPERATURE (F)   37        13      1935


SUNRISE AND SUNSET
JANUARY 19 2017.......SUNRISE   700 AM PST   SUNSET   511 PM PST
JANUARY 20 2017.......SUNRISE   700 AM PST   SUNSET   512 PM PST


-  INDICATES NEGATIVE NUMBERS.
R  INDICATES RECORD WAS SET OR TIED.
MM INDICATES DATA IS MISSING.
T  INDICATES TRACE AMOUNT.




$$
