000
CDUS46 KLOX 270112
CLISDB


CLIMATE REPORT
NATIONAL WEATHER SERVICE LOS ANGELES/OXNARD CA
612 PM PDT THU MAR 26 2015


...................................

...THE SANDBERG CA CLIMATE SUMMARY FOR MARCH 26 2015...
VALID TODAY AS OF 0600 PM LOCAL TIME.

CLIMATE NORMAL PERIOD 1981 TO 2010
CLIMATE RECORD PERIOD 1934 TO 2015


WEATHER ITEM   OBSERVED TIME   RECORD YEAR NORMAL DEPARTURE LAST
                VALUE   (LST)  VALUE       VALUE  FROM      YEAR
                                                  NORMAL
..................................................................
TEMPERATURE (F)
 TODAY
  MAXIMUM         77R       MM  75    1988  56     21       52
  MINIMUM         57    300 AM  23    1975  40     17       39
  AVERAGE         67                        48     19       46

PRECIPITATION (IN)
  TODAY            0.00          0.79 1993   0.05  -0.05      T
  MONTH TO DATE    0.27                      1.52  -1.25     0.24
  SINCE OCT 1      6.81                     10.80  -3.99     3.85
  SINCE JAN 1      1.91                      7.17  -5.26     3.15

DEGREE DAYS
 HEATING
  TODAY            0                        18    -18       19
  MONTH TO DATE  214                       485   -271      263
  SINCE MAR 1    214                       485   -271      263
  SINCE JUL 1   1845                      3244  -1399     2048

 COOLING
  TODAY            2                         0      2        0
  MONTH TO DATE   13                         0     13        3
  SINCE MAR 1     13                         0     13        3
  SINCE JAN 1     16                         0     16       10
..................................................................


WIND (MPH)
  HIGHEST WIND SPEED    22   HIGHEST WIND DIRECTION     E (80)
  HIGHEST GUST SPEED    33   HIGHEST GUST DIRECTION     E (80)
  AVERAGE WIND SPEED     9.1


SKY COVER
  POSSIBLE SUNSHINE  MM
  AVERAGE SKY COVER 0.0


WEATHER CONDITIONS
 THE FOLLOWING WEATHER WAS RECORDED TODAY.
  NO SIGNIFICANT WEATHER WAS OBSERVED.


RELATIVE HUMIDITY (PERCENT)
 HIGHEST    28          1200 AM
 LOWEST     14           100 PM
 AVERAGE    21

..........................................................


THE SANDBERG CA CLIMATE NORMALS FOR TOMORROW
                         NORMAL    RECORD    YEAR
 MAXIMUM TEMPERATURE (F)   56        72      1969
 MINIMUM TEMPERATURE (F)   40        26      1975


SUNRISE AND SUNSET
MARCH 26 2015.........SUNRISE   650 AM PDT   SUNSET   711 PM PDT
MARCH 27 2015.........SUNRISE   649 AM PDT   SUNSET   712 PM PDT


-  INDICATES NEGATIVE NUMBERS.
R  INDICATES RECORD WAS SET OR TIED.
MM INDICATES DATA IS MISSING.
T  INDICATES TRACE AMOUNT.




$$
