000
CDUS46 KLOX 220911
CLISDB


CLIMATE REPORT
NATIONAL WEATHER SERVICE LOS ANGELES/OXNARD CA
210 AM PDT FRI AUG 22 2014


...................................

...THE SANDBERG CA CLIMATE SUMMARY FOR AUGUST 21 2014...

CLIMATE NORMAL PERIOD 1981 TO 2010
CLIMATE RECORD PERIOD 1948 TO 2014


WEATHER ITEM   OBSERVED TIME   RECORD YEAR NORMAL DEPARTURE LAST
                VALUE   (LST)  VALUE       VALUE  FROM      YEAR
                                                  NORMAL
..................................................................
TEMPERATURE (F)
 YESTERDAY
  MAXIMUM         86    253 PM  93    1961  84      2       92
  MINIMUM         61    536 AM  41    1968  64     -3       70
  AVERAGE         74                        74      0       81

PRECIPITATION (IN)
  YESTERDAY        0.00          0.01 1949   0.00   0.00     0.00
  MONTH TO DATE    0.16                      0.02   0.14     0.00
  SINCE JUL 1      0.17                      0.04   0.13     0.06
  SINCE JAN 1      3.75                      8.52  -4.77     2.97

DEGREE DAYS
 HEATING
  YESTERDAY        0                         0      0        0
  MONTH TO DATE    0                         0      0        0
  SINCE JUN 1      7                        92    -85       16
  SINCE JUL 1      0                         8     -8        0

 COOLING
  YESTERDAY        9                         9      0       16
  MONTH TO DATE  255                       205     50      248
  SINCE JUN 1    925                       623    302      957
  SINCE JAN 1   1075                       668    407     1087
..................................................................


WIND (MPH)
  HIGHEST WIND SPEED    21   HIGHEST WIND DIRECTION     S (200)
  HIGHEST GUST SPEED    28   HIGHEST GUST DIRECTION    SW (210)
  AVERAGE WIND SPEED    10.0


SKY COVER
  POSSIBLE SUNSHINE  MM
  AVERAGE SKY COVER 0.0


WEATHER CONDITIONS
 THE FOLLOWING WEATHER WAS RECORDED YESTERDAY.
  NO SIGNIFICANT WEATHER WAS OBSERVED.


RELATIVE HUMIDITY (PERCENT)
 HIGHEST    59           900 PM
 LOWEST     23          1200 PM
 AVERAGE    41

..........................................................


THE SANDBERG CA CLIMATE NORMALS FOR TODAY
                         NORMAL    RECORD    YEAR
 MAXIMUM TEMPERATURE (F)   84        93      2013
                                             2006
 MINIMUM TEMPERATURE (F)   64        40      1968


SUNRISE AND SUNSET
AUGUST 22 2014........SUNRISE   621 AM PDT   SUNSET   734 PM PDT
AUGUST 23 2014........SUNRISE   621 AM PDT   SUNSET   733 PM PDT


-  INDICATES NEGATIVE NUMBERS.
R  INDICATES RECORD WAS SET OR TIED.
MM INDICATES DATA IS MISSING.
T  INDICATES TRACE AMOUNT.




$$
