000
CDUS43 KLMK 200630
CLISDF


CLIMATE REPORT
NATIONAL WEATHER SERVICE LOUISVILLE KY
229 AM EDT FRI OCT 20 2017


...................................

...THE LOUISVILLE KY CLIMATE SUMMARY FOR OCTOBER 19 2017...

CLIMATE NORMAL PERIOD 1981 TO 2010
CLIMATE RECORD PERIOD 1871 TO 2017


WEATHER ITEM   OBSERVED TIME   RECORD YEAR NORMAL DEPARTURE LAST
                VALUE   (LST)  VALUE       VALUE  FROM      YEAR
                                                  NORMAL
..................................................................
TEMPERATURE (F)
 YESTERDAY
  MAXIMUM         75    407 PM  87    2016  69      6       87
                                      2005
  MINIMUM         48    718 AM  30    1948  48      0       72
  AVERAGE         62                        58      4       80

PRECIPITATION (IN)
  YESTERDAY        0.00          1.79 1905   0.11  -0.11     0.00
  MONTH TO DATE    2.92                      2.00   0.92      T
  SINCE SEP 1      8.39                      5.05   3.34     2.28
  SINCE JAN 1     37.80                     36.27   1.53    35.95

SNOWFALL (IN)
  YESTERDAY        0.0           1.4  1989   0.0    0.0      0.0
  MONTH TO DATE    0.0                       0.0    0.0      0.0
  SINCE SEP 1      0.0                       0.0    0.0      0.0
  SINCE JUL 1      0.0                       0.0    0.0      0.0
  SNOW DEPTH       0

DEGREE DAYS
 HEATING
  YESTERDAY        3                         7     -4        0
  MONTH TO DATE   30                       102    -72       18
  SINCE SEP 1     43                       132    -89       30
  SINCE JUL 1     43                       132    -89       30

 COOLING
  YESTERDAY        0                         1     -1       15
  MONTH TO DATE   73                        34     39      110
  SINCE SEP 1    283                       244     39      444
  SINCE JAN 1   1777                      1601    176     2052
..................................................................


WIND (MPH)
  HIGHEST WIND SPEED    13   HIGHEST WIND DIRECTION    SW (230)
  HIGHEST GUST SPEED    22   HIGHEST GUST DIRECTION    SW (210)
  AVERAGE WIND SPEED     6.4


SKY COVER
  POSSIBLE SUNSHINE  MM
  AVERAGE SKY COVER 0.1


WEATHER CONDITIONS
 THE FOLLOWING WEATHER WAS RECORDED YESTERDAY.
  NO SIGNIFICANT WEATHER WAS OBSERVED.


RELATIVE HUMIDITY (PERCENT)
 HIGHEST    86           500 AM
 LOWEST     41           100 PM
 AVERAGE    64

..........................................................


THE LOUISVILLE KY CLIMATE NORMALS FOR TODAY
                         NORMAL    RECORD    YEAR
 MAXIMUM TEMPERATURE (F)   69        86      1963
                                             1953
 MINIMUM TEMPERATURE (F)   48        30      1972
                                             1895


SUNRISE AND SUNSET
OCTOBER 20 2017.......SUNRISE   757 AM EDT   SUNSET   658 PM EDT
OCTOBER 21 2017.......SUNRISE   758 AM EDT   SUNSET   657 PM EDT


-  INDICATES NEGATIVE NUMBERS.
R  INDICATES RECORD WAS SET OR TIED.
MM INDICATES DATA IS MISSING.
T  INDICATES TRACE AMOUNT.




$$
