000
CDUS43 KLMK 290627
CLISDF


CLIMATE REPORT
NATIONAL WEATHER SERVICE LOUISVILLE KY
227 AM EDT SUN MAY 29 2016


...................................

...THE LOUISVILLE KY CLIMATE SUMMARY FOR MAY 28 2016...

CLIMATE NORMAL PERIOD 1981 TO 2010
CLIMATE RECORD PERIOD 1871 TO 2016


WEATHER ITEM   OBSERVED TIME   RECORD YEAR NORMAL DEPARTURE LAST
                VALUE   (LST)  VALUE       VALUE  FROM      YEAR
                                                  NORMAL
..................................................................
TEMPERATURE (F)
 YESTERDAY
  MAXIMUM         85    200 PM  98    1911  80      5       85
  MINIMUM         69   1118 PM  41    1961  61      8       66
  AVERAGE         77                        70      7       76

PRECIPITATION (IN)
  YESTERDAY        T             3.31 1990   0.16  -0.16      T
  MONTH TO DATE    4.56                      4.79  -0.23     2.26
  SINCE MAR 1     13.24                     12.97   0.27    20.90
  SINCE JAN 1     19.06                     19.39  -0.33    24.00

SNOWFALL (IN)
  YESTERDAY        0.0          MM      MM   0.0    0.0      0.0
  MONTH TO DATE    0.0                       0.0    0.0      0.0
  SINCE MAR 1      0.5                       1.5   -1.0     11.9
  SINCE JUL 1     14.9                      12.5    2.4     27.6
  SNOW DEPTH       0

DEGREE DAYS
 HEATING
  YESTERDAY        0                         1     -1        0
  MONTH TO DATE   91                        65     26       24
  SINCE MAR 1    630                       849   -219      767
  SINCE JUL 1   3252                      4090   -838     4387

 COOLING
  YESTERDAY       12                         6      6       11
  MONTH TO DATE   91                       109    -18      182
  SINCE MAR 1    154                       152      2      224
  SINCE JAN 1    154                       152      2      224
..................................................................


WIND (MPH)
  HIGHEST WIND SPEED    17   HIGHEST WIND DIRECTION     S (160)
  HIGHEST GUST SPEED    23   HIGHEST GUST DIRECTION     S (190)
  AVERAGE WIND SPEED     8.1


SKY COVER
  POSSIBLE SUNSHINE  MM
  AVERAGE SKY COVER 0.9


WEATHER CONDITIONS
 THE FOLLOWING WEATHER WAS RECORDED YESTERDAY.
  LIGHT RAIN


RELATIVE HUMIDITY (PERCENT)
 HIGHEST    90           500 AM
 LOWEST     51           200 PM
 AVERAGE    71

..........................................................


THE LOUISVILLE KY CLIMATE NORMALS FOR TODAY
                         NORMAL    RECORD    YEAR
 MAXIMUM TEMPERATURE (F)   81        95      1911
 MINIMUM TEMPERATURE (F)   61        43      1965


SUNRISE AND SUNSET
MAY 29 2016...........SUNRISE   623 AM EDT   SUNSET   859 PM EDT
MAY 30 2016...........SUNRISE   622 AM EDT   SUNSET   859 PM EDT


-  INDICATES NEGATIVE NUMBERS.
R  INDICATES RECORD WAS SET OR TIED.
MM INDICATES DATA IS MISSING.
T  INDICATES TRACE AMOUNT.




$$
