000
CDUS43 KLMK 280630
CLISDF


CLIMATE REPORT
NATIONAL WEATHER SERVICE LOUISVILLE KY
129 AM EST TUE FEB 28 2017


...................................

...THE LOUISVILLE KY CLIMATE SUMMARY FOR FEBRUARY 27 2017...

CLIMATE NORMAL PERIOD 1981 TO 2010
CLIMATE RECORD PERIOD 1871 TO 2017


WEATHER ITEM   OBSERVED TIME   RECORD YEAR NORMAL DEPARTURE LAST
                VALUE   (LST)  VALUE       VALUE  FROM      YEAR
                                                  NORMAL
..................................................................
TEMPERATURE (F)
 YESTERDAY
  MAXIMUM         60    537 PM  73    1948  52      8       58
                                      1896
  MINIMUM         44    855 AM   1    1934  33     11       29
  AVERAGE         52                        42     10       44

PRECIPITATION (IN)
  YESTERDAY        0.07          2.53 1910   0.12  -0.05     0.00
  MONTH TO DATE    1.64                      3.07  -1.43     4.69
  SINCE DEC 1     11.15                     10.14   1.01    12.28
  SINCE JAN 1      5.85                      6.31  -0.46     5.70

SNOWFALL (IN)
  YESTERDAY        0.0           4.1  1937   0.1   -0.1      0.0
  MONTH TO DATE    T                         4.4   -4.4      6.2
  SINCE DEC 1      2.7                      10.7   -8.0     14.4
  SINCE JUL 1      2.7                      10.9   -8.2     14.4
  SNOW DEPTH       0

DEGREE DAYS
 HEATING
  YESTERDAY       13                        23    -10       21
  MONTH TO DATE  439                       709   -270      685
  SINCE DEC 1   1991                      2483   -492     2077
  SINCE JUL 1   2458                      3218   -760     2601

 COOLING
  YESTERDAY        0                         0      0        0
  MONTH TO DATE    5                         0      5        0
  SINCE DEC 1      6                         1      5        3
  SINCE JAN 1      5                         0      5        0
..................................................................


WIND (MPH)
  HIGHEST WIND SPEED    13   HIGHEST WIND DIRECTION    SE (140)
  HIGHEST GUST SPEED    17   HIGHEST GUST DIRECTION     S (200)
  AVERAGE WIND SPEED     6.8


SKY COVER
  POSSIBLE SUNSHINE  MM
  AVERAGE SKY COVER 0.8


WEATHER CONDITIONS
 THE FOLLOWING WEATHER WAS RECORDED YESTERDAY.
  LIGHT RAIN
  FOG


RELATIVE HUMIDITY (PERCENT)
 HIGHEST    89          1000 AM
 LOWEST     33          1200 AM
 AVERAGE    61

..........................................................


THE LOUISVILLE KY CLIMATE NORMALS FOR TODAY
                         NORMAL    RECORD    YEAR
 MAXIMUM TEMPERATURE (F)   52        77      1918
 MINIMUM TEMPERATURE (F)   33         9      1993
                                             1934
                                             1888


SUNRISE AND SUNSET
FEBRUARY 28 2017......SUNRISE   716 AM EST   SUNSET   635 PM EST
MARCH  1 2017.........SUNRISE   714 AM EST   SUNSET   637 PM EST


-  INDICATES NEGATIVE NUMBERS.
R  INDICATES RECORD WAS SET OR TIED.
MM INDICATES DATA IS MISSING.
T  INDICATES TRACE AMOUNT.




$$
