000
CDUS43 KLMK 300628
CLISDF


CLIMATE REPORT
NATIONAL WEATHER SERVICE LOUISVILLE KY
127 AM EST FRI JAN 30 2015


...................................

...THE LOUISVILLE KY CLIMATE SUMMARY FOR JANUARY 29 2015...

CLIMATE NORMAL PERIOD 1981 TO 2010
CLIMATE RECORD PERIOD 1871 TO 2015


WEATHER ITEM   OBSERVED TIME   RECORD YEAR NORMAL DEPARTURE LAST
                VALUE   (LST)  VALUE       VALUE  FROM      YEAR
                                                  NORMAL
..................................................................
TEMPERATURE (F)
 YESTERDAY
  MAXIMUM         55   1214 PM  73    1975  44     11       28
  MINIMUM         34   1204 AM  -4    1977  27      7        4
  AVERAGE         45                        36      9       16

PRECIPITATION (IN)
  YESTERDAY        0.05          2.13 1916   0.10  -0.05     0.00
  MONTH TO DATE    0.87                      3.01  -2.14     2.41
  SINCE DEC 1      4.44                      6.84  -2.40     7.84
  SINCE JAN 1      0.87                      3.01  -2.14     2.41

SNOWFALL (IN)
  YESTERDAY        0.0           3.0  1909   0.2   -0.2      0.0
  MONTH TO DATE    1.1                       3.4   -2.3      8.3
  SINCE DEC 1      1.1                       6.0   -4.9     13.6
  SINCE JUL 1      4.8                       6.2   -1.4     14.1
  SNOW DEPTH       0

DEGREE DAYS
 HEATING
  YESTERDAY       20                        29     -9       49
  MONTH TO DATE  897                       869     28     1054
  SINCE DEC 1   1633                      1710    -77     1865
  SINCE JUL 1   2519                      2445     74     2695

 COOLING
  YESTERDAY        0                         0      0        0
  MONTH TO DATE    0                         0      0        0
  SINCE DEC 1      0                         1     -1        0
  SINCE JAN 1      0                         0      0        0
..................................................................


WIND (MPH)
  HIGHEST WIND SPEED    30   HIGHEST WIND DIRECTION     W (260)
  HIGHEST GUST SPEED    39   HIGHEST GUST DIRECTION    SW (230)
  AVERAGE WIND SPEED    15.4


SKY COVER
  POSSIBLE SUNSHINE  MM
  AVERAGE SKY COVER 1.0


WEATHER CONDITIONS
 THE FOLLOWING WEATHER WAS RECORDED YESTERDAY.
  LIGHT RAIN
  FOG
  HAZE


RELATIVE HUMIDITY (PERCENT)
 HIGHEST    85           700 PM
 LOWEST     43           400 AM
 AVERAGE    64

..........................................................


THE LOUISVILLE KY CLIMATE NORMALS FOR TODAY
                         NORMAL    RECORD    YEAR
 MAXIMUM TEMPERATURE (F)   44        71      2013
                                             1916
 MINIMUM TEMPERATURE (F)   27        -9      1966


SUNRISE AND SUNSET
JANUARY 30 2015.......SUNRISE   750 AM EST   SUNSET   603 PM EST
JANUARY 31 2015.......SUNRISE   749 AM EST   SUNSET   604 PM EST


-  INDICATES NEGATIVE NUMBERS.
R  INDICATES RECORD WAS SET OR TIED.
MM INDICATES DATA IS MISSING.
T  INDICATES TRACE AMOUNT.




$$
