000
CDUS46 KMTR 030030
CLISFD


CLIMATE REPORT
NATIONAL WEATHER SERVICE SAN FRANCISCO BAY AREA
530 PM PDT TUE SEP 2 2014


...................................

...THE SAN FRANCISCO DWTN CA CLIMATE SUMMARY FOR SEPTEMBER 2 2014...
VALID TODAY AS OF 0500 PM LOCAL TIME.

CLIMATE NORMAL PERIOD 1981 TO 2010
CLIMATE RECORD PERIOD 1850 TO 2014


WEATHER ITEM   OBSERVED TIME   RECORD YEAR NORMAL DEPARTURE LAST
                VALUE   (LST)  VALUE       VALUE  FROM      YEAR
                                                  NORMAL
..................................................................
TEMPERATURE (F)
 TODAY
  MAXIMUM         65    143 PM  94    1991  70     -5       71
  MINIMUM         58    743 AM  49    1910  55      3       60
  AVERAGE         62                        63     -1       66

PRECIPITATION (IN)
  TODAY            0.00          0.02 1861   0.01  -0.01     0.00
  MONTH TO DATE    0.00                      0.01  -0.01     0.00
  SINCE JUL 1      0.09                      0.07   0.02     0.04
  SINCE JAN 1     10.55                     14.61  -4.06     3.55

DEGREE DAYS
 HEATING
  TODAY            3                        MM     MM        0
  MONTH TO DATE    3                        MM     MM        3
  SINCE SEP 1      3                        MM     MM        3
  SINCE JUL 1    133                        MM     MM      273

 COOLING
  TODAY            0                        MM     MM        1
  MONTH TO DATE    2                         0      2        1
  SINCE SEP 1      2                         0      2        1
  SINCE JAN 1     69                         0     69       29
..................................................................







THE SAN FRANCISCO DWTN CA CLIMATE NORMALS FOR TOMORROW
                         NORMAL    RECORD    YEAR
 MAXIMUM TEMPERATURE (F)   70        92      1961
 MINIMUM TEMPERATURE (F)   55        50      1909


SUNRISE AND SUNSET
SEPTEMBER  2 2014.....SUNRISE   641 AM PDT   SUNSET   737 PM PDT
SEPTEMBER  3 2014.....SUNRISE   642 AM PDT   SUNSET   736 PM PDT


-  INDICATES NEGATIVE NUMBERS.
R  INDICATES RECORD WAS SET OR TIED.
MM INDICATES DATA IS MISSING.
T  INDICATES TRACE AMOUNT.




$$
