000
CDUS46 KMTR 280922
CLISFD


CLIMATE REPORT
NATIONAL WEATHER SERVICE SAN FRANCISCO BAY AREA
222 AM PDT THU JUL 28 2016


...................................

...THE SAN FRANCISCO DWTN CA CLIMATE SUMMARY FOR JULY 27 2016...

CLIMATE NORMAL PERIOD 1981 TO 2010
CLIMATE RECORD PERIOD 1850 TO 2016


WEATHER ITEM   OBSERVED TIME   RECORD YEAR NORMAL DEPARTURE LAST
                VALUE   (LST)  VALUE       VALUE  FROM      YEAR
                                                  NORMAL
..................................................................
TEMPERATURE (F)
 YESTERDAY
  MAXIMUM         66   1243 PM  86    1995  66      0       74
  MINIMUM         52   1143 PM  49    1897  55     -3       57
  AVERAGE         59                        61     -2       66

PRECIPITATION (IN)
  YESTERDAY        0.00          0.02 1858   0.00   0.00     0.00
  MONTH TO DATE    0.02                      0.00   0.02     0.09
  SINCE OCT 1     23.08                     23.38  -0.30    17.64
  SINCE JAN 1     16.47                     14.54   1.93     3.19

DEGREE DAYS
 HEATING
  YESTERDAY        6                        MM     MM        0
  MONTH TO DATE  143                        MM     MM       40
  SINCE JUN 1    283                        MM     MM      176
  SINCE JUL 1    143                        MM     MM       40

 COOLING
  YESTERDAY        0                        MM     MM        1
  MONTH TO DATE    0                         0      0       15
  SINCE JUN 1      5                         0      5       17
  SINCE JAN 1     31                         0     31       31
..................................................................







THE SAN FRANCISCO DWTN CA CLIMATE NORMALS FOR TODAY
                         NORMAL    RECORD    YEAR
 MAXIMUM TEMPERATURE (F)   66        84      1954
 MINIMUM TEMPERATURE (F)   55        48      1897


SUNRISE AND SUNSET
JULY 28 2016..........SUNRISE   610 AM PDT   SUNSET   821 PM PDT
JULY 29 2016..........SUNRISE   611 AM PDT   SUNSET   821 PM PDT


-  INDICATES NEGATIVE NUMBERS.
R  INDICATES RECORD WAS SET OR TIED.
MM INDICATES DATA IS MISSING.
T  INDICATES TRACE AMOUNT.




$$
