000
CDUS46 KMTR 300827
CLISFD


CLIMATE REPORT
NATIONAL WEATHER SERVICE SAN FRANCISCO BAY AREA
127 AM PDT TUE MAY 30 2017


...................................

...THE SAN FRANCISCO DWTN CA CLIMATE SUMMARY FOR MAY 29 2017...

CLIMATE NORMAL PERIOD 1981 TO 2010
CLIMATE RECORD PERIOD 1850 TO 2017


WEATHER ITEM   OBSERVED TIME   RECORD YEAR NORMAL DEPARTURE LAST
                VALUE   (LST)  VALUE       VALUE  FROM      YEAR
                                                  NORMAL
..................................................................
TEMPERATURE (F)
 YESTERDAY
  MAXIMUM         58    243 PM  93    1975  65     -7       67
  MINIMUM         51    343 AM  46    1893  52     -1       53
  AVERAGE         55                        59     -4       60

PRECIPITATION (IN)
  YESTERDAY        0.00          0.33 1948   0.01  -0.01     0.00
  MONTH TO DATE    0.00                      0.67  -0.67     0.15
  SINCE OCT 1     32.23                     23.19   9.04    23.06
  SINCE JAN 1     23.20                     14.35   8.85    16.45

DEGREE DAYS
 HEATING
  YESTERDAY       10                        MM     MM        5
  MONTH TO DATE  198                        MM     MM      177
  SINCE MAR 1    649                        MM     MM      601
  SINCE JUL 1   2496                        MM     MM     1926

 COOLING
  YESTERDAY        0                        MM     MM        0
  MONTH TO DATE    7                         0      7        4
  SINCE MAR 1      8                         0      8       23
  SINCE JAN 1      8                         0      8       26
..................................................................







THE SAN FRANCISCO DWTN CA CLIMATE NORMALS FOR TODAY
                         NORMAL    RECORD    YEAR
 MAXIMUM TEMPERATURE (F)   65       101      2001
 MINIMUM TEMPERATURE (F)   52        47      1899


SUNRISE AND SUNSET
MAY 30 2017...........SUNRISE   550 AM PDT   SUNSET   825 PM PDT
MAY 31 2017...........SUNRISE   550 AM PDT   SUNSET   826 PM PDT


-  INDICATES NEGATIVE NUMBERS.
R  INDICATES RECORD WAS SET OR TIED.
MM INDICATES DATA IS MISSING.
T  INDICATES TRACE AMOUNT.




$$
