000
CDUS46 KMTR 300826
CLISFD


CLIMATE REPORT
NATIONAL WEATHER SERVICE SAN FRANCISCO BAY AREA
125 AM PDT WED JUL 30 2014


...................................

...THE SAN FRANCISCO DWTN CA CLIMATE SUMMARY FOR JULY 29 2014...

CLIMATE NORMAL PERIOD 1981 TO 2010
CLIMATE RECORD PERIOD 1850 TO 2014


WEATHER ITEM   OBSERVED TIME   RECORD YEAR NORMAL DEPARTURE LAST
                VALUE   (LST)  VALUE       VALUE  FROM      YEAR
                                                  NORMAL
..................................................................
TEMPERATURE (F)
 YESTERDAY
  MAXIMUM         67    243 PM  83    1977  67      0       64
  MINIMUM         57    643 AM  48    1901  55      2       55
  AVERAGE         62                        61      1       60

PRECIPITATION (IN)
  YESTERDAY        0.00          0.01 1932   0.00   0.00     0.00
  MONTH TO DATE    0.08                      0.00   0.08     0.00
  SINCE JUL 1      0.08                      0.00   0.08     0.00
  SINCE JAN 1     10.54                     14.54  -4.00     3.51

DEGREE DAYS
 HEATING
  YESTERDAY        3                        MM     MM        5
  MONTH TO DATE   67                        MM     MM      147
  SINCE JUN 1    218                        MM     MM      286
  SINCE JUL 1     67                        MM     MM      147

 COOLING
  YESTERDAY        0                        MM     MM        0
  MONTH TO DATE   16                         0     16        5
  SINCE JUN 1     17                         0     17       12
  SINCE JAN 1     66                         0     66       25
..................................................................







THE SAN FRANCISCO DWTN CA CLIMATE NORMALS FOR TODAY
                         NORMAL    RECORD    YEAR
 MAXIMUM TEMPERATURE (F)   67        99      1995
 MINIMUM TEMPERATURE (F)   55        48      1893


SUNRISE AND SUNSET
JULY 30 2014..........SUNRISE   612 AM PDT   SUNSET   820 PM PDT
JULY 31 2014..........SUNRISE   613 AM PDT   SUNSET   819 PM PDT


-  INDICATES NEGATIVE NUMBERS.
R  INDICATES RECORD WAS SET OR TIED.
MM INDICATES DATA IS MISSING.
T  INDICATES TRACE AMOUNT.




$$
