000
CDUS46 KMTR 290826
CLISFD


CLIMATE REPORT
NATIONAL WEATHER SERVICE SAN FRANCISCO BAY AREA
126 AM PDT WED JUL 29 2015


...................................

...THE SAN FRANCISCO DWTN CA CLIMATE SUMMARY FOR JULY 28 2015...

CLIMATE NORMAL PERIOD 1981 TO 2010
CLIMATE RECORD PERIOD 1850 TO 2015


WEATHER ITEM   OBSERVED TIME   RECORD YEAR NORMAL DEPARTURE LAST
                VALUE   (LST)  VALUE       VALUE  FROM      YEAR
                                                  NORMAL
..................................................................
TEMPERATURE (F)
 YESTERDAY
  MAXIMUM         80        MM  84    1954  66     14       67
  MINIMUM         57        MM  48    1897  55      2       58
  AVERAGE         69                        61      8       63

PRECIPITATION (IN)
  YESTERDAY        0.00          0.03 1858   0.00   0.00     0.00
  MONTH TO DATE    0.09                      0.00   0.09     0.08
  SINCE OCT 1     17.64                     23.38  -5.74    12.19
  SINCE JAN 1      3.19                     14.54 -11.35    10.54

DEGREE DAYS
 HEATING
  YESTERDAY        0                        MM     MM        2
  MONTH TO DATE   40                        MM     MM       64
  SINCE JUN 1    176                        MM     MM      215
  SINCE JUL 1     40                        MM     MM       64

 COOLING
  YESTERDAY        4                        MM     MM        0
  MONTH TO DATE   19                         0     19       16
  SINCE JUN 1     21                         0     21       17
  SINCE JAN 1     35                         0     35       66
..................................................................







THE SAN FRANCISCO DWTN CA CLIMATE NORMALS FOR TODAY
                         NORMAL    RECORD    YEAR
 MAXIMUM TEMPERATURE (F)   67        83      1977
 MINIMUM TEMPERATURE (F)   55        48      1901


SUNRISE AND SUNSET
JULY 29 2015..........SUNRISE   611 AM PDT   SUNSET   821 PM PDT
JULY 30 2015..........SUNRISE   611 AM PDT   SUNSET   820 PM PDT


-  INDICATES NEGATIVE NUMBERS.
R  INDICATES RECORD WAS SET OR TIED.
MM INDICATES DATA IS MISSING.
T  INDICATES TRACE AMOUNT.




$$
