000
CDUS46 KMTR 240031
CLISFD


CLIMATE REPORT
NATIONAL WEATHER SERVICE SAN FRANCISCO BAY AREA
531 PM PDT WED JUL 23 2014


...................................

...THE SAN FRANCISCO DWTN CA CLIMATE SUMMARY FOR JULY 23 2014...
VALID TODAY AS OF 0500 PM LOCAL TIME.

CLIMATE NORMAL PERIOD 1981 TO 2010
CLIMATE RECORD PERIOD 1850 TO 2014


WEATHER ITEM   OBSERVED TIME   RECORD YEAR NORMAL DEPARTURE LAST
                VALUE   (LST)  VALUE       VALUE  FROM      YEAR
                                                  NORMAL
..................................................................
TEMPERATURE (F)
 TODAY
  MAXIMUM         71   1143 AM  83    2006  66      5       65
  MINIMUM         63    243 AM  49    1881  54      9       55
  AVERAGE         67                        60      7       60

PRECIPITATION (IN)
  TODAY            0.00          0.03 1986   0.00   0.00     0.00
  MONTH TO DATE    0.08                      0.00   0.08     0.00
  SINCE JUL 1      0.08                      0.00   0.08     0.00
  SINCE JAN 1     10.54                     14.54  -4.00     3.51

DEGREE DAYS
 HEATING
  TODAY            0                        MM     MM        5
  MONTH TO DATE   61                        MM     MM      110
  SINCE JUN 1    212                        MM     MM      249
  SINCE JUL 1     61                        MM     MM      110

 COOLING
  TODAY            2                        MM     MM        0
  MONTH TO DATE    5                         0      5        5
  SINCE JUN 1      6                         0      6       12
  SINCE JAN 1     55                         0     55       25
..................................................................







THE SAN FRANCISCO DWTN CA CLIMATE NORMALS FOR TOMORROW
                         NORMAL    RECORD    YEAR
 MAXIMUM TEMPERATURE (F)   66        78      1974
 MINIMUM TEMPERATURE (F)   54        49      1898


SUNRISE AND SUNSET
JULY 23 2014..........SUNRISE   606 AM PDT   SUNSET   826 PM PDT
JULY 24 2014..........SUNRISE   607 AM PDT   SUNSET   825 PM PDT


-  INDICATES NEGATIVE NUMBERS.
R  INDICATES RECORD WAS SET OR TIED.
MM INDICATES DATA IS MISSING.
T  INDICATES TRACE AMOUNT.




$$
