000
CDUS46 KMTR 280835
CLISFD


CLIMATE REPORT
NATIONAL WEATHER SERVICE SAN FRANCISCO BAY AREA
1235 AM PST SAT FEB 28 2015


...................................

...THE SAN FRANCISCO DWTN CA CLIMATE SUMMARY FOR FEBRUARY 27 2015...

CLIMATE NORMAL PERIOD 1981 TO 2010
CLIMATE RECORD PERIOD 1850 TO 2015


WEATHER ITEM   OBSERVED TIME   RECORD YEAR NORMAL DEPARTURE LAST
                VALUE   (LST)  VALUE       VALUE  FROM      YEAR
                                                  NORMAL
..................................................................
TEMPERATURE (F)
 YESTERDAY
  MAXIMUM         58   1243 PM  78    1986  61     -3       64
  MINIMUM         52   1143 PM  38    1890  48      4       54
  AVERAGE         55                        55      0       59

PRECIPITATION (IN)
  YESTERDAY        0.00          1.22 2006   0.14  -0.14     0.04
  MONTH TO DATE    1.47                      4.31  -2.84     4.70
  SINCE OCT 1     15.92                     17.65  -1.73     6.41
  SINCE JAN 1      1.47                      8.81  -7.34     4.76

DEGREE DAYS
 HEATING
  YESTERDAY       10                        MM     MM        6
  MONTH TO DATE  141                        MM     MM      284
  SINCE DEC 1    696                        MM     MM      943
  SINCE JUL 1   1065                        MM     MM     1656

 COOLING
  YESTERDAY        0                        MM     MM        0
  MONTH TO DATE    0                         0      0        0
  SINCE DEC 1      0                         0      0        0
  SINCE JAN 1      0                         0      0        0
..................................................................







THE SAN FRANCISCO DWTN CA CLIMATE NORMALS FOR TODAY
                         NORMAL    RECORD    YEAR
 MAXIMUM TEMPERATURE (F)   61        76      1986
 MINIMUM TEMPERATURE (F)   48        36      1951


SUNRISE AND SUNSET
FEBRUARY 28 2015......SUNRISE   643 AM PST   SUNSET   602 PM PST
MARCH  1 2015.........SUNRISE   641 AM PST   SUNSET   603 PM PST


-  INDICATES NEGATIVE NUMBERS.
R  INDICATES RECORD WAS SET OR TIED.
MM INDICATES DATA IS MISSING.
T  INDICATES TRACE AMOUNT.




$$
