000
CDUS46 KOTX 200819
CLISFF


CLIMATE REPORT
NATIONAL WEATHER SERVICE SPOKANE, WA
1219 AM PST SAT JAN 20 2018


...................................

...THE SPOKANE WA FELTS AIRPORT CLIMATE SUMMARY FOR JANUARY 19 2018...

CLIMATE NORMAL PERIOD 1981 TO 2010
CLIMATE RECORD PERIOD 9999 TO 9999


WEATHER ITEM   OBSERVED TIME   RECORD YEAR NORMAL DEPARTURE LAST
                VALUE   (LST)  VALUE       VALUE  FROM      YEAR
                                                  NORMAL
..................................................................
TEMPERATURE (F)
 YESTERDAY
  MAXIMUM         43    243 PM  MM      MM  37      6       43
  MINIMUM         32    640 PM  MM      MM  27      5       30
  AVERAGE         38                        32      6       37

PRECIPITATION (IN)
  YESTERDAY        0.00         MM      MM   0.06  -0.06     0.02
  MONTH TO DATE    1.76                      1.26   0.50     1.23
  SINCE OCT 1      8.66                      7.46   1.20    10.32
  SINCE JAN 1      1.76                      1.26   0.50     1.23

SNOWFALL (IN)
  YESTERDAY       MM

DEGREE DAYS
 HEATING
  YESTERDAY       27                        33     -6       28
  MONTH TO DATE  581                       652    -71      887
  SINCE DEC 1   1691                      1747    -56     2091
  SINCE JUL 1   3096                      3321   -225     3280

 COOLING
  YESTERDAY        0                         0      0        0
  MONTH TO DATE    0                         0      0        0
  SINCE DEC 1      0                         0      0        0
  SINCE JAN 1      0                         0      0        0
..................................................................


WIND (MPH)
  HIGHEST WIND SPEED    15   HIGHEST WIND DIRECTION    SW (230)
  HIGHEST GUST SPEED    19   HIGHEST GUST DIRECTION    SW (240)
  AVERAGE WIND SPEED     5.9


SKY COVER
  POSSIBLE SUNSHINE  MM
  AVERAGE SKY COVER 0.8


WEATHER CONDITIONS
 THE FOLLOWING WEATHER WAS RECORDED YESTERDAY.
  FOG


RELATIVE HUMIDITY (PERCENT)
 HIGHEST    89           600 AM
 LOWEST     62           200 PM
 AVERAGE    76

..........................................................


THE SPOKANE WA FELTS AIRPORT CLIMATE NORMALS FOR TODAY
                         NORMAL    RECORD    YEAR
 MAXIMUM TEMPERATURE (F)   37        MM        MM
 MINIMUM TEMPERATURE (F)   27        MM        MM


SUNRISE AND SUNSET
JANUARY 20 2018.......SUNRISE   729 AM PST   SUNSET   432 PM PST
JANUARY 21 2018.......SUNRISE   728 AM PST   SUNSET   434 PM PST


-  INDICATES NEGATIVE NUMBERS.
R  INDICATES RECORD WAS SET OR TIED.
MM INDICATES DATA IS MISSING.
T  INDICATES TRACE AMOUNT.




$$
