000
CDUS46 KOTX 301245
CLISFF


CLIMATE REPORT
NATIONAL WEATHER SERVICE SPOKANE, WA
545 AM PDT TUE JUN 30 2015


...................................

...THE SPOKANE WA FELTS AIRPORT CLIMATE SUMMARY FOR JUNE 29 2015...

CLIMATE NORMAL PERIOD 1981 TO 2010
CLIMATE RECORD PERIOD 9999 TO 9999


WEATHER ITEM   OBSERVED TIME   RECORD YEAR NORMAL DEPARTURE LAST
                VALUE   (LST)  VALUE       VALUE  FROM      YEAR
                                                  NORMAL
..................................................................
TEMPERATURE (F)
 YESTERDAY
  MAXIMUM         96    538 PM  MM      MM  80     16       73
  MINIMUM         73   1144 PM  MM      MM  52     21       53
  AVERAGE         85                        66     19       63

PRECIPITATION (IN)
  YESTERDAY        T            MM      MM   0.03  -0.03     0.00
  MONTH TO DATE    0.33                      1.34  -1.01     2.64
  SINCE OCT 1     12.71                     15.39  -2.68    12.48
  SINCE JAN 1      7.98                      9.19  -1.21    10.20

SNOWFALL (IN)
  YESTERDAY       MM

DEGREE DAYS
 HEATING
  YESTERDAY        0                         2     -2        2
  MONTH TO DATE   15                       115   -100       79
  SINCE JUN 1     15                       115   -100       79
  SINCE JUL 1   5048                      6290  -1242     6210

 COOLING
  YESTERDAY       20                         3     17        0
  MONTH TO DATE  208                        41    167       15
  SINCE JUN 1    208                        41    167       15
  SINCE JAN 1    246                        48    198       20
..................................................................


WIND (MPH)
  HIGHEST WIND SPEED    18   HIGHEST WIND DIRECTION    NE (60)
  HIGHEST GUST SPEED    22   HIGHEST GUST DIRECTION     S (180)
  AVERAGE WIND SPEED     5.2


SKY COVER
  POSSIBLE SUNSHINE  MM
  AVERAGE SKY COVER 0.2


WEATHER CONDITIONS
 THE FOLLOWING WEATHER WAS RECORDED YESTERDAY.
  LIGHT RAIN
  HAZE


RELATIVE HUMIDITY (PERCENT)
 HIGHEST    45          1100 PM
 LOWEST     24           600 PM
 AVERAGE    35

..........................................................


THE SPOKANE WA FELTS AIRPORT CLIMATE NORMALS FOR TODAY
                         NORMAL    RECORD    YEAR
 MAXIMUM TEMPERATURE (F)   80        MM        MM
 MINIMUM TEMPERATURE (F)   52        MM        MM


SUNRISE AND SUNSET
JUNE 30 2015..........SUNRISE   455 AM PDT   SUNSET   851 PM PDT
JULY  1 2015..........SUNRISE   455 AM PDT   SUNSET   851 PM PDT


-  INDICATES NEGATIVE NUMBERS.
R  INDICATES RECORD WAS SET OR TIED.
MM INDICATES DATA IS MISSING.
T  INDICATES TRACE AMOUNT.




$$
