000
CDUS46 KMTR 250026
CLISFO


CLIMATE REPORT
NATIONAL WEATHER SERVICE SAN FRANCISCO BAY AREA
526 PM PDT TUE MAY 24 2016


...................................

...THE SAN FRANCISCO AIRPORT CLIMATE SUMMARY FOR MAY 24 2016...
VALID TODAY AS OF 0500 PM LOCAL TIME.

CLIMATE NORMAL PERIOD 1981 TO 2010
CLIMATE RECORD PERIOD 1927 TO 2016


WEATHER ITEM   OBSERVED TIME   RECORD YEAR NORMAL DEPARTURE LAST
                VALUE   (LST)  VALUE       VALUE  FROM      YEAR
                                                  NORMAL
..................................................................
TEMPERATURE (F)
 TODAY
  MAXIMUM         65   1232 PM  91    1982  68     -3       61
  MINIMUM         56    754 AM  45    1953  52      4       51
  AVERAGE         61                        60      1       56

PRECIPITATION (IN)
  TODAY            0.00          0.14 1960   0.01  -0.01     0.00
  MONTH TO DATE    0.05                      0.40  -0.35     0.02
  SINCE OCT 1     17.23                     20.26  -3.03    16.33
  SINCE JAN 1     12.44                     12.90  -0.46     3.37

SNOWFALL (IN)
  TODAY            0.0           0.0
  MONTH TO DATE    0.0
  SINCE MAR 1      0.0
  SINCE JUL 1      0.0
  SNOW DEPTH       0

DEGREE DAYS
 HEATING
  TODAY            4                         5     -1        9
  MONTH TO DATE  101                       146    -45      149
  SINCE MAR 1    471                       708   -237      480
  SINCE JUL 1   1869                      2514   -645     1427

 COOLING
  TODAY            0                         0      0        0
  MONTH TO DATE   10                         0     10        0
  SINCE MAR 1     30                         6     24       13
  SINCE JAN 1     30                         6     24       13
..................................................................


WIND (MPH)
  RESULTANT WIND SPEED  15   RESULTANT WIND DIRECTION   W (270)
  HIGHEST WIND SPEED    24   HIGHEST WIND DIRECTION     W (260)
  HIGHEST GUST SPEED    29   HIGHEST GUST DIRECTION     W (260)
  AVERAGE WIND SPEED    15.8


SKY COVER
  POSSIBLE SUNSHINE  MM
  AVERAGE SKY COVER 0.9


WEATHER CONDITIONS
 THE FOLLOWING WEATHER WAS RECORDED TODAY.
  NO SIGNIFICANT WEATHER WAS OBSERVED.


RELATIVE HUMIDITY (PERCENT)
 HIGHEST    77          1200 AM
 LOWEST     67          1100 AM
 AVERAGE    72

..........................................................


THE SAN FRANCISCO AIRPORT CLIMATE NORMALS FOR TOMORROW
                         NORMAL    RECORD    YEAR
 MAXIMUM TEMPERATURE (F)   68        87      1951
                                             1896
 MINIMUM TEMPERATURE (F)   52        45      1967
                                             1965
                                             1955


SUNRISE AND SUNSET
MAY 24 2016...........SUNRISE   553 AM PDT   SUNSET   820 PM PDT
MAY 25 2016...........SUNRISE   553 AM PDT   SUNSET   821 PM PDT


-  INDICATES NEGATIVE NUMBERS.
R  INDICATES RECORD WAS SET OR TIED.
MM INDICATES DATA IS MISSING.
T  INDICATES TRACE AMOUNT.




$$
