000
CDUS43 KSGF 260643
CLISGF


CLIMATE REPORT
NATIONAL WEATHER SERVICE SPRINGFIELD MO
1243 AM CST SUN FEB 26 2017


...................................

...THE SPRINGFIELD MO CLIMATE SUMMARY FOR FEBRUARY 25 2017...

CLIMATE NORMAL PERIOD 1981 TO 2010
CLIMATE RECORD PERIOD 1888 TO 2017


WEATHER ITEM   OBSERVED TIME   RECORD YEAR NORMAL DEPARTURE LAST
                VALUE   (LST)  VALUE       VALUE  FROM      YEAR
                                                  NORMAL
..................................................................
TEMPERATURE (F)
 YESTERDAY
  MAXIMUM         44    408 PM  74    1981  51     -7       40
  MINIMUM         21    655 AM   0    1965  29     -8       28
  AVERAGE         33                        40     -7       34

PRECIPITATION (IN)
  YESTERDAY        0.00          0.74 1899   0.10  -0.10      T
  MONTH TO DATE    0.29                      2.22  -1.93     0.36
  SINCE DEC 1      4.98                      7.73  -2.75    12.71
  SINCE JAN 1      4.36                      4.69  -0.33     1.28

SNOWFALL (IN)
  YESTERDAY        0.0
  MONTH TO DATE    0.0
  SINCE DEC 1      1.7
  SINCE JUL 1      1.7
  SNOW DEPTH       0

DEGREE DAYS
 HEATING
  YESTERDAY       32                        25      7       31
  MONTH TO DATE  434                       707   -273      607
  SINCE DEC 1   2128                      2641   -513     2201
  SINCE JUL 1   2644                      3520   -876     2846

 COOLING
  YESTERDAY        0                         0      0        0
  MONTH TO DATE    7                         0      7        0
  SINCE DEC 1      7                         0      7        0
  SINCE JAN 1      7                         0      7        0
..................................................................


WIND (MPH)
  HIGHEST WIND SPEED    23   HIGHEST WIND DIRECTION    NW (320)
  HIGHEST GUST SPEED    28   HIGHEST GUST DIRECTION    NW (320)
  AVERAGE WIND SPEED     8.0


SKY COVER
  AVERAGE SKY COVER 0.1


WEATHER CONDITIONS
 THE FOLLOWING WEATHER WAS RECORDED YESTERDAY.
  NO SIGNIFICANT WEATHER WAS OBSERVED.


RELATIVE HUMIDITY (PERCENT)
 HIGHEST    81           800 AM
 LOWEST     27           400 PM
 AVERAGE    54

..........................................................


THE SPRINGFIELD MO CLIMATE NORMALS FOR TODAY
                         NORMAL    RECORD    YEAR
 MAXIMUM TEMPERATURE (F)   52        77      1996
 MINIMUM TEMPERATURE (F)   30         4      1934


SUNRISE AND SUNSET
FEBRUARY 26 2017......SUNRISE   648 AM CST   SUNSET   605 PM CST
FEBRUARY 27 2017......SUNRISE   647 AM CST   SUNSET   606 PM CST


-  INDICATES NEGATIVE NUMBERS.
R  INDICATES RECORD WAS SET OR TIED.
MM INDICATES DATA IS MISSING.
T  INDICATES TRACE AMOUNT.




$$
