000
CDUS45 KBYZ 032225
CLISHR


CLIMATE REPORT
NATIONAL WEATHER SERVICE BILLINGS MT
424 PM MDT FRI JUL 3 2015


...................................

...THE SHERIDAN WY CLIMATE SUMMARY FOR JULY 3 2015...
VALID TODAY AS OF 0400 PM LOCAL TIME.

CLIMATE NORMAL PERIOD 1981 TO 2010
CLIMATE RECORD PERIOD 1907 TO 2015


WEATHER ITEM   OBSERVED TIME   RECORD YEAR NORMAL DEPARTURE LAST
                VALUE   (LST)  VALUE       VALUE  FROM      YEAR
                                                  NORMAL
..................................................................
TEMPERATURE (F)
 TODAY
  MAXIMUM         89    254 PM 103    1936  84      5       92
  MINIMUM         52    456 AM  36    1921  51      1       47
  AVERAGE         71                        67      4       70

PRECIPITATION (IN)
  TODAY            0.00          0.62 1958   0.04  -0.04     0.00
  MONTH TO DATE    0.00                      0.12  -0.12     0.00
  SINCE OCT 1     14.42                     10.95   3.47    12.77
  SINCE JAN 1     12.03                      8.27   3.76     9.01

DEGREE DAYS
 HEATING
  TODAY            0                         2     -2        0
  MONTH TO DATE    0                         6     -6        7
  SINCE JUN 1     44                       155   -111      189
  SINCE JUL 1      0                         6     -6        7

 COOLING
  TODAY            6                         4      2        5
  MONTH TO DATE   19                        12      7        5
  SINCE JUN 1     98                        58     40       13
  SINCE JAN 1     98                        62     36       21
..................................................................


WIND (MPH)
  HIGHEST WIND SPEED    12   HIGHEST WIND DIRECTION    SE (120)
  HIGHEST GUST SPEED    16   HIGHEST GUST DIRECTION    SE (120)
  AVERAGE WIND SPEED     2.7


SKY COVER
  POSSIBLE SUNSHINE  MM
  AVERAGE SKY COVER 0.0


WEATHER CONDITIONS
 THE FOLLOWING WEATHER WAS RECORDED TODAY.
  NO SIGNIFICANT WEATHER WAS OBSERVED.


RELATIVE HUMIDITY (PERCENT)
 HIGHEST    89           500 AM
 LOWEST     24           200 PM
 AVERAGE    57

..........................................................


THE SHERIDAN WY CLIMATE NORMALS FOR TOMORROW
                         NORMAL    RECORD    YEAR
 MAXIMUM TEMPERATURE (F)   84       104      1989
 MINIMUM TEMPERATURE (F)   51        39      1972
                                             1921


SUNRISE AND SUNSET
JULY  3 2015..........SUNRISE   527 AM MDT   SUNSET   857 PM MDT
JULY  4 2015..........SUNRISE   528 AM MDT   SUNSET   857 PM MDT


-  INDICATES NEGATIVE NUMBERS.
R  INDICATES RECORD WAS SET OR TIED.
MM INDICATES DATA IS MISSING.
T  INDICATES TRACE AMOUNT.




$$
