000
CDUS45 KBYZ 122236
CLISHR


CLIMATE REPORT
NATIONAL WEATHER SERVICE BILLINGS MT
434 PM MDT SAT JUL 12 2014


...................................

...THE SHERIDAN WY CLIMATE SUMMARY FOR JULY 12 2014...
VALID TODAY AS OF 0400 PM LOCAL TIME.

CLIMATE NORMAL PERIOD 1981 TO 2010
CLIMATE RECORD PERIOD 1907 TO 2014


WEATHER ITEM   OBSERVED TIME   RECORD YEAR NORMAL DEPARTURE LAST
                VALUE   (LST)  VALUE       VALUE  FROM      YEAR
                                                  NORMAL
..................................................................
TEMPERATURE (F)
 TODAY
  MAXIMUM         87    300 PM 104    2002  87      0       84
  MINIMUM         58    405 AM  37    1987  53      5       60
  AVERAGE         73                        70      3       72

PRECIPITATION (IN)
  TODAY            0.00          1.98 1952   0.05  -0.05     0.01
  MONTH TO DATE    0.35                      0.48  -0.13     0.37
  SINCE OCT 1     13.12                     11.31   1.81    12.42
  SINCE JAN 1      9.36                      8.63   0.73     9.88

SNOWFALL (IN)
  TODAY           MM             0.0  2001   0.0   MM       MM
                                      2000
  MONTH TO DATE   MM                         0.0   MM       MM
  SINCE JUN 1     MM                         T     MM       MM
  SINCE JUL 1     MM                         0.0   MM       MM
  SNOW DEPTH      MM

DEGREE DAYS
 HEATING
  TODAY            0                         1     -1        0
  MONTH TO DATE    7                        16     -9        0
  SINCE JUN 1    189                       165     24      120
  SINCE JUL 1      7                        16     -9        0

 COOLING
  TODAY            8                         6      2        7
  MONTH TO DATE   63                        57      6       91
  SINCE JUN 1     71                       103    -32      139
  SINCE JAN 1     79                       107    -28      147
..................................................................


WIND (MPH)
  HIGHEST WIND SPEED    18   HIGHEST WIND DIRECTION    NW (320)
  HIGHEST GUST SPEED    26   HIGHEST GUST DIRECTION    NW (300)
  AVERAGE WIND SPEED     7.0


SKY COVER
  POSSIBLE SUNSHINE  MM
  AVERAGE SKY COVER 0.0


WEATHER CONDITIONS
 THE FOLLOWING WEATHER WAS RECORDED TODAY.
  NO SIGNIFICANT WEATHER WAS OBSERVED.


RELATIVE HUMIDITY (PERCENT)
 HIGHEST    90          1200 AM
 LOWEST     34           300 PM
 AVERAGE    62

..........................................................


THE SHERIDAN WY CLIMATE NORMALS FOR TOMORROW
                         NORMAL    RECORD    YEAR
 MAXIMUM TEMPERATURE (F)   87       107      2005
 MINIMUM TEMPERATURE (F)   53        40      1943


SUNRISE AND SUNSET
JULY 12 2014..........SUNRISE   534 AM MDT   SUNSET   853 PM MDT
JULY 13 2014..........SUNRISE   535 AM MDT   SUNSET   852 PM MDT


-  INDICATES NEGATIVE NUMBERS.
R  INDICATES RECORD WAS SET OR TIED.
MM INDICATES DATA IS MISSING.
T  INDICATES TRACE AMOUNT.




$$
