000
CDUS45 KBYZ 220100
CLISHR


CLIMATE REPORT
NATIONAL WEATHER SERVICE BILLINGS MT
600 PM MST WED FEB 21 2018


...................................

...THE SHERIDAN WY CLIMATE SUMMARY FOR FEBRUARY 21 2018...
VALID TODAY AS OF 0500 PM LOCAL TIME.

CLIMATE NORMAL PERIOD 1981 TO 2010
CLIMATE RECORD PERIOD 1907 TO 2018


WEATHER ITEM   OBSERVED TIME   RECORD YEAR NORMAL DEPARTURE LAST
                VALUE   (LST)  VALUE       VALUE  FROM      YEAR
                                                  NORMAL
..................................................................
TEMPERATURE (F)
 TODAY
  MAXIMUM         10    105 PM  76    1982  40    -30       63
  MINIMUM        -18    554 AM -19    1957  15    -33       38
  AVERAGE         -4                        28    -32       51

PRECIPITATION (IN)
  TODAY            T             0.53 1914   0.02  -0.02     0.00
  MONTH TO DATE    1.53                      0.40   1.13     0.50
  SINCE OCT 1      5.15                      3.64   1.51     5.27
  SINCE JAN 1      2.16                      0.96   1.20     1.54

DEGREE DAYS
 HEATING
  TODAY           69                        37     32       14
  MONTH TO DATE 1103                       821    282      733
  SINCE DEC 1   3611                      3403    208     3777
  SINCE JUL 1   5401                      5281    120     5254

 COOLING
  TODAY            0                         0      0        0
  MONTH TO DATE    0                         0      0        0
  SINCE DEC 1      0                         0      0        0
  SINCE JAN 1      0                         0      0        0
..................................................................


WIND (MPH)
  HIGHEST WIND SPEED    12   HIGHEST WIND DIRECTION     N (340)
  HIGHEST GUST SPEED    12   HIGHEST GUST DIRECTION     N (340)
  AVERAGE WIND SPEED     2.8


SKY COVER
  POSSIBLE SUNSHINE  MM
  AVERAGE SKY COVER 0.0


WEATHER CONDITIONS
 THE FOLLOWING WEATHER WAS RECORDED TODAY.
  NO SIGNIFICANT WEATHER WAS OBSERVED.


RELATIVE HUMIDITY (PERCENT)
 HIGHEST    81           300 AM
 LOWEST     55           100 PM
 AVERAGE    68

..........................................................


THE SHERIDAN WY CLIMATE NORMALS FOR TOMORROW
                         NORMAL    RECORD    YEAR
 MAXIMUM TEMPERATURE (F)   41        67      1958
 MINIMUM TEMPERATURE (F)   16       -23      1910


SUNRISE AND SUNSET
FEBRUARY 21 2018......SUNRISE   659 AM MST   SUNSET   545 PM MST
FEBRUARY 22 2018......SUNRISE   657 AM MST   SUNSET   546 PM MST


-  INDICATES NEGATIVE NUMBERS.
R  INDICATES RECORD WAS SET OR TIED.
MM INDICATES DATA IS MISSING.
T  INDICATES TRACE AMOUNT.




$$
