000
CDUS45 KBYZ 260931
CLISHR


CLIMATE REPORT
NATIONAL WEATHER SERVICE BILLINGS MT
331 AM MDT THU MAY 26 2016


...................................

...THE SHERIDAN WY CLIMATE SUMMARY FOR MAY 25 2016...

CLIMATE NORMAL PERIOD 1981 TO 2010
CLIMATE RECORD PERIOD 1907 TO 2016


WEATHER ITEM   OBSERVED TIME   RECORD YEAR NORMAL DEPARTURE LAST
                VALUE   (LST)  VALUE       VALUE  FROM      YEAR
                                                  NORMAL
..................................................................
TEMPERATURE (F)
 YESTERDAY
  MAXIMUM         64   1042 AM  90    1931  69     -5       64
  MINIMUM         41   1046 PM  29    1975  41      0       44
  AVERAGE         53                        55     -2       54

PRECIPITATION (IN)
  YESTERDAY        0.11          0.68 1980   0.08   0.03     0.06
  MONTH TO DATE    0.92                      1.89  -0.97     4.35
  SINCE OCT 1      9.47                      8.25   1.22    10.30
  SINCE JAN 1      7.32                      5.57   1.75     7.91

DEGREE DAYS
 HEATING
  YESTERDAY       12                        10      2       11
  MONTH TO DATE  316                       337    -21      397
  SINCE MAR 1   1633                      1903   -270     1716
  SINCE JUL 1   6379                      7438  -1059     6946

 COOLING
  YESTERDAY        0                         0      0        0
  MONTH TO DATE    2                         0      2        0
  SINCE MAR 1      2                         0      2        0
  SINCE JAN 1      2                         0      2        0
..................................................................


WIND (MPH)
  HIGHEST WIND SPEED    24   HIGHEST WIND DIRECTION     W (280)
  HIGHEST GUST SPEED    31   HIGHEST GUST DIRECTION     W (290)
  AVERAGE WIND SPEED     5.8


SKY COVER
  POSSIBLE SUNSHINE  MM
  AVERAGE SKY COVER 0.6


WEATHER CONDITIONS
 THE FOLLOWING WEATHER WAS RECORDED YESTERDAY.
  THUNDERSTORM
  RAIN
  LIGHT RAIN
  FOG


RELATIVE HUMIDITY (PERCENT)
 HIGHEST    96           900 PM
 LOWEST     53          1100 AM
 AVERAGE    75

..........................................................


THE SHERIDAN WY CLIMATE NORMALS FOR TODAY
                         NORMAL    RECORD    YEAR
 MAXIMUM TEMPERATURE (F)   70        94      1934
 MINIMUM TEMPERATURE (F)   41        30      1932


SUNRISE AND SUNSET
MAY 26 2016...........SUNRISE   529 AM MDT   SUNSET   842 PM MDT
MAY 27 2016...........SUNRISE   528 AM MDT   SUNSET   843 PM MDT


-  INDICATES NEGATIVE NUMBERS.
R  INDICATES RECORD WAS SET OR TIED.
MM INDICATES DATA IS MISSING.
T  INDICATES TRACE AMOUNT.




$$
