000
CDUS45 KBYZ 211052
CLISHR


CLIMATE REPORT
NATIONAL WEATHER SERVICE BILLINGS MT
350 AM MST FRI NOV 21 2014


...................................

...THE SHERIDAN WY CLIMATE SUMMARY FOR NOVEMBER 20 2014...

CLIMATE NORMAL PERIOD 1981 TO 2010
CLIMATE RECORD PERIOD 1907 TO 2014


WEATHER ITEM   OBSERVED TIME   RECORD YEAR NORMAL DEPARTURE LAST
                VALUE   (LST)  VALUE       VALUE  FROM      YEAR
                                                  NORMAL
..................................................................
TEMPERATURE (F)
 YESTERDAY
  MAXIMUM         44    343 PM  73    2006  43      1       39
  MINIMUM         10    653 AM -11    1977  17     -7        9
  AVERAGE         27                        30     -3       24

PRECIPITATION (IN)
  YESTERDAY        0.00          0.57        0.02  -0.02     0.08
  MONTH TO DATE    0.73                      0.50   0.23     0.17
  SINCE OCT 1      0.89                      1.91  -1.02     2.64
  SINCE JAN 1     13.59                     13.39   0.20    16.89

DEGREE DAYS
 HEATING
  YESTERDAY       38                        35      3       41
  MONTH TO DATE  773                       600    173      580
  SINCE SEP 1   1452                      1446      6     1441
  SINCE JUL 1   1502                      1508     -6     1442

 COOLING
  YESTERDAY        0                         0      0        0
  MONTH TO DATE    0                         0      0        0
  SINCE SEP 1     28                        29     -1       82
  SINCE JAN 1    346                       419    -73      592
..................................................................


WIND (MPH)
  HIGHEST WIND SPEED     8   HIGHEST WIND DIRECTION     S (200)
  HIGHEST GUST SPEED     9   HIGHEST GUST DIRECTION     S (200)
  AVERAGE WIND SPEED     1.2


SKY COVER
  POSSIBLE SUNSHINE  MM
  AVERAGE SKY COVER 0.1


WEATHER CONDITIONS
 THE FOLLOWING WEATHER WAS RECORDED YESTERDAY.
  NO SIGNIFICANT WEATHER WAS OBSERVED.


RELATIVE HUMIDITY (PERCENT)
 HIGHEST    88           100 AM
 LOWEST     48          1200 PM
 AVERAGE    68

..........................................................


THE SHERIDAN WY CLIMATE NORMALS FOR TODAY
                         NORMAL    RECORD    YEAR
 MAXIMUM TEMPERATURE (F)   43        67      2012
 MINIMUM TEMPERATURE (F)   17       -17      1977


SUNRISE AND SUNSET
NOVEMBER 21 2014......SUNRISE   713 AM MST   SUNSET   434 PM MST
NOVEMBER 22 2014......SUNRISE   714 AM MST   SUNSET   434 PM MST


-  INDICATES NEGATIVE NUMBERS.
R  INDICATES RECORD WAS SET OR TIED.
MM INDICATES DATA IS MISSING.
T  INDICATES TRACE AMOUNT.




$$
