000
CDUS45 KBYZ 210724
CLISHR


CLIMATE REPORT
NATIONAL WEATHER SERVICE BILLINGS MT
123 AM MDT MON AUG 21 2017


...................................

...THE SHERIDAN WY CLIMATE SUMMARY FOR AUGUST 20 2017...

CLIMATE NORMAL PERIOD 1981 TO 2010
CLIMATE RECORD PERIOD 1907 TO 2017


WEATHER ITEM   OBSERVED TIME   RECORD YEAR NORMAL DEPARTURE LAST
                VALUE   (LST)  VALUE       VALUE  FROM      YEAR
                                                  NORMAL
..................................................................
TEMPERATURE (F)
 YESTERDAY
  MAXIMUM         88    356 PM 100    1988  86      2       78
  MINIMUM         47    509 AM  35    1939  51     -4       42
  AVERAGE         68                        68      0       60

PRECIPITATION (IN)
  YESTERDAY        0.00          0.50 1916   0.02  -0.02     0.00
  MONTH TO DATE    0.42                      0.45  -0.03     1.44
  SINCE OCT 1     17.61                     12.46   5.15    11.66
  SINCE JAN 1     13.88                      9.78   4.10     9.51

DEGREE DAYS
 HEATING
  YESTERDAY        0                         1     -1        5
  MONTH TO DATE   24                        14     10       16
  SINCE JUN 1    102                       189    -87       38
  SINCE JUL 1     24                        40    -16       22

 COOLING
  YESTERDAY        3                         5     -2        0
  MONTH TO DATE   39                       121    -82      117
  SINCE JUN 1    364                       349     15      478
  SINCE JAN 1    364                       353     11      480
..................................................................


WIND (MPH)
  HIGHEST WIND SPEED    16   HIGHEST WIND DIRECTION    NW (330)
  HIGHEST GUST SPEED    19   HIGHEST GUST DIRECTION    NW (330)
  AVERAGE WIND SPEED     5.6


SKY COVER
  POSSIBLE SUNSHINE  MM
  AVERAGE SKY COVER 0.0


WEATHER CONDITIONS
 THE FOLLOWING WEATHER WAS RECORDED YESTERDAY.
  NO SIGNIFICANT WEATHER WAS OBSERVED.


RELATIVE HUMIDITY (PERCENT)
 HIGHEST    77           600 AM
 LOWEST     20           400 PM
 AVERAGE    49

..........................................................


THE SHERIDAN WY CLIMATE NORMALS FOR TODAY
                         NORMAL    RECORD    YEAR
 MAXIMUM TEMPERATURE (F)   86       101      2010
 MINIMUM TEMPERATURE (F)   51        38      1974
                                             1907


SUNRISE AND SUNSET
AUGUST 21 2017........SUNRISE   618 AM MDT   SUNSET   803 PM MDT
AUGUST 22 2017........SUNRISE   619 AM MDT   SUNSET   802 PM MDT


-  INDICATES NEGATIVE NUMBERS.
R  INDICATES RECORD WAS SET OR TIED.
MM INDICATES DATA IS MISSING.
T  INDICATES TRACE AMOUNT.




$$
