000
CDUS45 KBYZ 300946
CLISHR


CLIMATE REPORT
NATIONAL WEATHER SERVICE BILLINGS MT
343 AM MDT SAT APR 30 2016


...................................

...THE SHERIDAN WY CLIMATE SUMMARY FOR APRIL 29 2016...

CLIMATE NORMAL PERIOD 1981 TO 2010
CLIMATE RECORD PERIOD 1907 TO 2016


WEATHER ITEM   OBSERVED TIME   RECORD YEAR NORMAL DEPARTURE LAST
                VALUE   (LST)  VALUE       VALUE  FROM      YEAR
                                                  NORMAL
..................................................................
TEMPERATURE (F)
 YESTERDAY
  MAXIMUM         47    523 PM  86    1992  62    -15       78
  MINIMUM         36    520 AM  17    1950  33      3       34
  AVERAGE         42                        47     -5       56

PRECIPITATION (IN)
  YESTERDAY        0.00          1.23 1944   0.08  -0.08     0.00
  MONTH TO DATE    3.36                      1.53   1.83     1.37
  SINCE OCT 1      8.55                      6.29   2.26     5.89
  SINCE JAN 1      6.40                      3.61   2.79     3.50

DEGREE DAYS
 HEATING
  YESTERDAY       23                        18      5        9
  MONTH TO DATE  528                       625    -97      600
  SINCE MAR 1   1298                      1549   -251     1301
  SINCE JUL 1   6044                      7084  -1040     6531

 COOLING
  YESTERDAY        0                         0      0        0
  MONTH TO DATE    0                         0      0        0
  SINCE MAR 1      0                         0      0        0
  SINCE JAN 1      0                         0      0        0
..................................................................


WIND (MPH)
  HIGHEST WIND SPEED    13   HIGHEST WIND DIRECTION    SE (140)
  HIGHEST GUST SPEED    16   HIGHEST GUST DIRECTION    SE (140)
  AVERAGE WIND SPEED     5.1


SKY COVER
  POSSIBLE SUNSHINE  MM
  AVERAGE SKY COVER 1.0


WEATHER CONDITIONS
 THE FOLLOWING WEATHER WAS RECORDED YESTERDAY.
  NO SIGNIFICANT WEATHER WAS OBSERVED.


RELATIVE HUMIDITY (PERCENT)
 HIGHEST    92           300 AM
 LOWEST     49          1000 AM
 AVERAGE    71

..........................................................


THE SHERIDAN WY CLIMATE NORMALS FOR TODAY
                         NORMAL    RECORD    YEAR
 MAXIMUM TEMPERATURE (F)   62        84      1926
 MINIMUM TEMPERATURE (F)   34        10      1950


SUNRISE AND SUNSET
APRIL 30 2016.........SUNRISE   558 AM MDT   SUNSET   812 PM MDT
MAY  1 2016...........SUNRISE   557 AM MDT   SUNSET   814 PM MDT


-  INDICATES NEGATIVE NUMBERS.
R  INDICATES RECORD WAS SET OR TIED.
MM INDICATES DATA IS MISSING.
T  INDICATES TRACE AMOUNT.




$$
