000
CDUS45 KBYZ 252226
CLISHR


CLIMATE REPORT
NATIONAL WEATHER SERVICE BILLINGS MT
425 PM MDT MON MAY 25 2015


...................................

...THE SHERIDAN WY CLIMATE SUMMARY FOR MAY 25 2015...
VALID TODAY AS OF 0400 PM LOCAL TIME.

CLIMATE NORMAL PERIOD 1981 TO 2010
CLIMATE RECORD PERIOD 1907 TO 2015


WEATHER ITEM   OBSERVED TIME   RECORD YEAR NORMAL DEPARTURE LAST
                VALUE   (LST)  VALUE       VALUE  FROM      YEAR
                                                  NORMAL
..................................................................
TEMPERATURE (F)
 TODAY
  MAXIMUM         64    247 PM  90    1931  69     -5       76
  MINIMUM         48    527 AM  29    1975  41      7       50
  AVERAGE         56                        55      1       63

PRECIPITATION (IN)
  TODAY            0.06          0.68 1980   0.08  -0.02     0.00
  MONTH TO DATE    4.35                      1.89   2.46     1.58
  SINCE OCT 1     10.30                      8.25   2.05    10.42
  SINCE JAN 1      7.91                      5.57   2.34     6.66

DEGREE DAYS
 HEATING
  TODAY            9                        10     -1        2
  MONTH TO DATE  395                       337     58      346
  SINCE MAR 1   1714                      1903   -189     1963
  SINCE JUL 1   6944                      7438   -494     7713

 COOLING
  TODAY            0                         0      0        0
  MONTH TO DATE    0                         0      0        0
  SINCE MAR 1      0                         0      0        0
  SINCE JAN 1      0                         0      0        0
..................................................................


WIND (MPH)
  HIGHEST WIND SPEED    15   HIGHEST WIND DIRECTION     N (350)
  HIGHEST GUST SPEED    19   HIGHEST GUST DIRECTION    NW (330)
  AVERAGE WIND SPEED     3.3


SKY COVER
  POSSIBLE SUNSHINE  MM
  AVERAGE SKY COVER 1.0


WEATHER CONDITIONS
 THE FOLLOWING WEATHER WAS RECORDED TODAY.
  RAIN
  LIGHT RAIN
  FOG


RELATIVE HUMIDITY (PERCENT)
 HIGHEST    93          1200 AM
 LOWEST     60          1200 PM
 AVERAGE    77

..........................................................


THE SHERIDAN WY CLIMATE NORMALS FOR TOMORROW
                         NORMAL    RECORD    YEAR
 MAXIMUM TEMPERATURE (F)   70        94      1934
 MINIMUM TEMPERATURE (F)   41        30      1932


SUNRISE AND SUNSET
MAY 25 2015...........SUNRISE   530 AM MDT   SUNSET   840 PM MDT
MAY 26 2015...........SUNRISE   529 AM MDT   SUNSET   841 PM MDT


-  INDICATES NEGATIVE NUMBERS.
R  INDICATES RECORD WAS SET OR TIED.
MM INDICATES DATA IS MISSING.
T  INDICATES TRACE AMOUNT.




$$
