000
CDUS44 KSHV 300803
CLISHV


CLIMATE REPORT
NATIONAL WEATHER SERVICE SHREVEPORT, LA
257 AM CDT SUN APR 30 2017


...................................

...THE SHREVEPORT CLIMATE SUMMARY FOR APRIL 29 2017...

CLIMATE NORMAL PERIOD 1981 TO 2010
CLIMATE RECORD PERIOD 1874 TO 2017


WEATHER ITEM   OBSERVED TIME   RECORD YEAR NORMAL DEPARTURE LAST
                VALUE   (LST)  VALUE       VALUE  FROM      YEAR
                                                  NORMAL
..................................................................
TEMPERATURE (F)
 YESTERDAY
  MAXIMUM         84   1057 AM  96    1887  80      4       80
  MINIMUM         73    326 PM  45    1997  58     15       72
                                      1965
  AVERAGE         79                        69     10       76

PRECIPITATION (IN)
  YESTERDAY        0.13          2.71 1950   0.14  -0.01     1.41
  MONTH TO DATE    4.16                      4.04   0.12    11.10
  SINCE DEC 1     12.89                     21.90  -9.01    31.84
  SINCE JAN 1      9.75                     17.13  -7.38    28.95

SNOWFALL (IN)
  YESTERDAY        0.0
  MONTH TO DATE    0.0
  SINCE MAR 1      0.0
  SINCE JUL 1      0.0
  SNOW DEPTH       0

DEGREE DAYS
 HEATING
  YESTERDAY        0                         1     -1        0
  MONTH TO DATE   30                        85    -55       33
  SINCE MAR 1    164                       336   -172      146
  SINCE JUL 1   1195                      2218  -1023     1449

 COOLING
  YESTERDAY       14                         5      9       11
  MONTH TO DATE  154                        89     65      117
  SINCE MAR 1    255                       120    135      171
  SINCE JAN 1    325                       130    195      189
..................................................................


WIND (MPH)
  HIGHEST WIND SPEED    28   HIGHEST WIND DIRECTION     S (170)
  HIGHEST GUST SPEED    39   HIGHEST GUST DIRECTION     S (180)
  AVERAGE WIND SPEED    16.8


SKY COVER
  POSSIBLE SUNSHINE  MM
  AVERAGE SKY COVER 1.0


WEATHER CONDITIONS
 THE FOLLOWING WEATHER WAS RECORDED YESTERDAY.
  THUNDERSTORM
  LIGHT RAIN
  FOG


RELATIVE HUMIDITY (PERCENT)
 HIGHEST   100           800 PM
 LOWEST     70          1100 AM
 AVERAGE    85

..........................................................


THE SHREVEPORT CLIMATE NORMALS FOR TODAY
                         NORMAL    RECORD    YEAR
 MAXIMUM TEMPERATURE (F)   80        94      1887
 MINIMUM TEMPERATURE (F)   58        39      1996


SUNRISE AND SUNSET
APRIL 30 2017.........SUNRISE   629 AM CDT   SUNSET   756 PM CDT
MAY  1 2017...........SUNRISE   628 AM CDT   SUNSET   757 PM CDT


-  INDICATES NEGATIVE NUMBERS.
R  INDICATES RECORD WAS SET OR TIED.
MM INDICATES DATA IS MISSING.
T  INDICATES TRACE AMOUNT.




$$
