000
CDUS44 KSHV 020853
CLISHV


CLIMATE REPORT
NATIONAL WEATHER SERVICE SHREVEPORT, LA
252 AM CST MON MAR 2 2015


...................................

...THE SHREVEPORT CLIMATE SUMMARY FOR MARCH 1 2015...

CLIMATE NORMAL PERIOD 1981 TO 2010
CLIMATE RECORD PERIOD 1874 TO 2015


WEATHER ITEM   OBSERVED TIME   RECORD YEAR NORMAL DEPARTURE LAST
                VALUE   (LST)  VALUE       VALUE  FROM      YEAR
                                                  NORMAL
..................................................................
TEMPERATURE (F)
 YESTERDAY
  MAXIMUM         46    111 AM  85    2012  65    -19       76
                                      1972
  MINIMUM         39    715 AM  22    1890  43     -4       55
  AVERAGE         43                        54    -11       66

PRECIPITATION (IN)
  YESTERDAY        0.53          1.79 1934   0.15   0.38     0.01
  MONTH TO DATE    0.53                      0.15   0.38     0.01
  SINCE DEC 1     16.01                     13.87   2.14     8.43
  SINCE JAN 1     12.26                      9.10   3.16     3.45

SNOWFALL (IN)
  YESTERDAY        0.0
  MONTH TO DATE    0.0
  SINCE MAR 1      0.0
  SINCE JUL 1      4.1
  SNOW DEPTH       0

DEGREE DAYS
 HEATING
  YESTERDAY       22                        11     11        0
  MONTH TO DATE   22                        11     11        0
  SINCE MAR 1     22                        11     11        0
  SINCE JUL 1   2022                      1893    129     2111

 COOLING
  YESTERDAY        0                         0      0        1
  MONTH TO DATE    0                         0      0        1
  SINCE MAR 1      0                         0      0        1
  SINCE JAN 1      0                        10    -10        7
..................................................................


WIND (MPH)
  HIGHEST WIND SPEED    12   HIGHEST WIND DIRECTION     N (360)
  HIGHEST GUST SPEED    14   HIGHEST GUST DIRECTION     N (10)
  AVERAGE WIND SPEED     7.5


SKY COVER
  POSSIBLE SUNSHINE  MM
  AVERAGE SKY COVER 1.0


WEATHER CONDITIONS
 THE FOLLOWING WEATHER WAS RECORDED YESTERDAY.
  RAIN
  LIGHT RAIN
  FOG


RELATIVE HUMIDITY (PERCENT)
 HIGHEST   100           800 AM
 LOWEST     65          1200 AM
 AVERAGE    83

..........................................................


THE SHREVEPORT CLIMATE NORMALS FOR TODAY
                         NORMAL    RECORD    YEAR
 MAXIMUM TEMPERATURE (F)   66        85      2012
                                             1983
 MINIMUM TEMPERATURE (F)   43        20      1980


SUNRISE AND SUNSET
MARCH  2 2015.........SUNRISE   642 AM CST   SUNSET   613 PM CST
MARCH  3 2015.........SUNRISE   641 AM CST   SUNSET   614 PM CST


-  INDICATES NEGATIVE NUMBERS.
R  INDICATES RECORD WAS SET OR TIED.
MM INDICATES DATA IS MISSING.
T  INDICATES TRACE AMOUNT.




$$
