000
CDUS44 KSHV 032143
CLISHV


CLIMATE REPORT
NATIONAL WEATHER SERVICE SHREVEPORT, LA
443 PM CDT FRI JUL 3 2015


...................................

...THE SHREVEPORT CLIMATE SUMMARY FOR JULY 3 2015...
VALID TODAY AS OF 0400 PM LOCAL TIME.

CLIMATE NORMAL PERIOD 1981 TO 2010
CLIMATE RECORD PERIOD 1874 TO 2015


WEATHER ITEM   OBSERVED TIME   RECORD YEAR NORMAL DEPARTURE LAST
                VALUE   (LST)  VALUE       VALUE  FROM      YEAR
                                                  NORMAL
..................................................................
TEMPERATURE (F)
 TODAY
  MAXIMUM         90   1149 AM 103    1969  93     -3       90
                                      1933
  MINIMUM         77    631 AM  61    1924  72      5       72
  AVERAGE         84                        82      2       81

PRECIPITATION (IN)
  TODAY            0.00          3.26 1985   0.14  -0.14     0.00
  MONTH TO DATE    0.00                      0.43  -0.43     0.00
  SINCE DEC 1     45.90                     32.81  13.09    26.15
  SINCE JAN 1     42.15                     28.04  14.11    21.17

DEGREE DAYS
 HEATING
  TODAY            0                         0      0        0
  MONTH TO DATE    0                         0      0        0
  SINCE JUN 1      0                         0      0        0
  SINCE JUL 1      0                         0      0        0

 COOLING
  TODAY           19                        17      2       16
  MONTH TO DATE   54                        51      3       54
  SINCE JUN 1    571                       495     76      523
  SINCE JAN 1   1043                       893    150      893
..................................................................


WIND (MPH)
  HIGHEST WIND SPEED    16   HIGHEST WIND DIRECTION    SW (240)
  HIGHEST GUST SPEED    24   HIGHEST GUST DIRECTION    SW (220)
  AVERAGE WIND SPEED    10.6


SKY COVER
  POSSIBLE SUNSHINE  MM
  AVERAGE SKY COVER 0.9


WEATHER CONDITIONS
 THE FOLLOWING WEATHER WAS RECORDED TODAY.
  NO SIGNIFICANT WEATHER WAS OBSERVED.


RELATIVE HUMIDITY (PERCENT)
 HIGHEST    88           300 AM
 LOWEST     59          1200 PM
 AVERAGE    74

..........................................................


THE SHREVEPORT CLIMATE NORMALS FOR TOMORROW
                         NORMAL    RECORD    YEAR
 MAXIMUM TEMPERATURE (F)   93       102      1875
 MINIMUM TEMPERATURE (F)   72        61      1924


SUNRISE AND SUNSET
JULY  3 2015..........SUNRISE   612 AM CDT   SUNSET   826 PM CDT
JULY  4 2015..........SUNRISE   613 AM CDT   SUNSET   826 PM CDT


-  INDICATES NEGATIVE NUMBERS.
R  INDICATES RECORD WAS SET OR TIED.
MM INDICATES DATA IS MISSING.
T  INDICATES TRACE AMOUNT.




$$
