000
CDUS44 KSHV 272248
CLISHV


CLIMATE REPORT
NATIONAL WEATHER SERVICE SHREVEPORT, LA
447 PM CST TUE JAN 27 2015


...................................

...THE SHREVEPORT CLIMATE SUMMARY FOR JANUARY 27 2015...
VALID TODAY AS OF 0400 PM LOCAL TIME.

CLIMATE NORMAL PERIOD 1981 TO 2010
CLIMATE RECORD PERIOD 1874 TO 2015


WEATHER ITEM   OBSERVED TIME   RECORD YEAR NORMAL DEPARTURE LAST
                VALUE   (LST)  VALUE       VALUE  FROM      YEAR
                                                  NORMAL
..................................................................
TEMPERATURE (F)
 TODAY
  MAXIMUM         76    358 PM  82    1975  58     18       53
  MINIMUM         38    659 AM  13    1897  37      1       32
  AVERAGE         57                        47     10       43

PRECIPITATION (IN)
  TODAY            0.00          1.76 1949   0.15  -0.15     0.00
  MONTH TO DATE    7.45                      3.58   3.87     0.82
  SINCE DEC 1     11.20                      8.35   2.85     5.80
  SINCE JAN 1      7.45                      3.58   3.87     0.82

SNOWFALL (IN)
  TODAY            0.0
  MONTH TO DATE    0.0
  SINCE DEC 1      0.0
  SINCE JUL 1      T
  SNOW DEPTH       0

DEGREE DAYS
 HEATING
  TODAY            8                        18    -10       22
  MONTH TO DATE  569                       503     66      559
  SINCE DEC 1   1010                      1034    -24     1118
  SINCE JUL 1   1414                      1405      9     1529

 COOLING
  TODAY            0                         0      0        0
  MONTH TO DATE    0                         0      0        0
  SINCE DEC 1      2                         7     -5       11
  SINCE JAN 1      0                         0      0        0
..................................................................


WIND (MPH)
  HIGHEST WIND SPEED     8   HIGHEST WIND DIRECTION     N (10)
  HIGHEST GUST SPEED    11   HIGHEST GUST DIRECTION    NE (40)
  AVERAGE WIND SPEED     2.3


SKY COVER
  POSSIBLE SUNSHINE  MM
  AVERAGE SKY COVER 0.1


WEATHER CONDITIONS
 THE FOLLOWING WEATHER WAS RECORDED TODAY.
  NO SIGNIFICANT WEATHER WAS OBSERVED.


RELATIVE HUMIDITY (PERCENT)
 HIGHEST    92           700 AM
 LOWEST     19           300 PM
 AVERAGE    56

..........................................................


THE SHREVEPORT CLIMATE NORMALS FOR TOMORROW
                         NORMAL    RECORD    YEAR
 MAXIMUM TEMPERATURE (F)   58        81      1975
 MINIMUM TEMPERATURE (F)   37        15      1963


SUNRISE AND SUNSET
JANUARY 27 2015.......SUNRISE   713 AM CST   SUNSET   544 PM CST
JANUARY 28 2015.......SUNRISE   712 AM CST   SUNSET   545 PM CST


-  INDICATES NEGATIVE NUMBERS.
R  INDICATES RECORD WAS SET OR TIED.
MM INDICATES DATA IS MISSING.
T  INDICATES TRACE AMOUNT.




$$

20
