000
CDUS44 KSHV 240741
CLISHV


CLIMATE REPORT
NATIONAL WEATHER SERVICE SHREVEPORT, LA
238 AM CDT SUN JUL 24 2016


...................................

...THE SHREVEPORT CLIMATE SUMMARY FOR JULY 23 2016...

CLIMATE NORMAL PERIOD 1981 TO 2010
CLIMATE RECORD PERIOD 1874 TO 2016


WEATHER ITEM   OBSERVED TIME   RECORD YEAR NORMAL DEPARTURE LAST
                VALUE   (LST)  VALUE       VALUE  FROM      YEAR
                                                  NORMAL
..................................................................
TEMPERATURE (F)
 YESTERDAY
  MAXIMUM        101    214 PM 102    2011  94      7       99
                                      1998
                                      1943
  MINIMUM         77    939 PM  62    1947  73      4       78
  AVERAGE         89                        83      6       89

PRECIPITATION (IN)
  YESTERDAY        0.04          8.00 1905   0.10  -0.06     0.00
  MONTH TO DATE    2.05                      2.78  -0.73     0.59
  SINCE DEC 1     43.61                     35.16   8.45    46.49
  SINCE JAN 1     40.72                     30.39  10.33    42.74

SNOWFALL (IN)
  YESTERDAY        0.0
  MONTH TO DATE    0.0
  SINCE JUN 1      0.0
  SINCE JUL 1      0.0
  SNOW DEPTH       0

DEGREE DAYS
 HEATING
  YESTERDAY        0                         0      0        0
  MONTH TO DATE    0                         0      0        0
  SINCE JUN 1      0                         0      0        0
  SINCE JUL 1      0                         0      0        0

 COOLING
  YESTERDAY       24                        18      6       24
  MONTH TO DATE  494                       409     85      469
  SINCE JUN 1   1021                       853    168      986
  SINCE JAN 1   1481                      1251    230     1458
..................................................................


WIND (MPH)
  HIGHEST WIND SPEED    21   HIGHEST WIND DIRECTION     N (360)
  HIGHEST GUST SPEED    37   HIGHEST GUST DIRECTION     N (360)
  AVERAGE WIND SPEED     2.1


SKY COVER
  POSSIBLE SUNSHINE  MM
  AVERAGE SKY COVER 0.5


WEATHER CONDITIONS
 THE FOLLOWING WEATHER WAS RECORDED YESTERDAY.
  THUNDERSTORM
  LIGHT RAIN


RELATIVE HUMIDITY (PERCENT)
 HIGHEST    97           500 AM
 LOWEST     45           100 PM
 AVERAGE    71

..........................................................


THE SHREVEPORT CLIMATE NORMALS FOR TODAY
                         NORMAL    RECORD    YEAR
 MAXIMUM TEMPERATURE (F)   94       106      1954
 MINIMUM TEMPERATURE (F)   73        63      1947


SUNRISE AND SUNSET
JULY 24 2016..........SUNRISE   625 AM CDT   SUNSET   818 PM CDT
JULY 25 2016..........SUNRISE   625 AM CDT   SUNSET   818 PM CDT


-  INDICATES NEGATIVE NUMBERS.
R  INDICATES RECORD WAS SET OR TIED.
MM INDICATES DATA IS MISSING.
T  INDICATES TRACE AMOUNT.




$$
