000
CDUS44 KSHV 270834
CLISHV


CLIMATE REPORT
NATIONAL WEATHER SERVICE SHREVEPORT, LA
233 AM CST THU NOV 27 2014


...................................

...THE SHREVEPORT CLIMATE SUMMARY FOR NOVEMBER 26 2014...

CLIMATE NORMAL PERIOD 1981 TO 2010
CLIMATE RECORD PERIOD 1874 TO 2014


WEATHER ITEM   OBSERVED TIME   RECORD YEAR NORMAL DEPARTURE LAST
                VALUE   (LST)  VALUE       VALUE  FROM      YEAR
                                                  NORMAL
..................................................................
TEMPERATURE (F)
 YESTERDAY
  MAXIMUM         68    325 PM  85    1965  64      4       42
  MINIMUM         40    525 AM  26    1975  42     -2       36
  AVERAGE         54                        53      1       39

PRECIPITATION (IN)
  YESTERDAY        0.00          2.31 1988   0.15  -0.15     0.21
  MONTH TO DATE    4.43                      3.90   0.53     5.18
  SINCE DEC 1     42.45                     50.78  -8.33    54.13
  SINCE JAN 1     37.47                     46.01  -8.54    48.47

SNOWFALL (IN)
  YESTERDAY        0.0
  MONTH TO DATE    T
  SINCE SEP 1      T
  SINCE JUL 1      T
  SNOW DEPTH       0

DEGREE DAYS
 HEATING
  YESTERDAY       11                        13     -2       26
  MONTH TO DATE  350                       231    119      279
  SINCE SEP 1    373                       317     56      317
  SINCE JUL 1    373                       317     56      317

 COOLING
  YESTERDAY        0                         0      0        0
  MONTH TO DATE    4                        23    -19       14
  SINCE SEP 1    597                       510     87      661
  SINCE JAN 1   2489                      2472     17     2706
..................................................................


WIND (MPH)
  HIGHEST WIND SPEED    23   HIGHEST WIND DIRECTION     W (250)
  HIGHEST GUST SPEED    29   HIGHEST GUST DIRECTION    SW (220)
  AVERAGE WIND SPEED    10.5


SKY COVER
  POSSIBLE SUNSHINE  MM
  AVERAGE SKY COVER 0.3


WEATHER CONDITIONS
 THE FOLLOWING WEATHER WAS RECORDED YESTERDAY.
  NO SIGNIFICANT WEATHER WAS OBSERVED.


RELATIVE HUMIDITY (PERCENT)
 HIGHEST    70          1200 AM
 LOWEST     24           300 PM
 AVERAGE    47

..........................................................


THE SHREVEPORT CLIMATE NORMALS FOR TODAY
                         NORMAL    RECORD    YEAR
 MAXIMUM TEMPERATURE (F)   63        82      1994
                                             1989
 MINIMUM TEMPERATURE (F)   42        22      1993
                                             1975


SUNRISE AND SUNSET
NOVEMBER 27 2014......SUNRISE   656 AM CST   SUNSET   510 PM CST
NOVEMBER 28 2014......SUNRISE   656 AM CST   SUNSET   510 PM CST


-  INDICATES NEGATIVE NUMBERS.
R  INDICATES RECORD WAS SET OR TIED.
MM INDICATES DATA IS MISSING.
T  INDICATES TRACE AMOUNT.




$$
