000
CDUS44 KSHV 280755
CLISHV


CLIMATE REPORT
NATIONAL WEATHER SERVICE SHREVEPORT, LA
254 AM CDT TUE JUL 28 2015


...................................

...THE SHREVEPORT CLIMATE SUMMARY FOR JULY 27 2015...

CLIMATE NORMAL PERIOD 1981 TO 2010
CLIMATE RECORD PERIOD 1874 TO 2015


WEATHER ITEM   OBSERVED TIME   RECORD YEAR NORMAL DEPARTURE LAST
                VALUE   (LST)  VALUE       VALUE  FROM      YEAR
                                                  NORMAL
..................................................................
TEMPERATURE (F)
 YESTERDAY
  MAXIMUM        100    254 PM 103    2008  94      6       95
                                      1934
  MINIMUM         74    501 AM  65    1911  73      1       77
  AVERAGE         87                        84      3       86

PRECIPITATION (IN)
  YESTERDAY        0.00          3.21 2006   0.11  -0.11     0.00
  MONTH TO DATE    0.59                      3.22  -2.63     3.10
  SINCE DEC 1     46.49                     35.60  10.89    29.25
  SINCE JAN 1     42.74                     30.83  11.91    24.27

SNOWFALL (IN)
  YESTERDAY        0.0
  MONTH TO DATE    0.0
  SINCE JUN 1      0.0
  SINCE JUL 1      0.0
  SNOW DEPTH       0

DEGREE DAYS
 HEATING
  YESTERDAY        0                         0      0        0
  MONTH TO DATE    0                         0      0        0
  SINCE JUN 1      0                         0      0        0
  SINCE JUL 1      0                         0      0        0

 COOLING
  YESTERDAY       22                        19      3       21
  MONTH TO DATE  565                       482     83      426
  SINCE JUN 1   1082                       926    156      895
  SINCE JAN 1   1554                      1324    230     1265
..................................................................


WIND (MPH)
  HIGHEST WIND SPEED    13   HIGHEST WIND DIRECTION    SE (140)
  HIGHEST GUST SPEED    15   HIGHEST GUST DIRECTION    SE (140)
  AVERAGE WIND SPEED     4.6


SKY COVER
  POSSIBLE SUNSHINE  MM
  AVERAGE SKY COVER 0.2


WEATHER CONDITIONS
 THE FOLLOWING WEATHER WAS RECORDED YESTERDAY.
  NO SIGNIFICANT WEATHER WAS OBSERVED.


RELATIVE HUMIDITY (PERCENT)
 HIGHEST    94           600 AM
 LOWEST     39           300 PM
 AVERAGE    67

..........................................................


THE SHREVEPORT CLIMATE NORMALS FOR TODAY
                         NORMAL    RECORD    YEAR
 MAXIMUM TEMPERATURE (F)   94       103      1998
                                             1995
                                             1930
 MINIMUM TEMPERATURE (F)   73        64      1994


SUNRISE AND SUNSET
JULY 28 2015..........SUNRISE   627 AM CDT   SUNSET   816 PM CDT
JULY 29 2015..........SUNRISE   628 AM CDT   SUNSET   816 PM CDT


-  INDICATES NEGATIVE NUMBERS.
R  INDICATES RECORD WAS SET OR TIED.
MM INDICATES DATA IS MISSING.
T  INDICATES TRACE AMOUNT.




$$
