253
CDUS44 KSHV 300746
CLISHV


CLIMATE REPORT
NATIONAL WEATHER SERVICE SHREVEPORT, LA
235 AM CDT SAT APR 30 2016


...................................

...THE SHREVEPORT CLIMATE SUMMARY FOR APRIL 29 2016...

CLIMATE NORMAL PERIOD 1981 TO 2010
CLIMATE RECORD PERIOD 1874 TO 2016


WEATHER ITEM   OBSERVED TIME   RECORD YEAR NORMAL DEPARTURE LAST
                VALUE   (LST)  VALUE       VALUE  FROM      YEAR
                                                  NORMAL
..................................................................
TEMPERATURE (F)
 YESTERDAY
  MAXIMUM         80   1009 AM  96    1887  80      0       77
  MINIMUM         72    806 PM  45    1997  58     14       49
                                      1965
  AVERAGE         76                        69      7       63

PRECIPITATION (IN)
  YESTERDAY        1.41          2.71 1950   0.14   1.27     0.00
  MONTH TO DATE   11.10                      4.04   7.06     5.45
  SINCE DEC 1     31.84                     21.90   9.94    28.95
  SINCE JAN 1     28.95                     17.13  11.82    25.20

SNOWFALL (IN)
  YESTERDAY        T
  MONTH TO DATE    T
  SINCE MAR 1      T
  SINCE JUL 1      T
  SNOW DEPTH       0

DEGREE DAYS
 HEATING
  YESTERDAY        0                         1     -1        2
  MONTH TO DATE   33                        85    -52       37
  SINCE MAR 1    146                       336   -190      291
  SINCE JUL 1   1449                      2218   -769     2291

 COOLING
  YESTERDAY       11                         5      6        0
  MONTH TO DATE  117                        89     28      139
  SINCE MAR 1    171                       120     51      165
  SINCE JAN 1    189                       130     59      165
..................................................................


WIND (MPH)
  HIGHEST WIND SPEED    24   HIGHEST WIND DIRECTION    SE (150)
  HIGHEST GUST SPEED    31   HIGHEST GUST DIRECTION     S (160)
  AVERAGE WIND SPEED    11.8


SKY COVER
  POSSIBLE SUNSHINE  MM
  AVERAGE SKY COVER 0.9


WEATHER CONDITIONS
 THE FOLLOWING WEATHER WAS RECORDED YESTERDAY.
  THUNDERSTORM
  HEAVY RAIN
  RAIN
  LIGHT RAIN
  HAIL
  FOG
  HAZE


RELATIVE HUMIDITY (PERCENT)
 HIGHEST    93           300 AM
 LOWEST     69          1200 AM
 AVERAGE    81

..........................................................


THE SHREVEPORT CLIMATE NORMALS FOR TODAY
                         NORMAL    RECORD    YEAR
 MAXIMUM TEMPERATURE (F)   80        94      1887
 MINIMUM TEMPERATURE (F)   58        39      1996


SUNRISE AND SUNSET
APRIL 30 2016.........SUNRISE   629 AM CDT   SUNSET   756 PM CDT
MAY  1 2016...........SUNRISE   628 AM CDT   SUNSET   757 PM CDT


-  INDICATES NEGATIVE NUMBERS.
R  INDICATES RECORD WAS SET OR TIED.
MM INDICATES DATA IS MISSING.
T  INDICATES TRACE AMOUNT.




$$
