000
CDUS44 KSHV 280732
CLISHV


CLIMATE REPORT
NATIONAL WEATHER SERVICE SHREVEPORT, LA
231 AM CDT WED JUN 28 2017


...................................

...THE SHREVEPORT CLIMATE SUMMARY FOR JUNE 27 2017...

CLIMATE NORMAL PERIOD 1981 TO 2010
CLIMATE RECORD PERIOD 1874 TO 2017


WEATHER ITEM   OBSERVED TIME   RECORD YEAR NORMAL DEPARTURE LAST
                VALUE   (LST)  VALUE       VALUE  FROM      YEAR
                                                  NORMAL
..................................................................
TEMPERATURE (F)
 YESTERDAY
  MAXIMUM         89    403 PM 102    2009  92     -3       97
                                      1875
  MINIMUM         69    527 AM  57    1974  72     -3       77
  AVERAGE         79                        82     -3       87

PRECIPITATION (IN)
  YESTERDAY        0.00          6.91 1986   0.16  -0.16     0.07
  MONTH TO DATE    3.05                      4.90  -1.85     4.44
  SINCE DEC 1     23.64                     31.88  -8.24    41.56
  SINCE JAN 1     20.50                     27.11  -6.61    38.67

SNOWFALL (IN)
  YESTERDAY        0.0
  MONTH TO DATE    0.0
  SINCE JUN 1      0.0
  SINCE JUL 1      0.0
  SNOW DEPTH       0

DEGREE DAYS
 HEATING
  YESTERDAY        0                         0      0        0
  MONTH TO DATE    0                         0      0        0
  SINCE JUN 1      0                         0      0        0
  SINCE JUL 1   1201                      2226  -1025     1451

 COOLING
  YESTERDAY       14                        17     -3       22
  MONTH TO DATE  395                       394      1      468
  SINCE JUN 1    395                       394      1      468
  SINCE JAN 1    937                       792    145      928
..................................................................


WIND (MPH)
  HIGHEST WIND SPEED    15   HIGHEST WIND DIRECTION     E (90)
  HIGHEST GUST SPEED    26   HIGHEST GUST DIRECTION     S (200)
  AVERAGE WIND SPEED     4.4


SKY COVER
  POSSIBLE SUNSHINE  MM
  AVERAGE SKY COVER 0.5


WEATHER CONDITIONS
 THE FOLLOWING WEATHER WAS RECORDED YESTERDAY.
  NO SIGNIFICANT WEATHER WAS OBSERVED.


RELATIVE HUMIDITY (PERCENT)
 HIGHEST    97           200 AM
 LOWEST     51           300 PM
 AVERAGE    74

..........................................................


THE SHREVEPORT CLIMATE NORMALS FOR TODAY
                         NORMAL    RECORD    YEAR
 MAXIMUM TEMPERATURE (F)   92       102      2009
 MINIMUM TEMPERATURE (F)   72        58      1974


SUNRISE AND SUNSET
JUNE 28 2017..........SUNRISE   611 AM CDT   SUNSET   827 PM CDT
JUNE 29 2017..........SUNRISE   611 AM CDT   SUNSET   827 PM CDT


-  INDICATES NEGATIVE NUMBERS.
R  INDICATES RECORD WAS SET OR TIED.
MM INDICATES DATA IS MISSING.
T  INDICATES TRACE AMOUNT.




$$
