000
CDUS44 KSHV 182238
CLISHV


CLIMATE REPORT
NATIONAL WEATHER SERVICE SHREVEPORT, LA
437 PM CST THU DEC 18 2014


...................................

...THE SHREVEPORT CLIMATE SUMMARY FOR DECEMBER 18 2014...
VALID TODAY AS OF 0400 PM LOCAL TIME.

CLIMATE NORMAL PERIOD 1981 TO 2010
CLIMATE RECORD PERIOD 1874 TO 2014


WEATHER ITEM   OBSERVED TIME   RECORD YEAR NORMAL DEPARTURE LAST
                VALUE   (LST)  VALUE       VALUE  FROM      YEAR
                                                  NORMAL
..................................................................
TEMPERATURE (F)
 TODAY
  MAXIMUM         52    359 PM  80    1980  58     -6       70
  MINIMUM         44    814 AM  16    1979  37      7       34
  AVERAGE         48                        47      1       52

PRECIPITATION (IN)
  TODAY            0.06          2.22 1995   0.16  -0.10     0.00
  MONTH TO DATE    1.51                      2.88  -1.37     2.19
  SINCE DEC 1      1.51                      2.88  -1.37     2.19
  SINCE JAN 1     38.98                     49.52 -10.54    50.66

SNOWFALL (IN)
  TODAY           MM
  MONTH TO DATE    0.0
  SINCE DEC 1      0.0
  SINCE JUL 1      T
  SNOW DEPTH       0

DEGREE DAYS
 HEATING
  TODAY           17                        18     -1       13
  MONTH TO DATE  203                       291    -88      336
  SINCE DEC 1    203                       291    -88      336
  SINCE JUL 1    607                       662    -55      747

 COOLING
  TODAY            0                         0      0        0
  MONTH TO DATE    2                         0      2        6
  SINCE DEC 1      2                         0      2        6
  SINCE JAN 1   2498                      2474     24     2712
..................................................................


WIND (MPH)
  HIGHEST WIND SPEED    12   HIGHEST WIND DIRECTION     E (70)
  HIGHEST GUST SPEED    19   HIGHEST GUST DIRECTION     E (100)
  AVERAGE WIND SPEED     4.8


SKY COVER
  POSSIBLE SUNSHINE  MM
  AVERAGE SKY COVER 1.0


WEATHER CONDITIONS
 THE FOLLOWING WEATHER WAS RECORDED TODAY.
  LIGHT RAIN
  FOG


RELATIVE HUMIDITY (PERCENT)
 HIGHEST    93          1000 AM
 LOWEST     80           100 PM
 AVERAGE    87

..........................................................


THE SHREVEPORT CLIMATE NORMALS FOR TOMORROW
                         NORMAL    RECORD    YEAR
 MAXIMUM TEMPERATURE (F)   58        80      1977
 MINIMUM TEMPERATURE (F)   37        15      1929


SUNRISE AND SUNSET
DECEMBER 18 2014......SUNRISE   711 AM CST   SUNSET   513 PM CST
DECEMBER 19 2014......SUNRISE   712 AM CST   SUNSET   513 PM CST


-  INDICATES NEGATIVE NUMBERS.
R  INDICATES RECORD WAS SET OR TIED.
MM INDICATES DATA IS MISSING.
T  INDICATES TRACE AMOUNT.

$$

10
