000
CDUS46 KMFR 270838
CLISIY


CLIMATE REPORT
NATIONAL WEATHER SERVICE MEDFORD, OR
1238 AM PST FRI FEB 27 2015


...................................

...THE MONTAGUE CA CLIMATE SUMMARY FOR FEBRUARY 26 2015...

CLIMATE NORMAL PERIOD 1981 TO 2010
CLIMATE RECORD PERIOD 1948 TO 2015


WEATHER ITEM   OBSERVED TIME   RECORD YEAR NORMAL DEPARTURE LAST
                VALUE   (LST)  VALUE       VALUE  FROM      YEAR
                                                  NORMAL
..................................................................
TEMPERATURE (F)
 YESTERDAY
  MAXIMUM         56    220 PM  70    1992  54      2       60
  MINIMUM         34    300 AM  13    2011  29      5       43
  AVERAGE         45                        42      3       52

PRECIPITATION (IN)
  YESTERDAY        0.08          1.07 1976   0.09  -0.01     0.03
  MONTH TO DATE    3.12                      1.86   1.26     2.16
  SINCE OCT 1      9.74                     10.89  -1.15     2.99
  SINCE JAN 1      3.83                      4.06  -0.23     2.35

SNOWFALL (IN)
  YESTERDAY       MM                        MM     MM       MM
  MONTH TO DATE   MM                        MM     MM        0.0
  SINCE JUL 1     MM                        MM     MM        0.0
  SNOW DEPTH      MM

DEGREE DAYS
 HEATING
  YESTERDAY       20                        23     -3       13
  MONTH TO DATE  550                       678   -128      602
  SINCE DEC 1   2093                      2524   -431     2687
  SINCE JUL 1   3098                      3830   -732     4007

 COOLING
  YESTERDAY        0                         0      0        0
  MONTH TO DATE    0                         0      0        0
  SINCE DEC 1      0                         0      0        0
  SINCE JAN 1      0                         0      0        0
..................................................................


WIND (MPH)
  HIGHEST WIND SPEED    18   HIGHEST WIND DIRECTION     N (10)
  HIGHEST GUST SPEED    20   HIGHEST GUST DIRECTION     N (10)
  AVERAGE WIND SPEED     3.8


SKY COVER
  POSSIBLE SUNSHINE  MM
  AVERAGE SKY COVER 0.7


WEATHER CONDITIONS
 THE FOLLOWING WEATHER WAS RECORDED YESTERDAY.
  LIGHT RAIN
  FOG


RELATIVE HUMIDITY (PERCENT)
 HIGHEST    96          1000 PM
 LOWEST     47           200 PM

..........................................................


THE MONTAGUE CA CLIMATE NORMALS FOR TODAY
                         NORMAL    RECORD    YEAR
 MAXIMUM TEMPERATURE (F)   54        71      1992
 MINIMUM TEMPERATURE (F)   29        10      1962


SUNRISE AND SUNSET
FEBRUARY 27 2015......SUNRISE   648 AM PST   SUNSET   558 PM PST
FEBRUARY 28 2015......SUNRISE   646 AM PST   SUNSET   559 PM PST


-  INDICATES NEGATIVE NUMBERS.
R  INDICATES RECORD WAS SET OR TIED.
MM INDICATES DATA IS MISSING.
T  INDICATES TRACE AMOUNT.




$$
