000
CDUS46 KMFR 240836
CLISIY


CLIMATE REPORT
NATIONAL WEATHER SERVICE MEDFORD, OR
136 AM PDT THU APR 24 2014


...................................

...THE MONTAGUE CA CLIMATE SUMMARY FOR APRIL 23 2014...

CLIMATE NORMAL PERIOD 1981 TO 2010
CLIMATE RECORD PERIOD 1948 TO 2014


WEATHER ITEM   OBSERVED TIME   RECORD YEAR NORMAL DEPARTURE LAST
                VALUE   (LST)  VALUE       VALUE  FROM      YEAR
                                                  NORMAL
..................................................................
TEMPERATURE (F)
 YESTERDAY
  MAXIMUM         59    329 PM  84    2012  63     -4       73
  MINIMUM         39    540 AM  26    2007  35      4       36
                                      1958
  AVERAGE         49                        49      0       55

PRECIPITATION (IN)
  YESTERDAY        0.00          0.65 1961   0.06  -0.06     0.00
  MONTH TO DATE    0.58                      1.09  -0.51     0.74
  SINCE SEP 1      6.71                     15.08  -8.37     7.38
  SINCE JAN 1      5.33                      7.61  -2.28     2.56

SNOWFALL (IN)
  YESTERDAY       MM                        MM     MM       MM
  MONTH TO DATE   MM                        MM     MM       MM
  SINCE JUL 1      0.0                      MM     MM       MM
  SNOW DEPTH      MM

DEGREE DAYS
 HEATING
  YESTERDAY       16                        16      0       10
  MONTH TO DATE  303                       438   -135      386
  SINCE MAR 1    865                      1120   -255     1005
  SINCE JUL 1   4913                      4997    -84     4745

 COOLING
  YESTERDAY        0                         0      0        0
  MONTH TO DATE    0                         0      0        0
  SINCE MAR 1      0                         0      0        0
  SINCE JAN 1      0                         0      0        0
..................................................................


WIND (MPH)
  HIGHEST WIND SPEED    21   HIGHEST WIND DIRECTION     W (250)
  HIGHEST GUST SPEED    25   HIGHEST GUST DIRECTION     W (250)
  AVERAGE WIND SPEED     7.3


SKY COVER
  POSSIBLE SUNSHINE  MM
  AVERAGE SKY COVER 0.8


WEATHER CONDITIONS
 THE FOLLOWING WEATHER WAS RECORDED YESTERDAY.
  NO SIGNIFICANT WEATHER WAS OBSERVED.


RELATIVE HUMIDITY (PERCENT)
 HIGHEST    85           600 AM
 LOWEST     43          1200 PM

..........................................................


THE MONTAGUE CA CLIMATE NORMALS FOR TODAY
                         NORMAL    RECORD    YEAR
 MAXIMUM TEMPERATURE (F)   64        85      1981
 MINIMUM TEMPERATURE (F)   35        24      1964


SUNRISE AND SUNSET
APRIL 24 2014.........SUNRISE   616 AM PDT   SUNSET   801 PM PDT
APRIL 25 2014.........SUNRISE   614 AM PDT   SUNSET   802 PM PDT


-  INDICATES NEGATIVE NUMBERS.
R  INDICATES RECORD WAS SET OR TIED.
MM INDICATES DATA IS MISSING.
T  INDICATES TRACE AMOUNT.




$$
