000
CDUS46 KMFR 170837
CLISIY


CLIMATE REPORT
NATIONAL WEATHER SERVICE MEDFORD, OR
1236 AM PST TUE JAN 17 2017


...................................

...THE MONTAGUE CA CLIMATE SUMMARY FOR JANUARY 16 2017...

CLIMATE NORMAL PERIOD 1981 TO 2010
CLIMATE RECORD PERIOD 1948 TO 2017


WEATHER ITEM   OBSERVED TIME   RECORD YEAR NORMAL DEPARTURE LAST
                VALUE   (LST)  VALUE       VALUE  FROM      YEAR
                                                  NORMAL
..................................................................
TEMPERATURE (F)
 YESTERDAY
  MAXIMUM         42    347 PM  55    2010  44     -2       51
                                      1981
  MINIMUM         20    755 AM   1    1952  26     -6       32
  AVERAGE         31                        35     -4       42

PRECIPITATION (IN)
  YESTERDAY        0.00          3.03 1974   0.05  -0.05     0.10
  MONTH TO DATE    1.35                      1.52  -0.17     0.81
  SINCE OCT 1      9.56                      8.35   1.21     5.90
  SINCE JAN 1      1.35                      1.52  -0.17     0.81

SNOWFALL (IN)
  YESTERDAY       MM                        MM     MM       MM
  MONTH TO DATE   MM                        MM     MM       MM
  SINCE JUL 1     MM                        MM     MM       MM
  SNOW DEPTH      MM

DEGREE DAYS
 HEATING
  YESTERDAY       34                        30      4       23
  MONTH TO DATE  610                       480    130      469
  SINCE DEC 1   1624                      1407    217     1329
  SINCE JUL 1   2754                      2713     41     2412

 COOLING
  YESTERDAY        0                         0      0        0
  MONTH TO DATE    0                         0      0        0
  SINCE DEC 1      0                         0      0        0
  SINCE JAN 1      0                         0      0        0
..................................................................


WIND (MPH)
  HIGHEST WIND SPEED     7   HIGHEST WIND DIRECTION    NE (30)
  HIGHEST GUST SPEED     8   HIGHEST GUST DIRECTION    NE (60)
  AVERAGE WIND SPEED     1.3


SKY COVER
  POSSIBLE SUNSHINE  MM
  AVERAGE SKY COVER 0.1


WEATHER CONDITIONS
 THE FOLLOWING WEATHER WAS RECORDED YESTERDAY.
  FOG


RELATIVE HUMIDITY (PERCENT)
 HIGHEST    96           500 AM
 LOWEST     62           300 PM

..........................................................


THE MONTAGUE CA CLIMATE NORMALS FOR TODAY
                         NORMAL    RECORD    YEAR
 MAXIMUM TEMPERATURE (F)   44        57      2011
 MINIMUM TEMPERATURE (F)   26        -2      1952


SUNRISE AND SUNSET
JANUARY 17 2017.......SUNRISE   734 AM PST   SUNSET   507 PM PST
JANUARY 18 2017.......SUNRISE   733 AM PST   SUNSET   508 PM PST


-  INDICATES NEGATIVE NUMBERS.
R  INDICATES RECORD WAS SET OR TIED.
MM INDICATES DATA IS MISSING.
T  INDICATES TRACE AMOUNT.




$$
