000
CDUS46 KMTR 060037
CLISJC


CLIMATE REPORT
NATIONAL WEATHER SERVICE SAN FRANCISCO BAY AREA
437 PM PST THU MAR 5 2015


...................................

...THE SAN JOSE CA CLIMATE SUMMARY FOR MARCH 5 2015...
VALID TODAY AS OF 0400 PM LOCAL TIME.

CLIMATE NORMAL PERIOD 1981 TO 2010
CLIMATE RECORD PERIOD 1893 TO 2015


WEATHER ITEM   OBSERVED TIME   RECORD YEAR NORMAL DEPARTURE LAST
                VALUE   (LST)  VALUE       VALUE  FROM      YEAR
                                                  NORMAL
..................................................................
TEMPERATURE (F)
 TODAY
  MAXIMUM         76        MM  80    1959  67      9       74
  MINIMUM         41        MM  33    1976  47     -6       52
  AVERAGE         59                        57      2       63

PRECIPITATION (IN)
  TODAY            0.00          0.83 1962   0.09  -0.09      T
  MONTH TO DATE    0.05                      0.48  -0.43     0.40
  SINCE OCT 1     11.74                     11.57   0.17     4.07
  SINCE JAN 1      1.79                      6.79  -5.00     3.17

SNOWFALL (IN)
  TODAY            0.0           0.0  1947
  MONTH TO DATE    0.0
  SINCE MAR 1      0.0
  SINCE JUL 1      0.0

DEGREE DAYS
 HEATING
  TODAY            6                         8     -2        2
  MONTH TO DATE   55                        44     11       29
  SINCE MAR 1     55                        44     11       29
  SINCE JUL 1   1275                      1507   -232     1570

 COOLING
  TODAY            0                         0      0        0
  MONTH TO DATE    0                         0      0        0
  SINCE MAR 1      0                         0      0        0
  SINCE JAN 1      0                         0      0        0
..................................................................


WIND (MPH)
  RESULTANT WIND SPEED   1   RESULTANT WIND DIRECTION   E (80)
  HIGHEST WIND SPEED     9   HIGHEST WIND DIRECTION    NW (330)
  HIGHEST GUST SPEED    MM   HIGHEST GUST DIRECTION    MM
  AVERAGE WIND SPEED     2.7


SKY COVER
  POSSIBLE SUNSHINE  MM
  AVERAGE SKY COVER 0.0


WEATHER CONDITIONS
 THE FOLLOWING WEATHER WAS RECORDED TODAY.
  NO SIGNIFICANT WEATHER WAS OBSERVED.


RELATIVE HUMIDITY (PERCENT)
 HIGHEST    76           700 AM
 LOWEST     25           300 PM
 AVERAGE    51

..........................................................


THE SAN JOSE CA CLIMATE NORMALS FOR TOMORROW
                         NORMAL    RECORD    YEAR
 MAXIMUM TEMPERATURE (F)   67        78      1905
 MINIMUM TEMPERATURE (F)   47        25      1903


SUNRISE AND SUNSET
MARCH  5 2015.........SUNRISE   633 AM PST   SUNSET   605 PM PST
MARCH  6 2015.........SUNRISE   632 AM PST   SUNSET   606 PM PST


-  INDICATES NEGATIVE NUMBERS.
R  INDICATES RECORD WAS SET OR TIED.
MM INDICATES DATA IS MISSING.
T  INDICATES TRACE AMOUNT.




$$
