000
CDUS46 KMTR 230825
CLISJC


CLIMATE REPORT
NATIONAL WEATHER SERVICE SAN FRANCISCO BAY AREA
125 AM PDT THU OCT 23 2014


...................................

...THE SAN JOSE AIRPORT CLIMATE SUMMARY FOR OCTOBER 22 2014...

CLIMATE NORMAL PERIOD 1981 TO 2010
CLIMATE RECORD PERIOD 1893 TO 2014


WEATHER ITEM   OBSERVED TIME   RECORD YEAR NORMAL DEPARTURE LAST
                VALUE   (LST)  VALUE       VALUE  FROM      YEAR
                                                  NORMAL
..................................................................
TEMPERATURE (F)
 YESTERDAY
  MAXIMUM         72    355 PM  90    1901  75     -3       72
  MINIMUM         48    449 AM  35    1893  52     -4       51
  AVERAGE         60                        63     -3       62

PRECIPITATION (IN)
  YESTERDAY        0.00          0.12 1973   0.03  -0.03     0.00
  MONTH TO DATE    T                         0.48  -0.48     0.00
  SINCE JUL 1      0.36                      0.71  -0.35     0.66
  SINCE JAN 1      5.15                     10.60  -5.45     2.90

SNOWFALL (IN)
  YESTERDAY        0.0                      MM     MM        0.0
  MONTH TO DATE    0.0                      MM     MM        0.0
  SINCE SEP 1      0.0                      MM     MM        0.0
  SINCE JUL 1      0.0                      MM     MM        0.0

DEGREE DAYS
 HEATING
  YESTERDAY        5                         3      2        3
  MONTH TO DATE   21                        36    -15       51
  SINCE SEP 1     23                        46    -23       59
  SINCE JUL 1     23                        49    -26       60

 COOLING
  YESTERDAY        0                         1     -1        0
  MONTH TO DATE   71                        40     31       13
  SINCE SEP 1    181                       177      4      124
  SINCE JAN 1    682                       723    -41      549
..................................................................


WIND (MPH)
  RESULTANT WIND SPEED   3   RESULTANT WIND DIRECTION  NW (300)
  HIGHEST WIND SPEED    13   HIGHEST WIND DIRECTION    NW (310)
  HIGHEST GUST SPEED    16   HIGHEST GUST DIRECTION    NW (310)
  AVERAGE WIND SPEED     5.0


SKY COVER
  POSSIBLE SUNSHINE  MM
  AVERAGE SKY COVER 0.5


WEATHER CONDITIONS
 THE FOLLOWING WEATHER WAS RECORDED YESTERDAY.
  NO SIGNIFICANT WEATHER WAS OBSERVED.


RELATIVE HUMIDITY (PERCENT)
 HIGHEST    86           500 AM
 LOWEST     37          1200 PM
 AVERAGE    62

..........................................................


THE SAN JOSE AIRPORT CLIMATE NORMALS FOR TODAY
                         NORMAL    RECORD    YEAR
 MAXIMUM TEMPERATURE (F)   74        90      1959
 MINIMUM TEMPERATURE (F)   52        38      1893


SUNRISE AND SUNSET
OCTOBER 23 2014.......SUNRISE   723 AM PDT   SUNSET   620 PM PDT
OCTOBER 24 2014.......SUNRISE   724 AM PDT   SUNSET   619 PM PDT


-  INDICATES NEGATIVE NUMBERS.
R  INDICATES RECORD WAS SET OR TIED.
MM INDICATES DATA IS MISSING.
T  INDICATES TRACE AMOUNT.




$$
