000
CDUS46 KMTR 230836
CLISJC


CLIMATE REPORT
NATIONAL WEATHER SERVICE SAN FRANCISCO BAY AREA
136 AM PDT FRI JUN 23 2017


...................................

...THE SAN JOSE AIRPORT CLIMATE SUMMARY FOR JUNE 22 2017...

CLIMATE NORMAL PERIOD 1981 TO 2010
CLIMATE RECORD PERIOD 1893 TO 2017


WEATHER ITEM   OBSERVED TIME   RECORD YEAR NORMAL DEPARTURE LAST
                VALUE   (LST)  VALUE       VALUE  FROM      YEAR
                                                  NORMAL
..................................................................
TEMPERATURE (F)
 YESTERDAY
  MAXIMUM         96   1238 PM 101    1989  80     16       75
  MINIMUM         67   1147 PM  45    1897  57     10       56
  AVERAGE         82                        68     14       66

PRECIPITATION (IN)
  YESTERDAY        0.00          0.00 1947   0.00   0.00     0.00
  MONTH TO DATE    0.02                      0.09  -0.07      T
  SINCE OCT 1     18.42                     15.59   2.83    14.91
  SINCE JAN 1     14.04                     10.50   3.54    10.21

SNOWFALL (IN)
  YESTERDAY        0.0                       0.0    0.0      0.0
  MONTH TO DATE    0.0                       0.0    0.0      0.0
  SINCE JUN 1      0.0                       0.0    0.0      0.0
  SINCE JUL 1      0.0                       0.0    0.0      0.0

DEGREE DAYS
 HEATING
  YESTERDAY        0                         1     -1        0
  MONTH TO DATE   13                        24    -11        6
  SINCE JUN 1     13                        24    -11        6
  SINCE JUL 1   1865                      2258   -393     1750

 COOLING
  YESTERDAY       17                         4     13        1
  MONTH TO DATE  111                        66     45      100
  SINCE JUN 1    111                        66     45      100
  SINCE JAN 1    184                       129     55      182
..................................................................


WIND (MPH)
  RESULTANT WIND SPEED   5   RESULTANT WIND DIRECTION   W (290)
  HIGHEST WIND SPEED    17   HIGHEST WIND DIRECTION     W (290)
  HIGHEST GUST SPEED    19   HIGHEST GUST DIRECTION     W (290)
  AVERAGE WIND SPEED     5.9


SKY COVER
  POSSIBLE SUNSHINE  MM
  AVERAGE SKY COVER 0.0


WEATHER CONDITIONS
 THE FOLLOWING WEATHER WAS RECORDED YESTERDAY.
  NO SIGNIFICANT WEATHER WAS OBSERVED.


RELATIVE HUMIDITY (PERCENT)
 HIGHEST    84           200 AM
 LOWEST     30           100 PM
 AVERAGE    57

..........................................................


THE SAN JOSE AIRPORT CLIMATE NORMALS FOR TODAY
                         NORMAL    RECORD    YEAR
 MAXIMUM TEMPERATURE (F)   80        98      1976
 MINIMUM TEMPERATURE (F)   57        38      1893


SUNRISE AND SUNSET
JUNE 23 2017..........SUNRISE   548 AM PDT   SUNSET   832 PM PDT
JUNE 24 2017..........SUNRISE   548 AM PDT   SUNSET   832 PM PDT


-  INDICATES NEGATIVE NUMBERS.
R  INDICATES RECORD WAS SET OR TIED.
MM INDICATES DATA IS MISSING.
T  INDICATES TRACE AMOUNT.




$$
