000
CDUS46 KMTR 240034
CLISJC


CLIMATE REPORT
NATIONAL WEATHER SERVICE SAN FRANCISCO BAY AREA
533 PM PDT TUE SEP 23 2014


...................................

...THE SAN JOSE CA CLIMATE SUMMARY FOR SEPTEMBER 23 2014...
VALID TODAY AS OF 0500 PM LOCAL TIME.

CLIMATE NORMAL PERIOD 1981 TO 2010
CLIMATE RECORD PERIOD 1893 TO 2014


WEATHER ITEM   OBSERVED TIME   RECORD YEAR NORMAL DEPARTURE LAST
                VALUE   (LST)  VALUE       VALUE  FROM      YEAR
                                                  NORMAL
..................................................................
TEMPERATURE (F)
 TODAY
  MAXIMUM         78    116 PM 100    1939  81     -3       80
  MINIMUM         59    446 AM  35    1903  56      3       54
  AVERAGE         69                        68      1       67

PRECIPITATION (IN)
  TODAY            0.00          1.15 1904   0.01  -0.01     0.00
  MONTH TO DATE    T                         0.10  -0.10     0.66
  SINCE JUL 1      T                         0.10  -0.10     0.66
  SINCE JAN 1      4.79                      9.99  -5.20     2.90

SNOWFALL (IN)
  TODAY            0.0           0.0  1947
  MONTH TO DATE    0.0
  SINCE SEP 1      0.0
  SINCE JUL 1      0.0

DEGREE DAYS
 HEATING
  TODAY            0                         1     -1        0
  MONTH TO DATE    2                         1      1        3
  SINCE SEP 1      2                         1      1        3
  SINCE JUL 1      2                         4     -2        4

 COOLING
  TODAY            4                         4      0        2
  MONTH TO DATE  100                       114    -14      104
  SINCE SEP 1    100                       114    -14      104
  SINCE JAN 1    601                       660    -59      529
..................................................................


WIND (MPH)
  RESULTANT WIND SPEED   3   RESULTANT WIND DIRECTION  NW (320)
  HIGHEST WIND SPEED    15   HIGHEST WIND DIRECTION    NW (300)
  HIGHEST GUST SPEED    17   HIGHEST GUST DIRECTION    NW (300)
  AVERAGE WIND SPEED     4.4


SKY COVER
  POSSIBLE SUNSHINE  MM
  AVERAGE SKY COVER 0.3


WEATHER CONDITIONS
 THE FOLLOWING WEATHER WAS RECORDED TODAY.
  NO SIGNIFICANT WEATHER WAS OBSERVED.


RELATIVE HUMIDITY (PERCENT)
 HIGHEST    90           700 AM
 LOWEST     50           200 PM
 AVERAGE    70

..........................................................


THE SAN JOSE CA CLIMATE NORMALS FOR TOMORROW
                         NORMAL    RECORD    YEAR
 MAXIMUM TEMPERATURE (F)   81        98      1964
 MINIMUM TEMPERATURE (F)   56        40      1895


SUNRISE AND SUNSET
SEPTEMBER 23 2014.....SUNRISE   656 AM PDT   SUNSET   703 PM PDT
SEPTEMBER 24 2014.....SUNRISE   657 AM PDT   SUNSET   701 PM PDT


-  INDICATES NEGATIVE NUMBERS.
R  INDICATES RECORD WAS SET OR TIED.
MM INDICATES DATA IS MISSING.
T  INDICATES TRACE AMOUNT.




$$
