635
CDUS44 KSJT 300759
CLISJT


CLIMATE REPORT
NATIONAL WEATHER SERVICE SAN ANGELO TX
259 AM CDT THU MAR 30 2017


...................................

...THE SAN ANGELO CLIMATE SUMMARY FOR MARCH 29 2017...

CLIMATE NORMAL PERIOD 1981 TO 2010
CLIMATE RECORD PERIOD 1907 TO 2017


WEATHER ITEM   OBSERVED TIME   RECORD YEAR NORMAL DEPARTURE LAST
                VALUE   (LST)  VALUE       VALUE  FROM      YEAR
                                                  NORMAL
..................................................................
TEMPERATURE (F)
 YESTERDAY
  MAXIMUM         75    102 PM  97    1967  75      0       80
  MINIMUM         45    554 AM  27    1987  47     -2       60
  AVERAGE         60                        61     -1       70

PRECIPITATION (IN)
  YESTERDAY        0.00          0.81 2006   0.05  -0.05     0.00
  MONTH TO DATE    0.25                      1.41  -1.16     3.33
  SINCE MAR 1      0.25                      1.41  -1.16     3.33
  SINCE JAN 1      2.96                      3.69  -0.73     4.13

SNOWFALL (IN)
  YESTERDAY        0.0           T    2012   0.0    0.0      0.0
                                      1990
  MONTH TO DATE    0.0                       0.1   -0.1       T
  SINCE NOV 1      T                         2.2   -2.2      3.1
  SINCE JUL 1      T                         2.2   -2.2      3.1
  SNOW DEPTH       0

DEGREE DAYS
 HEATING
  YESTERDAY        5                         6     -1        0
  MONTH TO DATE  116                       248   -132      155
  SINCE MAR 1    116                       248   -132      155
  SINCE JUL 1   1440                      2209   -769     1748

 COOLING
  YESTERDAY        0                         2     -2        5
  MONTH TO DATE  108                        32     76       30
  SINCE MAR 1    108                        32     76       30
  SINCE JAN 1    135                        37     98       40
..................................................................


WIND (MPH)
  HIGHEST WIND SPEED    28   HIGHEST WIND DIRECTION    NW (300)
  HIGHEST GUST SPEED    37   HIGHEST GUST DIRECTION    NW (300)
  AVERAGE WIND SPEED    13.2


SKY COVER
  POSSIBLE SUNSHINE  MM
  AVERAGE SKY COVER 0.1


WEATHER CONDITIONS
 THE FOLLOWING WEATHER WAS RECORDED YESTERDAY.
  NO SIGNIFICANT WEATHER WAS OBSERVED.


RELATIVE HUMIDITY (PERCENT)
 HIGHEST    82           700 AM
 LOWEST     29           100 PM
 AVERAGE    56

..........................................................


THE SAN ANGELO CLIMATE NORMALS FOR TODAY
                         NORMAL    RECORD    YEAR
 MAXIMUM TEMPERATURE (F)   75        95      1974
 MINIMUM TEMPERATURE (F)   48        23      1987


SUNRISE AND SUNSET
MARCH 30 2017.........SUNRISE   733 AM CDT   SUNSET   800 PM CDT
MARCH 31 2017.........SUNRISE   732 AM CDT   SUNSET   801 PM CDT


-  INDICATES NEGATIVE NUMBERS.
R  INDICATES RECORD WAS SET OR TIED.
MM INDICATES DATA IS MISSING.
T  INDICATES TRACE AMOUNT.




$$
