000
CDUS44 KSJT 040703
CLISJT


CLIMATE REPORT
NATIONAL WEATHER SERVICE SAN ANGELO TX
203 AM CDT WED MAY 4 2016


...................................

...THE SAN ANGELO CLIMATE SUMMARY FOR MAY 3 2016...

CLIMATE NORMAL PERIOD 1981 TO 2010
CLIMATE RECORD PERIOD 1907 TO 2016


WEATHER ITEM   OBSERVED TIME   RECORD YEAR NORMAL DEPARTURE LAST
                VALUE   (LST)  VALUE       VALUE  FROM      YEAR
                                                  NORMAL
..................................................................
TEMPERATURE (F)
 YESTERDAY
  MAXIMUM         79    551 PM 103    1927  85     -6       86
  MINIMUM         40    603 AM  35    2013  58    -18       60
  AVERAGE         60                        71    -11       73

PRECIPITATION (IN)
  YESTERDAY        0.00          1.35 1918   0.07  -0.07     0.00
  MONTH TO DATE    T                         0.21  -0.21     0.00
  SINCE MAR 1      8.43                      3.13   5.30     3.48
  SINCE JAN 1      9.23                      5.41   3.82     5.74

DEGREE DAYS
 HEATING
  YESTERDAY        5                         1      4        0
  MONTH TO DATE   14                         3     11        0
  SINCE MAR 1    224                       348   -124      330
  SINCE JUL 1   1817                      2309   -492     2177

 COOLING
  YESTERDAY        0                         7     -7        8
  MONTH TO DATE    0                        20    -20       14
  SINCE MAR 1    124                       171    -47      208
  SINCE JAN 1    134                       176    -42      210
..................................................................


WIND (MPH)
  HIGHEST WIND SPEED    18   HIGHEST WIND DIRECTION    NE (30)
  HIGHEST GUST SPEED    25   HIGHEST GUST DIRECTION    NE (40)
  AVERAGE WIND SPEED     4.6


SKY COVER
  POSSIBLE SUNSHINE  MM
  AVERAGE SKY COVER 0.0


WEATHER CONDITIONS
 THE FOLLOWING WEATHER WAS RECORDED YESTERDAY.
  NO SIGNIFICANT WEATHER WAS OBSERVED.


RELATIVE HUMIDITY (PERCENT)
 HIGHEST    96           400 AM
 LOWEST     28           600 PM
 AVERAGE    62

..........................................................


THE SAN ANGELO CLIMATE NORMALS FOR TODAY
                         NORMAL    RECORD    YEAR
 MAXIMUM TEMPERATURE (F)   85       102      2012
                                             1984
 MINIMUM TEMPERATURE (F)   58        39      1945


SUNRISE AND SUNSET
MAY  4 2016...........SUNRISE   654 AM CDT   SUNSET   824 PM CDT
MAY  5 2016...........SUNRISE   653 AM CDT   SUNSET   825 PM CDT


-  INDICATES NEGATIVE NUMBERS.
R  INDICATES RECORD WAS SET OR TIED.
MM INDICATES DATA IS MISSING.
T  INDICATES TRACE AMOUNT.




$$
