383
CDUS44 KSJT 130752
CLISJT


CLIMATE REPORT
NATIONAL WEATHER SERVICE SAN ANGELO TX
152 AM CST WED DEC 13 2017


...................................

...THE SAN ANGELO CLIMATE SUMMARY FOR DECEMBER 12 2017...

CLIMATE NORMAL PERIOD 1981 TO 2010
CLIMATE RECORD PERIOD 1907 TO 2017


WEATHER ITEM   OBSERVED TIME   RECORD YEAR NORMAL DEPARTURE LAST
                VALUE   (LST)  VALUE       VALUE  FROM      YEAR
                                                  NORMAL
..................................................................
TEMPERATURE (F)
 YESTERDAY
  MAXIMUM         61    433 PM  83    1939  60      1       67
  MINIMUM         30   1159 PM  11    1966  34     -4       37
  AVERAGE         46                        47     -1       52

PRECIPITATION (IN)
  YESTERDAY        0.00          0.46 2015   0.02  -0.02     0.00
  MONTH TO DATE    0.42                      0.30   0.12     0.73
  SINCE DEC 1      0.42                      0.30   0.12     0.73
  SINCE JAN 1     17.77                     20.70  -2.93    35.71

SNOWFALL (IN)
  YESTERDAY        0.0           T    1985   0.0    0.0      0.0
  MONTH TO DATE    T                         0.1   -0.1       T
  SINCE NOV 1      T                         0.4   -0.4       T
  SINCE JUL 1      T                         0.4   -0.4       T
  SNOW DEPTH       0

DEGREE DAYS
 HEATING
  YESTERDAY       19                        18      1       13
  MONTH TO DATE  166                       204    -38      221
  SINCE DEC 1    166                       204    -38      221
  SINCE JUL 1    466                       604   -138      389

 COOLING
  YESTERDAY        0                         0      0        0
  MONTH TO DATE    3                         0      3        0
  SINCE DEC 1      3                         0      3        0
  SINCE JAN 1   2876                      2502    374     2829
..................................................................


WIND (MPH)
  HIGHEST WIND SPEED    18   HIGHEST WIND DIRECTION    NE (30)
  HIGHEST GUST SPEED    24   HIGHEST GUST DIRECTION    NE (30)
  AVERAGE WIND SPEED     7.0


SKY COVER
  POSSIBLE SUNSHINE  MM
  AVERAGE SKY COVER 0.0


WEATHER CONDITIONS
 THE FOLLOWING WEATHER WAS RECORDED YESTERDAY.
  NO SIGNIFICANT WEATHER WAS OBSERVED.


RELATIVE HUMIDITY (PERCENT)
 HIGHEST    65           100 AM
 LOWEST     19           400 PM
 AVERAGE    42

..........................................................


THE SAN ANGELO CLIMATE NORMALS FOR TODAY
                         NORMAL    RECORD    YEAR
 MAXIMUM TEMPERATURE (F)   60        85      1995
 MINIMUM TEMPERATURE (F)   34        12      1917


SUNRISE AND SUNSET
DECEMBER 13 2017......SUNRISE   732 AM CST   SUNSET   540 PM CST
DECEMBER 14 2017......SUNRISE   733 AM CST   SUNSET   541 PM CST


-  INDICATES NEGATIVE NUMBERS.
R  INDICATES RECORD WAS SET OR TIED.
MM INDICATES DATA IS MISSING.
T  INDICATES TRACE AMOUNT.




$$
