000
CDUS44 KSJT 300701
CLISJT


CLIMATE REPORT
NATIONAL WEATHER SERVICE SAN ANGELO TX
201 AM CDT SAT AUG 30 2014


...................................

...THE SAN ANGELO CLIMATE SUMMARY FOR AUGUST 29 2014...

CLIMATE NORMAL PERIOD 1981 TO 2010
CLIMATE RECORD PERIOD 1907 TO 2014


WEATHER ITEM   OBSERVED TIME   RECORD YEAR NORMAL DEPARTURE LAST
                VALUE   (LST)  VALUE       VALUE  FROM      YEAR
                                                  NORMAL
..................................................................
TEMPERATURE (F)
 YESTERDAY
  MAXIMUM         95    123 PM 107    2011  93      2       96
  MINIMUM         72   1141 PM  56    1926  69      3       67
  AVERAGE         84                        81      3       82

PRECIPITATION (IN)
  YESTERDAY        0.02          2.06 1996   0.09  -0.07     0.00
  MONTH TO DATE    0.65                      2.05  -1.40     0.81
  SINCE JUN 1      3.71                      5.84  -2.13     5.38
  SINCE JAN 1     11.98                     13.86  -1.88    11.76

DEGREE DAYS
 HEATING
  YESTERDAY        0                         0      0        0
  MONTH TO DATE    0                         0      0        0
  SINCE JUN 1      0                         0      0        0
  SINCE JUL 1      0                         0      0        0

 COOLING
  YESTERDAY       19                        16      3       17
  MONTH TO DATE  554                       520     34      576
  SINCE JUN 1   1617                      1547     70     1691
  SINCE JAN 1   2219                      2007    212     2287
..................................................................


WIND (MPH)
  HIGHEST WIND SPEED    17   HIGHEST WIND DIRECTION     S (160)
  HIGHEST GUST SPEED    22   HIGHEST GUST DIRECTION    SE (140)
  AVERAGE WIND SPEED     7.2


SKY COVER
  POSSIBLE SUNSHINE  MM
  AVERAGE SKY COVER 0.3


WEATHER CONDITIONS
 THE FOLLOWING WEATHER WAS RECORDED YESTERDAY.
  THUNDERSTORM
  LIGHT RAIN


RELATIVE HUMIDITY (PERCENT)
 HIGHEST    84           600 AM
 LOWEST     38           200 PM
 AVERAGE    61

..........................................................


THE SAN ANGELO CLIMATE NORMALS FOR TODAY
                         NORMAL    RECORD    YEAR
 MAXIMUM TEMPERATURE (F)   93       106      2011
                                             1959
 MINIMUM TEMPERATURE (F)   69        57      1917


SUNRISE AND SUNSET
AUGUST 30 2014........SUNRISE   717 AM CDT   SUNSET   808 PM CDT
AUGUST 31 2014........SUNRISE   717 AM CDT   SUNSET   807 PM CDT


-  INDICATES NEGATIVE NUMBERS.
R  INDICATES RECORD WAS SET OR TIED.
MM INDICATES DATA IS MISSING.
T  INDICATES TRACE AMOUNT.


$$
