000
CDUS44 KSJT 110814
CLISJT


CLIMATE REPORT
NATIONAL WEATHER SERVICE SAN ANGELO TX
214 AM CST SUN DEC 11 2016


...................................

...THE SAN ANGELO CLIMATE SUMMARY FOR DECEMBER 10 2016...

CLIMATE NORMAL PERIOD 1981 TO 2010
CLIMATE RECORD PERIOD 1907 TO 2016


WEATHER ITEM   OBSERVED TIME   RECORD YEAR NORMAL DEPARTURE LAST
                VALUE   (LST)  VALUE       VALUE  FROM      YEAR
                                                  NORMAL
..................................................................
TEMPERATURE (F)
 YESTERDAY
  MAXIMUM         58    254 PM  83    1989  61     -3       80
  MINIMUM         31    645 AM  14    1917  34     -3       43
  AVERAGE         45                        47     -2       62

PRECIPITATION (IN)
  YESTERDAY        0.00          0.33 1988   0.03  -0.03     0.00
  MONTH TO DATE    0.73                      0.25   0.48     0.00
  SINCE DEC 1      0.73                      0.25   0.48     0.00
  SINCE JAN 1     35.71                     20.65  15.06    24.52

SNOWFALL (IN)
  YESTERDAY        0.0           3.3  1986   0.0    0.0      0.0
  MONTH TO DATE    T                         0.1   -0.1      0.0
  SINCE NOV 1      T                         0.4   -0.4      0.0
  SINCE JUL 1      T                         0.4   -0.4      0.0
  SNOW DEPTH       0

DEGREE DAYS
 HEATING
  YESTERDAY       20                        18      2        3
  MONTH TO DATE  203                       168     35      130
  SINCE DEC 1    203                       168     35      130
  SINCE JUL 1    371                       568   -197      416

 COOLING
  YESTERDAY        0                         0      0        0
  MONTH TO DATE    0                         0      0        0
  SINCE DEC 1      0                         0      0        0
  SINCE JAN 1   2829                      2502    327     2928
..................................................................


WIND (MPH)
  HIGHEST WIND SPEED    31   HIGHEST WIND DIRECTION     S (190)
  HIGHEST GUST SPEED    40   HIGHEST GUST DIRECTION     S (200)
  AVERAGE WIND SPEED    14.3


SKY COVER
  POSSIBLE SUNSHINE  MM
  AVERAGE SKY COVER 0.4


WEATHER CONDITIONS
 THE FOLLOWING WEATHER WAS RECORDED YESTERDAY.
  NO SIGNIFICANT WEATHER WAS OBSERVED.


RELATIVE HUMIDITY (PERCENT)
 HIGHEST    89          1000 PM
 LOWEST     55          1200 PM
 AVERAGE    72

..........................................................


THE SAN ANGELO CLIMATE NORMALS FOR TODAY
                         NORMAL    RECORD    YEAR
 MAXIMUM TEMPERATURE (F)   60        87      2015
 MINIMUM TEMPERATURE (F)   34        17      1919


SUNRISE AND SUNSET
DECEMBER 11 2016......SUNRISE   731 AM CST   SUNSET   540 PM CST
DECEMBER 12 2016......SUNRISE   732 AM CST   SUNSET   540 PM CST


-  INDICATES NEGATIVE NUMBERS.
R  INDICATES RECORD WAS SET OR TIED.
MM INDICATES DATA IS MISSING.
T  INDICATES TRACE AMOUNT.




$$
