226
CDUS44 KSJT 252240
CLISJT


CLIMATE REPORT
NATIONAL WEATHER SERVICE SAN ANGELO TX
540 PM CDT WED MAY 25 2016


...................................

...THE SAN ANGELO CLIMATE SUMMARY FOR MAY 25 2016...
VALID TODAY AS OF 0500 PM LOCAL TIME.

CLIMATE NORMAL PERIOD 1981 TO 2010
CLIMATE RECORD PERIOD 1907 TO 2016


WEATHER ITEM   OBSERVED TIME   RECORD YEAR NORMAL DEPARTURE LAST
                VALUE   (LST)  VALUE       VALUE  FROM      YEAR
                                                  NORMAL
..................................................................
TEMPERATURE (F)
 TODAY
  MAXIMUM         93    349 PM 107    1989  89      4       80
  MINIMUM         76    324 AM  51    1947  65     11       60
  AVERAGE         85                        77      8       70

PRECIPITATION (IN)
  TODAY            0.00          2.36 2014   0.12  -0.12     0.04
  MONTH TO DATE    2.99                      2.16   0.83     7.84
  SINCE MAR 1     11.42                      5.08   6.34    11.32
  SINCE JAN 1     12.22                      7.36   4.86    13.58

DEGREE DAYS
 HEATING
  TODAY            0                         0      0        0
  MONTH TO DATE   22                         8     14        8
  SINCE MAR 1    232                       353   -121      338
  SINCE JUL 1   1825                      2314   -489     2185

 COOLING
  TODAY           20                        12      8        5
  MONTH TO DATE  206                       229    -23      216
  SINCE MAR 1    330                       380    -50      410
  SINCE JAN 1    340                       385    -45      412
..................................................................


WIND (MPH)
  HIGHEST WIND SPEED    24   HIGHEST WIND DIRECTION     S (200)
  HIGHEST GUST SPEED    31   HIGHEST GUST DIRECTION     S (200)
  AVERAGE WIND SPEED    14.4


SKY COVER
  POSSIBLE SUNSHINE  MM
  AVERAGE SKY COVER 0.3


WEATHER CONDITIONS
 THE FOLLOWING WEATHER WAS RECORDED TODAY.
  FOG
  HAZE


RELATIVE HUMIDITY (PERCENT)
 HIGHEST    87           300 AM
 LOWEST     47           300 PM
 AVERAGE    67

..........................................................


THE SAN ANGELO CLIMATE NORMALS FOR TOMORROW
                         NORMAL    RECORD    YEAR
 MAXIMUM TEMPERATURE (F)   89       102      1973
 MINIMUM TEMPERATURE (F)   65        52      1947


SUNRISE AND SUNSET
MAY 25 2016...........SUNRISE   640 AM CDT   SUNSET   838 PM CDT
MAY 26 2016...........SUNRISE   640 AM CDT   SUNSET   839 PM CDT


-  INDICATES NEGATIVE NUMBERS.
R  INDICATES RECORD WAS SET OR TIED.
MM INDICATES DATA IS MISSING.
T  INDICATES TRACE AMOUNT.




$$
