000
CDUS44 KSJT 260654
CLISJT


CLIMATE REPORT
NATIONAL WEATHER SERVICE SAN ANGELO TX
154 AM CDT SAT JUL 26 2014


...................................

...THE SAN ANGELO CLIMATE SUMMARY FOR JULY 25 2014...

CLIMATE NORMAL PERIOD 1981 TO 2010
CLIMATE RECORD PERIOD 1907 TO 2014


WEATHER ITEM   OBSERVED TIME   RECORD YEAR NORMAL DEPARTURE LAST
                VALUE   (LST)  VALUE       VALUE  FROM      YEAR
                                                  NORMAL
..................................................................
TEMPERATURE (F)
 YESTERDAY
  MAXIMUM        100    308 PM 106    1912  96      4       98
  MINIMUM         69    626 AM  60    1989  72     -3       74
  AVERAGE         85                        84      1       86

PRECIPITATION (IN)
  YESTERDAY        0.00          1.87 1926   0.03  -0.03     0.00
  MONTH TO DATE    0.77                      0.97  -0.20     3.14
  SINCE JUN 1      3.06                      3.56  -0.50     4.54
  SINCE JAN 1     11.33                     11.58  -0.25    10.92

DEGREE DAYS
 HEATING
  YESTERDAY        0                         0      0        0
  MONTH TO DATE    0                         0      0        0
  SINCE JUN 1      0                         0      0        0
  SINCE JUL 1      0                         0      0        0

 COOLING
  YESTERDAY       20                        19      1       21
  MONTH TO DATE  447                       450     -3      426
  SINCE JUN 1    931                       914     17      987
  SINCE JAN 1   1533                      1374    159     1583
..................................................................


WIND (MPH)
  HIGHEST WIND SPEED    15   HIGHEST WIND DIRECTION     S (200)
  HIGHEST GUST SPEED    20   HIGHEST GUST DIRECTION    SW (210)
  AVERAGE WIND SPEED     6.9


SKY COVER
  POSSIBLE SUNSHINE  MM
  AVERAGE SKY COVER 0.1


WEATHER CONDITIONS
 THE FOLLOWING WEATHER WAS RECORDED YESTERDAY.
  NO SIGNIFICANT WEATHER WAS OBSERVED.


RELATIVE HUMIDITY (PERCENT)
 HIGHEST    78           400 AM
 LOWEST     24           600 PM
 AVERAGE    51

..........................................................


THE SAN ANGELO CLIMATE NORMALS FOR TODAY
                         NORMAL    RECORD    YEAR
 MAXIMUM TEMPERATURE (F)   96       106      1944
 MINIMUM TEMPERATURE (F)   72        61      1987


SUNRISE AND SUNSET
JULY 26 2014..........SUNRISE   655 AM CDT   SUNSET   842 PM CDT
JULY 27 2014..........SUNRISE   655 AM CDT   SUNSET   841 PM CDT


-  INDICATES NEGATIVE NUMBERS.
R  INDICATES RECORD WAS SET OR TIED.
MM INDICATES DATA IS MISSING.
T  INDICATES TRACE AMOUNT.




$$
