000
CDUS44 KSJT 050757
CLISJT


CLIMATE REPORT
NATIONAL WEATHER SERVICE SAN ANGELO TX
156 AM CST THU MAR 5 2015


...................................

...THE SAN ANGELO CLIMATE SUMMARY FOR MARCH 4 2015...

CLIMATE NORMAL PERIOD 1981 TO 2010
CLIMATE RECORD PERIOD 1907 TO 2015


WEATHER ITEM   OBSERVED TIME   RECORD YEAR NORMAL DEPARTURE LAST
                VALUE   (LST)  VALUE       VALUE  FROM      YEAR
                                                  NORMAL
..................................................................
TEMPERATURE (F)
 YESTERDAY
  MAXIMUM         58   1028 AM  89    2009  68    -10       65
  MINIMUM         27   1155 PM  12    1922  41    -14       31
  AVERAGE         43                        54    -11       48

PRECIPITATION (IN)
  YESTERDAY        0.08          0.59 2004   0.05   0.03     0.00
  MONTH TO DATE    0.09                      0.20  -0.11     0.02
  SINCE MAR 1      0.09                      0.20  -0.11     0.02
  SINCE JAN 1      2.35                      2.48  -0.13     0.08

SNOWFALL (IN)
  YESTERDAY        0.2           1.0  1989   0.0    0.2      0.0
  MONTH TO DATE    0.2                       0.0    0.2       T
  SINCE NOV 1      1.4                       2.1   -0.7      1.6
  SINCE JUL 1      1.4                       2.1   -0.7      1.6
  SNOW DEPTH       0

DEGREE DAYS
 HEATING
  YESTERDAY       22                        11     11       17
  MONTH TO DATE   92                        45     47       73
  SINCE MAR 1     92                        45     47       73
  SINCE JUL 1   1939                      2006    -67     2193

 COOLING
  YESTERDAY        0                         1     -1        0
  MONTH TO DATE    0                         1     -1        1
  SINCE MAR 1      0                         1     -1        1
  SINCE JAN 1      2                         6     -4        4
..................................................................


WIND (MPH)
  HIGHEST WIND SPEED    26   HIGHEST WIND DIRECTION     N (360)
  HIGHEST GUST SPEED    32   HIGHEST GUST DIRECTION     N (360)
  AVERAGE WIND SPEED    12.0


SKY COVER
  POSSIBLE SUNSHINE  MM
  AVERAGE SKY COVER 0.9


WEATHER CONDITIONS
 THE FOLLOWING WEATHER WAS RECORDED YESTERDAY.
  HEAVY RAIN
  LIGHT RAIN
  LT FREEZING RAIN
  SLEET
  FOG


RELATIVE HUMIDITY (PERCENT)
 HIGHEST    96           600 AM
 LOWEST     75          1100 PM
 AVERAGE    86

..........................................................


THE SAN ANGELO CLIMATE NORMALS FOR TODAY
                         NORMAL    RECORD    YEAR
 MAXIMUM TEMPERATURE (F)   68        92      2009
 MINIMUM TEMPERATURE (F)   42        18      1927
                                             1915


SUNRISE AND SUNSET
MARCH  5 2015.........SUNRISE   704 AM CST   SUNSET   643 PM CST
MARCH  6 2015.........SUNRISE   703 AM CST   SUNSET   644 PM CST


-  INDICATES NEGATIVE NUMBERS.
R  INDICATES RECORD WAS SET OR TIED.
MM INDICATES DATA IS MISSING.
T  INDICATES TRACE AMOUNT.




$$
