000
CDUS44 KSJT 180659
CLISJT


CLIMATE REPORT
NATIONAL WEATHER SERVICE SAN ANGELO TX
158 AM CDT FRI APR 18 2014


...................................

...THE SAN ANGELO CLIMATE SUMMARY FOR APRIL 17 2014...

CLIMATE NORMAL PERIOD 1981 TO 2010
CLIMATE RECORD PERIOD 1907 TO 2014


WEATHER ITEM   OBSERVED TIME   RECORD YEAR NORMAL DEPARTURE LAST
                VALUE   (LST)  VALUE       VALUE  FROM      YEAR
                                                  NORMAL
..................................................................
TEMPERATURE (F)
 YESTERDAY
  MAXIMUM         70    244 PM  99    2006  81    -11       98
  MINIMUM         51    212 AM  30    1947  52     -1       73
  AVERAGE         61                        66     -5       86

PRECIPITATION (IN)
  YESTERDAY        0.00          1.10 1988   0.05  -0.05     0.00
  MONTH TO DATE    0.26                      0.73  -0.47     0.71
  SINCE MAR 1      0.31                      2.23  -1.92     0.72
  SINCE JAN 1      0.37                      4.51  -4.14     2.54

SNOWFALL (IN)
  YESTERDAY        0.0           0.0  2002   0.0    0.0      0.0
  MONTH TO DATE    0.0                       0.0    0.0       T
  SINCE NOV 1      1.6                       2.2   -0.6      2.8
  SINCE JUL 1      1.6                       2.2   -0.6      2.8
  SNOW DEPTH       0

DEGREE DAYS
 HEATING
  YESTERDAY        4                         3      1        0
  MONTH TO DATE   65                        66     -1       59
  SINCE MAR 1    347                       323     24      246
  SINCE JUL 1   2467                      2284    183     1848

 COOLING
  YESTERDAY        0                         4     -4       21
  MONTH TO DATE   95                        51     44      117
  SINCE MAR 1    150                        84     66      180
  SINCE JAN 1    153                        89     64      192
..................................................................


WIND (MPH)
  HIGHEST WIND SPEED    16   HIGHEST WIND DIRECTION     E (80)
  HIGHEST GUST SPEED    20   HIGHEST GUST DIRECTION     E (80)
  AVERAGE WIND SPEED     9.0


SKY COVER
  POSSIBLE SUNSHINE  MM
  AVERAGE SKY COVER 0.6


WEATHER CONDITIONS
 THE FOLLOWING WEATHER WAS RECORDED YESTERDAY.
  NO SIGNIFICANT WEATHER WAS OBSERVED.


RELATIVE HUMIDITY (PERCENT)
 HIGHEST    93          1100 PM
 LOWEST     50          1200 AM
 AVERAGE    72

..........................................................


THE SAN ANGELO CLIMATE NORMALS FOR TODAY
                         NORMAL    RECORD    YEAR
 MAXIMUM TEMPERATURE (F)   81       105      1925
 MINIMUM TEMPERATURE (F)   52        28      1947


SUNRISE AND SUNSET
APRIL 18 2014.........SUNRISE   710 AM CDT   SUNSET   813 PM CDT
APRIL 19 2014.........SUNRISE   709 AM CDT   SUNSET   813 PM CDT


-  INDICATES NEGATIVE NUMBERS.
R  INDICATES RECORD WAS SET OR TIED.
MM INDICATES DATA IS MISSING.
T  INDICATES TRACE AMOUNT.




$$
