000
CDCA42 TJSJ 042145
CLISJU


CLIMATE REPORT
NATIONAL WEATHER SERVICE SAN JUAN, PR
545 PM AST WED MAR 4 2015


...................................

...THE SAN JUAN AREA/PR CLIMATE SUMMARY FOR MARCH 4 2015...
VALID TODAY AS OF 0500 PM LOCAL TIME.

CLIMATE NORMAL PERIOD 1981 TO 2010
CLIMATE RECORD PERIOD 1898 TO 2015


WEATHER ITEM   OBSERVED TIME   RECORD YEAR NORMAL DEPARTURE LAST
                VALUE   (LST)  VALUE       VALUE  FROM      YEAR
                                                  NORMAL
..................................................................
TEMPERATURE (F)
 TODAY
  MAXIMUM         83    258 PM  92    2010  84     -1       84
  MINIMUM         71    348 AM  62    1960  73     -2       72
  AVERAGE         77                        78     -1       78

PRECIPITATION (IN)
  TODAY            0.17          2.27 1927   0.06   0.11     0.27
  MONTH TO DATE    0.67                      0.26   0.41     0.27
  SINCE MAR 1      0.67                      0.26   0.41     0.27
  SINCE JAN 1      8.90                      6.41   2.49     6.31

SNOWFALL (IN)
  TODAY            0.0                       0.0    0.0      0.0
  MONTH TO DATE    0.0                       0.0    0.0      0.0
  SINCE MAR 1      0.0                       0.0    0.0      0.0
  SINCE JUL 1      0.0                       0.0    0.0      0.0

DEGREE DAYS
 HEATING
  TODAY            0                         0      0        0
  MONTH TO DATE    0                         0      0        0
  SINCE MAR 1      0                         0      0        0
  SINCE JUL 1      0                         0      0        0

 COOLING
  TODAY           12                        13     -1       13
  MONTH TO DATE   51                        52     -1       55
  SINCE MAR 1     51                        52     -1       55
  SINCE JAN 1    891                       803     88      943
..................................................................


WIND (MPH)
  HIGHEST WIND SPEED    24   HIGHEST WIND DIRECTION     E (70)
  HIGHEST GUST SPEED    31   HIGHEST GUST DIRECTION     E (90)
  AVERAGE WIND SPEED    15.5


SKY COVER
  AVERAGE SKY COVER 0.6


WEATHER CONDITIONS
 THE FOLLOWING WEATHER WAS RECORDED TODAY.
  LIGHT RAIN


RELATIVE HUMIDITY (PERCENT)
 HIGHEST    90
 LOWEST     58
 AVERAGE    74

..........................................................


THE SAN JUAN AREA/PR CLIMATE NORMALS FOR TOMORROW
                         NORMAL    RECORD    YEAR
 MAXIMUM TEMPERATURE (F)   84        90      1978
 MINIMUM TEMPERATURE (F)   73        62      1957


SUNRISE AND SUNSET
MARCH  4 2015.........SUNRISE   641 AM AST   SUNSET   631 PM AST
MARCH  5 2015.........SUNRISE   640 AM AST   SUNSET   631 PM AST


-  INDICATES NEGATIVE NUMBERS.
R  INDICATES RECORD WAS SET OR TIED.
MM INDICATES DATA IS MISSING.
T  INDICATES TRACE AMOUNT.




$$
