000
CDCA42 TJSJ 190437
CLISJU


CLIMATE REPORT
NATIONAL WEATHER SERVICE SAN JUAN, PR
1237 AM AST SUN FEB 19 2017


...................................

...THE SAN JUAN AREA/PR CLIMATE SUMMARY FOR FEBRUARY 18 2017...

CLIMATE NORMAL PERIOD 1981 TO 2010
CLIMATE RECORD PERIOD 1898 TO 2017


WEATHER ITEM   OBSERVED TIME   RECORD YEAR NORMAL DEPARTURE LAST
                VALUE   (LST)  VALUE       VALUE  FROM      YEAR
                                                  NORMAL
..................................................................
TEMPERATURE (F)
 YESTERDAY
  MAXIMUM         85    225 PM  91    1983  84      1       87
  MINIMUM         72    725 AM  64    1962  72      0       75
  AVERAGE         79                        78      1       81

PRECIPITATION (IN)
  YESTERDAY        0.00          0.65 1991   0.08  -0.08     0.00
  MONTH TO DATE    0.57                      1.62  -1.05     3.24
  SINCE DEC 1      6.76                     10.40  -3.64     8.31
  SINCE JAN 1      2.46                      5.38  -2.92     4.84

SNOWFALL (IN)
  YESTERDAY        0.0                       0.0    0.0      0.0
  MONTH TO DATE    0.0                       0.0    0.0      0.0
  SINCE DEC 1      0.0                       0.0    0.0      0.0
  SINCE JUL 1      0.0                       0.0    0.0      0.0

DEGREE DAYS
 HEATING
  YESTERDAY        0                         0      0        0
  MONTH TO DATE    0                         0      0        0
  SINCE DEC 1      0                         0      0        0
  SINCE JUL 1      0                         0      0        0

 COOLING
  YESTERDAY       14                        13      1       16
  MONTH TO DATE  274                       234     40      252
  SINCE DEC 1   1202                      1048    154     1155
  SINCE JAN 1    707                       625     82      683
..................................................................


WIND (MPH)
  HIGHEST WIND SPEED    14   HIGHEST WIND DIRECTION    NE (50)
  HIGHEST GUST SPEED    19   HIGHEST GUST DIRECTION     N (20)
  AVERAGE WIND SPEED     5.1


SKY COVER
  AVERAGE SKY COVER 0.3


WEATHER CONDITIONS
 THE FOLLOWING WEATHER WAS RECORDED YESTERDAY.
  NO SIGNIFICANT WEATHER WAS OBSERVED.


RELATIVE HUMIDITY (PERCENT)
 HIGHEST    90
 LOWEST     58
 AVERAGE    74

..........................................................


THE SAN JUAN AREA/PR CLIMATE NORMALS FOR TODAY
                         NORMAL    RECORD    YEAR
 MAXIMUM TEMPERATURE (F)   84        91      1980
 MINIMUM TEMPERATURE (F)   72        64      1960


SUNRISE AND SUNSET
FEBRUARY 19 2017......SUNRISE   649 AM AST   SUNSET   627 PM AST
FEBRUARY 20 2017......SUNRISE   649 AM AST   SUNSET   627 PM AST


-  INDICATES NEGATIVE NUMBERS.
R  INDICATES RECORD WAS SET OR TIED.
MM INDICATES DATA IS MISSING.
T  INDICATES TRACE AMOUNT.




$$
