000
CDCA42 TJSJ 310426
CLISJU


CLIMATE REPORT
NATIONAL WEATHER SERVICE SAN JUAN, PR
1226 AM AST TUE MAY 31 2016


...................................

...THE SAN JUAN AREA/PR CLIMATE SUMMARY FOR MAY 30 2016...

CLIMATE NORMAL PERIOD 1981 TO 2010
CLIMATE RECORD PERIOD 1898 TO 2016


WEATHER ITEM   OBSERVED TIME   RECORD YEAR NORMAL DEPARTURE LAST
                VALUE   (LST)  VALUE       VALUE  FROM      YEAR
                                                  NORMAL
..................................................................
TEMPERATURE (F)
 YESTERDAY
  MAXIMUM         85   1112 AM  94    2006  88     -3       87
                                      1980
  MINIMUM         75        MM  69    1959  77     -2       76
  AVERAGE         80                        83     -3       82

PRECIPITATION (IN)
  YESTERDAY        1.90R         1.42 2013   0.17   1.73     0.05
  MONTH TO DATE    6.23                      5.72   0.51     1.87
  SINCE MAR 1     18.47                     12.35   6.12     4.75
  SINCE JAN 1     23.95                     18.50   5.45    12.98

SNOWFALL (IN)
  YESTERDAY        0.0                       0.0    0.0      0.0
  MONTH TO DATE    0.0                       0.0    0.0      0.0
  SINCE MAR 1      0.0                       0.0    0.0      0.0
  SINCE JUL 1      0.0                       0.0    0.0      0.0

DEGREE DAYS
 HEATING
  YESTERDAY        0                         0      0        0
  MONTH TO DATE    0                         0      0        0
  SINCE MAR 1      0                         0      0        0
  SINCE JUL 1      0                         0      0        0

 COOLING
  YESTERDAY       15                        18     -3       17
  MONTH TO DATE  513                       506      7      549
  SINCE MAR 1   1416                      1396     20     1482
  SINCE JAN 1   2259                      2147    112     2322
..................................................................


WIND (MPH)
  HIGHEST WIND SPEED    20   HIGHEST WIND DIRECTION     E (70)
  HIGHEST GUST SPEED    30   HIGHEST GUST DIRECTION     E (70)
  AVERAGE WIND SPEED     3.9


SKY COVER
  AVERAGE SKY COVER 0.4


WEATHER CONDITIONS
 THE FOLLOWING WEATHER WAS RECORDED YESTERDAY.
  THUNDERSTORM
  HEAVY RAIN
  RAIN
  LIGHT RAIN
  FOG
  HAZE


RELATIVE HUMIDITY (PERCENT)
 HIGHEST   100
 LOWEST     79
 AVERAGE    90

..........................................................


THE SAN JUAN AREA/PR CLIMATE NORMALS FOR TODAY
                         NORMAL    RECORD    YEAR
 MAXIMUM TEMPERATURE (F)   88        93      2006
 MINIMUM TEMPERATURE (F)   77        69      1959


SUNRISE AND SUNSET
MAY 31 2016...........SUNRISE   547 AM AST   SUNSET   657 PM AST
JUNE  1 2016..........SUNRISE   547 AM AST   SUNSET   657 PM AST


-  INDICATES NEGATIVE NUMBERS.
R  INDICATES RECORD WAS SET OR TIED.
MM INDICATES DATA IS MISSING.
T  INDICATES TRACE AMOUNT.




$$
