000
CDCA42 TJSJ 240435
CLISJU


CLIMATE REPORT
NATIONAL WEATHER SERVICE SAN JUAN, PR
1234 AM AST MON APR 24 2017


...................................

...THE SAN JUAN AREA/PR CLIMATE SUMMARY FOR APRIL 23 2017...

CLIMATE NORMAL PERIOD 1981 TO 2010
CLIMATE RECORD PERIOD 1898 TO 2017


WEATHER ITEM   OBSERVED TIME   RECORD YEAR NORMAL DEPARTURE LAST
                VALUE   (LST)  VALUE       VALUE  FROM      YEAR
                                                  NORMAL
..................................................................
TEMPERATURE (F)
 YESTERDAY
  MAXIMUM         88   1249 PM  92    2014  86      2       84
  MINIMUM         77    704 AM  66    1968  75      2       75
  AVERAGE         83                        81      2       80

PRECIPITATION (IN)
  YESTERDAY        0.03          5.82 2016   0.18  -0.15     5.82
  MONTH TO DATE    4.47                      3.30   1.17     8.93
  SINCE MAR 1     10.51                      5.25   5.26    11.15
  SINCE JAN 1     14.10                     11.40   2.70    16.63

SNOWFALL (IN)
  YESTERDAY        0.0                       0.0    0.0      0.0
  MONTH TO DATE    0.0                       0.0    0.0      0.0
  SINCE MAR 1      0.0                       0.0    0.0      0.0
  SINCE JUL 1      0.0                       0.0    0.0      0.0

DEGREE DAYS
 HEATING
  YESTERDAY        0                         0      0        0
  MONTH TO DATE    0                         0      0        0
  SINCE MAR 1      0                         0      0        0
  SINCE JUL 1      0                         0      0        0

 COOLING
  YESTERDAY       18                        16      2       15
  MONTH TO DATE  340                       349     -9      349
  SINCE MAR 1    755                       780    -25      790
  SINCE JAN 1   1603                      1531     72     1633
..................................................................


WIND (MPH)
  HIGHEST WIND SPEED    23   HIGHEST WIND DIRECTION     E (90)
  HIGHEST GUST SPEED    27   HIGHEST GUST DIRECTION     E (90)
  AVERAGE WIND SPEED     9.1


SKY COVER
  AVERAGE SKY COVER 0.5


WEATHER CONDITIONS
 THE FOLLOWING WEATHER WAS RECORDED YESTERDAY.
  LIGHT RAIN
  FOG


RELATIVE HUMIDITY (PERCENT)
 HIGHEST    85
 LOWEST     57
 AVERAGE    71

..........................................................


THE SAN JUAN AREA/PR CLIMATE NORMALS FOR TODAY
                         NORMAL    RECORD    YEAR
 MAXIMUM TEMPERATURE (F)   87        95      1983
 MINIMUM TEMPERATURE (F)   75        65      1963


SUNRISE AND SUNSET
APRIL 24 2017.........SUNRISE   601 AM AST   SUNSET   644 PM AST
APRIL 25 2017.........SUNRISE   600 AM AST   SUNSET   644 PM AST


-  INDICATES NEGATIVE NUMBERS.
R  INDICATES RECORD WAS SET OR TIED.
MM INDICATES DATA IS MISSING.
T  INDICATES TRACE AMOUNT.




$$
