000
CDUS45 KSLC 311226
CLISLC


CLIMATE REPORT
NATIONAL WEATHER SERVICE SALT LAKE CITY UT
626 AM MDT MON AUG 31 2015


...................................

...THE SALT LAKE CITY UT CLIMATE SUMMARY FOR AUGUST 30 2015...

CLIMATE NORMAL PERIOD 1981 TO 2010
CLIMATE RECORD PERIOD 1874 TO 2015


WEATHER ITEM   OBSERVED TIME   RECORD YEAR NORMAL DEPARTURE LAST
                VALUE   (LST)  VALUE       VALUE  FROM      YEAR
                                                  NORMAL
..................................................................
TEMPERATURE (F)
 YESTERDAY
  MAXIMUM         88    437 PM 100    1954  87      1       85
  MINIMUM         70   1159 PM  38    1964  60     10       69
  AVERAGE         79                        73      6       77

PRECIPITATION (IN)
  YESTERDAY        T             1.31 2000   0.03  -0.03      T
  MONTH TO DATE    0.89                      0.66   0.23     1.77
  SINCE OCT 1     13.16                     14.86  -1.70    12.95
  SINCE JAN 1     11.15                     10.48   0.67     9.94

SNOWFALL (IN)
  YESTERDAY        0.0          MM      MM   0.0    0.0      0.0
  MONTH TO DATE    0.0                       0.0    0.0      0.0
  SINCE OCT 1     15.4                      56.2  -40.8     35.5
  SINCE JUL 1      0.0                       0.0    0.0      0.0
  SNOW DEPTH       0

DEGREE DAYS
 HEATING
  YESTERDAY        0                         0      0        0
  MONTH TO DATE    0                         0      0        1
  SINCE JUN 1      0                        48    -48       40
  SINCE JUL 1      0                         2     -2        1

 COOLING
  YESTERDAY       14                         8      6       12
  MONTH TO DATE  391                       365     26      294
  SINCE JUN 1   1164                       977    187      989
  SINCE JAN 1   1195                      1027    168     1051
..................................................................


WIND (MPH)
  RESULTANT WIND SPEED   2   RESULTANT WIND DIRECTION  NW (300)
  HIGHEST WIND SPEED    20   HIGHEST WIND DIRECTION     S (170)
  HIGHEST GUST SPEED    25   HIGHEST GUST DIRECTION     S (170)
  AVERAGE WIND SPEED     9.9


SKY COVER
  POSSIBLE SUNSHINE  MM
  AVERAGE SKY COVER 0.1


WEATHER CONDITIONS
 THE FOLLOWING WEATHER WAS RECORDED YESTERDAY.
  NO SIGNIFICANT WEATHER WAS OBSERVED.


RELATIVE HUMIDITY (PERCENT)
 HIGHEST    41           700 AM
 LOWEST     22           300 PM
 AVERAGE    32

..........................................................


THE SALT LAKE CITY UT CLIMATE NORMALS FOR TODAY
                         NORMAL    RECORD    YEAR
 MAXIMUM TEMPERATURE (F)   86        98      1950
 MINIMUM TEMPERATURE (F)   59        37      1965


SUNRISE AND SUNSET
AUGUST 31 2015........SUNRISE   654 AM MDT   SUNSET   802 PM MDT
SEPTEMBER  1 2015.....SUNRISE   655 AM MDT   SUNSET   800 PM MDT


-  INDICATES NEGATIVE NUMBERS.
R  INDICATES RECORD WAS SET OR TIED.
MM INDICATES DATA IS MISSING.
T  INDICATES TRACE AMOUNT.




$$
