000
CDUS45 KSLC 241226
CLISLC


CLIMATE REPORT
NATIONAL WEATHER SERVICE SALT LAKE CITY UT
525 AM MST FRI NOV 24 2017


...................................

...THE SALT LAKE CITY UT CLIMATE SUMMARY FOR NOVEMBER 23 2017...

CLIMATE NORMAL PERIOD 1981 TO 2010
CLIMATE RECORD PERIOD 1874 TO 2017


WEATHER ITEM   OBSERVED TIME   RECORD YEAR NORMAL DEPARTURE LAST
                VALUE   (LST)  VALUE       VALUE  FROM      YEAR
                                                  NORMAL
..................................................................
TEMPERATURE (F)
 YESTERDAY
  MAXIMUM         65    349 PM  67    1897  45     20       54
  MINIMUM         46    724 AM   5    1940  28     18       33
  AVERAGE         56                        36     20       44

PRECIPITATION (IN)
  YESTERDAY        0.00          0.61 2001   0.05  -0.05     0.33
  MONTH TO DATE    0.98                      1.13  -0.15     1.37
  SINCE OCT 1      1.16                      2.65  -1.49     2.27
  SINCE JAN 1     15.03                     14.37   0.66    12.47

SNOWFALL (IN)
  YESTERDAY        0.0           3.7  2010   0.3   -0.3      1.1
  MONTH TO DATE    T                         5.0   -5.0      1.4
  SINCE OCT 1      T                         6.4   -6.4      1.4
  SINCE JUL 1      T                         6.4   -6.4      1.4
  SNOW DEPTH       0

DEGREE DAYS
 HEATING
  YESTERDAY        9                        29    -20       21
  MONTH TO DATE  389                       539   -150      343
  SINCE SEP 1    900                      1002   -102      611
  SINCE JUL 1    900                      1007   -107      612

 COOLING
  YESTERDAY        0                         0      0        0
  MONTH TO DATE    0                         0      0        0
  SINCE SEP 1    196                       124     72      142
  SINCE JAN 1   1758                      1160    598     1619
..................................................................


WIND (MPH)
  RESULTANT WIND SPEED   4   RESULTANT WIND DIRECTION  SE (130)
  HIGHEST WIND SPEED    13   HIGHEST WIND DIRECTION     N (10)
  HIGHEST GUST SPEED    15   HIGHEST GUST DIRECTION     N (350)
  AVERAGE WIND SPEED     6.4


SKY COVER
  POSSIBLE SUNSHINE  MM
  AVERAGE SKY COVER 0.2


WEATHER CONDITIONS
 THE FOLLOWING WEATHER WAS RECORDED YESTERDAY.
  LIGHT RAIN


RELATIVE HUMIDITY (PERCENT)
 HIGHEST    83          1100 PM
 LOWEST     48           100 PM
 AVERAGE    66

..........................................................


THE SALT LAKE CITY UT CLIMATE NORMALS FOR TODAY
                         NORMAL    RECORD    YEAR
 MAXIMUM TEMPERATURE (F)   45        65      1995
                                             1923
                                             1910
 MINIMUM TEMPERATURE (F)   27         0      1931


SUNRISE AND SUNSET
NOVEMBER 24 2017......SUNRISE   726 AM MST   SUNSET   504 PM MST
NOVEMBER 25 2017......SUNRISE   727 AM MST   SUNSET   503 PM MST


-  INDICATES NEGATIVE NUMBERS.
R  INDICATES RECORD WAS SET OR TIED.
MM INDICATES DATA IS MISSING.
T  INDICATES TRACE AMOUNT.




$$
