000
CDUS45 KSLC 251227
CLISLC


CLIMATE REPORT
NATIONAL WEATHER SERVICE SALT LAKE CITY UT
627 AM MDT SUN JUN 25 2017


...................................

...THE SALT LAKE CITY UT CLIMATE SUMMARY FOR JUNE 24 2017...

CLIMATE NORMAL PERIOD 1981 TO 2010
CLIMATE RECORD PERIOD 1874 TO 2017


WEATHER ITEM   OBSERVED TIME   RECORD YEAR NORMAL DEPARTURE LAST
                VALUE   (LST)  VALUE       VALUE  FROM      YEAR
                                                  NORMAL
..................................................................
TEMPERATURE (F)
 YESTERDAY
  MAXIMUM         89    458 PM 102    1988  87      2       91
  MINIMUM         61    248 AM  42    1879  59      2       67
  AVERAGE         75                        73      2       79

PRECIPITATION (IN)
  YESTERDAY        0.00          1.08 1969   0.02  -0.02     0.00
  MONTH TO DATE    0.25                      0.88  -0.63     0.51
  SINCE OCT 1     15.89                     13.49   2.40    11.41
  SINCE JAN 1     11.25                      9.11   2.14     8.16

SNOWFALL (IN)
  YESTERDAY        0.0           T    1952   0.0    0.0      0.0
  MONTH TO DATE    0.0                       0.0    0.0      0.0
  SINCE OCT 1     51.4                      56.2   -4.8     34.3
  SINCE JUL 1     51.4                      56.2   -4.8     34.3
  SNOW DEPTH       0

DEGREE DAYS
 HEATING
  YESTERDAY        0                         1     -1        0
  MONTH TO DATE    4                        44    -40        0
  SINCE JUN 1      4                        44    -40        0
  SINCE JUL 1   4785                      5605   -820     4822

 COOLING
  YESTERDAY       10                         8      2       14
  MONTH TO DATE  259                       130    129      285
  SINCE JUN 1    259                       130    129      285
  SINCE JAN 1    334                       180    154      332
..................................................................


WIND (MPH)
  RESULTANT WIND SPEED   1   RESULTANT WIND DIRECTION  NW (310)
  HIGHEST WIND SPEED    14   HIGHEST WIND DIRECTION     N (350)
  HIGHEST GUST SPEED    18   HIGHEST GUST DIRECTION     N (350)
  AVERAGE WIND SPEED     5.4


SKY COVER
  POSSIBLE SUNSHINE  MM
  AVERAGE SKY COVER 0.0


WEATHER CONDITIONS
 THE FOLLOWING WEATHER WAS RECORDED YESTERDAY.
  NO SIGNIFICANT WEATHER WAS OBSERVED.


RELATIVE HUMIDITY (PERCENT)
 HIGHEST    49           300 AM
 LOWEST      8           600 PM
 AVERAGE    29

..........................................................


THE SALT LAKE CITY UT CLIMATE NORMALS FOR TODAY
                         NORMAL    RECORD    YEAR
 MAXIMUM TEMPERATURE (F)   87       102      1994
 MINIMUM TEMPERATURE (F)   60        40      1953
                                             1950


SUNRISE AND SUNSET
JUNE 25 2017..........SUNRISE   558 AM MDT   SUNSET   903 PM MDT
JUNE 26 2017..........SUNRISE   558 AM MDT   SUNSET   903 PM MDT


-  INDICATES NEGATIVE NUMBERS.
R  INDICATES RECORD WAS SET OR TIED.
MM INDICATES DATA IS MISSING.
T  INDICATES TRACE AMOUNT.




$$
