000
CDUS45 KSLC 281229
CLISLC


CLIMATE REPORT
NATIONAL WEATHER SERVICE SALT LAKE CITY UT
528 AM MST FRI NOV 28 2014


...................................

...THE SALT LAKE CITY UT CLIMATE SUMMARY FOR NOVEMBER 27 2014...

CLIMATE NORMAL PERIOD 1981 TO 2010
CLIMATE RECORD PERIOD 1874 TO 2014


WEATHER ITEM   OBSERVED TIME   RECORD YEAR NORMAL DEPARTURE LAST
                VALUE   (LST)  VALUE       VALUE  FROM      YEAR
                                                  NORMAL
..................................................................
TEMPERATURE (F)
 YESTERDAY
  MAXIMUM         58    134 PM  67    1998  43     15       52
                                      1949
  MINIMUM         43    324 AM   3    1896  26     17       29
  AVERAGE         51                        35     16       41

PRECIPITATION (IN)
  YESTERDAY        0.00          0.84 1960   0.04  -0.04     0.00
  MONTH TO DATE    0.60                      1.31  -0.71     0.62
  SINCE OCT 1      0.61                      2.83  -2.22     1.36
  SINCE JAN 1     13.06                     14.55  -1.49     9.97

SNOWFALL (IN)
  YESTERDAY        0.0           4.6  1960   0.4   -0.4      0.0
  MONTH TO DATE    0.8                       6.5   -5.7      3.5
  SINCE OCT 1      0.8                       7.9   -7.1      3.5
  SINCE JUL 1      0.8                       7.9   -7.1      3.5
  SNOW DEPTH       0

DEGREE DAYS
 HEATING
  YESTERDAY       14                        30    -16       24
  MONTH TO DATE  666                       657      9      538
  SINCE SEP 1    932                      1120   -188      976
  SINCE JUL 1    933                      1125   -192      976

 COOLING
  YESTERDAY        0                         0      0        0
  MONTH TO DATE    0                         0      0        0
  SINCE SEP 1    191                       124     67      222
  SINCE JAN 1   1244                      1160     84     1768
..................................................................


WIND (MPH)
  RESULTANT WIND SPEED  11   RESULTANT WIND DIRECTION  SE (140)
  HIGHEST WIND SPEED    18   HIGHEST WIND DIRECTION    SE (140)
  HIGHEST GUST SPEED    23   HIGHEST GUST DIRECTION    SE (150)
  AVERAGE WIND SPEED    11.2


SKY COVER
  POSSIBLE SUNSHINE  MM
  AVERAGE SKY COVER 0.0


WEATHER CONDITIONS
 THE FOLLOWING WEATHER WAS RECORDED YESTERDAY.
  NO SIGNIFICANT WEATHER WAS OBSERVED.


RELATIVE HUMIDITY (PERCENT)
 HIGHEST    57           200 AM
 LOWEST     27          1200 PM
 AVERAGE    42

..........................................................


THE SALT LAKE CITY UT CLIMATE NORMALS FOR TODAY
                         NORMAL    RECORD    YEAR
 MAXIMUM TEMPERATURE (F)   43        66      1932
 MINIMUM TEMPERATURE (F)   26        -2      1896


SUNRISE AND SUNSET
NOVEMBER 28 2014......SUNRISE   730 AM MST   SUNSET   502 PM MST
NOVEMBER 29 2014......SUNRISE   731 AM MST   SUNSET   502 PM MST


-  INDICATES NEGATIVE NUMBERS.
R  INDICATES RECORD WAS SET OR TIED.
MM INDICATES DATA IS MISSING.
T  INDICATES TRACE AMOUNT.




$$
