000
CDUS45 KSLC 041228
CLISLC


CLIMATE REPORT
NATIONAL WEATHER SERVICE SALT LAKE CITY UT
628 AM MDT WED MAY 4 2016


...................................

...THE SALT LAKE CITY UT CLIMATE SUMMARY FOR MAY 3 2016...

CLIMATE NORMAL PERIOD 1981 TO 2010
CLIMATE RECORD PERIOD 1874 TO 2016


WEATHER ITEM   OBSERVED TIME   RECORD YEAR NORMAL DEPARTURE LAST
                VALUE   (LST)  VALUE       VALUE  FROM      YEAR
                                                  NORMAL
..................................................................
TEMPERATURE (F)
 YESTERDAY
  MAXIMUM         75    435 PM  91    1947  67      8       79
  MINIMUM         46    447 AM  28    1964  44      2       57
                                      1948
  AVERAGE         61                        56      5       68

PRECIPITATION (IN)
  YESTERDAY        0.00          2.64 1901   0.07  -0.07      T
  MONTH TO DATE    0.00                      0.22  -0.22      T
  SINCE OCT 1      9.32                     10.88  -1.56     6.21
  SINCE JAN 1      6.07                      6.50  -0.43     4.20

SNOWFALL (IN)
  YESTERDAY        0.0           2.2  1950   0.0    0.0      0.0
  MONTH TO DATE    0.0                       0.1   -0.1      0.0
  SINCE OCT 1     34.3                      56.0  -21.7     15.4
  SINCE JUL 1     34.3                      56.0  -21.7     15.4
  SNOW DEPTH       0

DEGREE DAYS
 HEATING
  YESTERDAY        4                        10     -6        0
  MONTH TO DATE   21                        30     -9        2
  SINCE MAR 1    865                      1130   -265      839
  SINCE JUL 1   4710                      5386   -676     4186

 COOLING
  YESTERDAY        0                         1     -1        3
  MONTH TO DATE    0                         2     -2        9
  SINCE MAR 1     10                         6      4        9
  SINCE JAN 1     10                         6      4        9
..................................................................


WIND (MPH)
  RESULTANT WIND SPEED   1   RESULTANT WIND DIRECTION   W (280)
  HIGHEST WIND SPEED    15   HIGHEST WIND DIRECTION     W (280)
  HIGHEST GUST SPEED    18   HIGHEST GUST DIRECTION     W (280)
  AVERAGE WIND SPEED     6.5


SKY COVER
  POSSIBLE SUNSHINE  MM
  AVERAGE SKY COVER 0.1


WEATHER CONDITIONS
 THE FOLLOWING WEATHER WAS RECORDED YESTERDAY.
  HAZE


RELATIVE HUMIDITY (PERCENT)
 HIGHEST    61           300 AM
 LOWEST     17           500 PM
 AVERAGE    39

..........................................................


THE SALT LAKE CITY UT CLIMATE NORMALS FOR TODAY
                         NORMAL    RECORD    YEAR
 MAXIMUM TEMPERATURE (F)   68        88      1947
 MINIMUM TEMPERATURE (F)   44        31      1964


SUNRISE AND SUNSET
MAY  4 2016...........SUNRISE   622 AM MDT   SUNSET   828 PM MDT
MAY  5 2016...........SUNRISE   621 AM MDT   SUNSET   829 PM MDT


-  INDICATES NEGATIVE NUMBERS.
R  INDICATES RECORD WAS SET OR TIED.
MM INDICATES DATA IS MISSING.
T  INDICATES TRACE AMOUNT.




$$
