000
CDUS45 KSLC 301226
CLISLC


CLIMATE REPORT
NATIONAL WEATHER SERVICE SALT LAKE CITY UT
625 AM MDT WED JUL 30 2014


...................................

...THE SALT LAKE CITY UT CLIMATE SUMMARY FOR JULY 29 2014...

CLIMATE NORMAL PERIOD 1981 TO 2010
CLIMATE RECORD PERIOD 1874 TO 2014


WEATHER ITEM   OBSERVED TIME   RECORD YEAR NORMAL DEPARTURE LAST
                VALUE   (LST)  VALUE       VALUE  FROM      YEAR
                                                  NORMAL
..................................................................
TEMPERATURE (F)
 YESTERDAY
  MAXIMUM         76    556 PM 106    1995  94    -18       89
  MINIMUM         66    134 PM  45    1948  66      0       71
  AVERAGE         71                        80     -9       80

PRECIPITATION (IN)
  YESTERDAY        0.11          1.36 1969   0.02   0.09      T
  MONTH TO DATE    0.48                      0.57  -0.09     1.15
  SINCE OCT 1     11.16                     14.16  -3.00    11.84
  SINCE JAN 1      8.15                      9.78  -1.63     7.27

SNOWFALL (IN)
  YESTERDAY        0.0          MM      MM   0.0    0.0      0.0
  MONTH TO DATE    0.0                       0.0    0.0      0.0
  SINCE OCT 1     35.5                      56.2  -20.7     69.9
  SINCE JUL 1      0.0                       0.0    0.0      0.0
  SNOW DEPTH       0

DEGREE DAYS
 HEATING
  YESTERDAY        0                         0      0        0
  MONTH TO DATE    0                         0      0        0
  SINCE JUN 1     39                        46     -7        4
  SINCE JUL 1      0                         0      0        0

 COOLING
  YESTERDAY        6                        15     -9       15
  MONTH TO DATE  497                       396    101      558
  SINCE JUN 1    677                       583     94      881
  SINCE JAN 1    739                       633    106      951
..................................................................


WIND (MPH)
  RESULTANT WIND SPEED   2   RESULTANT WIND DIRECTION   N (350)
  HIGHEST WIND SPEED    15   HIGHEST WIND DIRECTION     N (360)
  HIGHEST GUST SPEED    19   HIGHEST GUST DIRECTION     N (360)
  AVERAGE WIND SPEED     5.1


SKY COVER
  POSSIBLE SUNSHINE  MM
  AVERAGE SKY COVER 0.9


WEATHER CONDITIONS
 THE FOLLOWING WEATHER WAS RECORDED YESTERDAY.
  THUNDERSTORM
  RAIN
  LIGHT RAIN
  FOG


RELATIVE HUMIDITY (PERCENT)
 HIGHEST    93           100 AM
 LOWEST     54           500 PM
 AVERAGE    74

..........................................................


THE SALT LAKE CITY UT CLIMATE NORMALS FOR TODAY
                         NORMAL    RECORD    YEAR
 MAXIMUM TEMPERATURE (F)   94       103      1934
 MINIMUM TEMPERATURE (F)   66        48      1950


SUNRISE AND SUNSET
JULY 30 2014..........SUNRISE   623 AM MDT   SUNSET   845 PM MDT
JULY 31 2014..........SUNRISE   624 AM MDT   SUNSET   844 PM MDT


-  INDICATES NEGATIVE NUMBERS.
R  INDICATES RECORD WAS SET OR TIED.
MM INDICATES DATA IS MISSING.
T  INDICATES TRACE AMOUNT.




$$
