000
CDUS45 KSLC 301227
CLISLC


CLIMATE REPORT
NATIONAL WEATHER SERVICE SALT LAKE CITY UT
626 AM MDT SUN APR 30 2017


...................................

...THE SALT LAKE CITY UT CLIMATE SUMMARY FOR APRIL 29 2017...

CLIMATE NORMAL PERIOD 1981 TO 2010
CLIMATE RECORD PERIOD 1874 TO 2017


WEATHER ITEM   OBSERVED TIME   RECORD YEAR NORMAL DEPARTURE LAST
                VALUE   (LST)  VALUE       VALUE  FROM      YEAR
                                                  NORMAL
..................................................................
TEMPERATURE (F)
 YESTERDAY
  MAXIMUM         57    549 PM  89    2007  66     -9       59
  MINIMUM         36    613 AM  29    1990  43     -7       41
                                      1909
  AVERAGE         47                        54     -7       50

PRECIPITATION (IN)
  YESTERDAY        0.00          0.91 1951   0.07  -0.07      T
  MONTH TO DATE    3.22                      1.92   1.30     1.39
  SINCE OCT 1     15.03                     10.59   4.44     9.32
  SINCE JAN 1     10.39                      6.21   4.18     6.07

SNOWFALL (IN)
  YESTERDAY        0.0           5.8  1967   0.0    0.0      0.0
  MONTH TO DATE    1.0                       3.9   -2.9       T
  SINCE OCT 1     51.3                      55.8   -4.5     34.3
  SINCE JUL 1     51.3                      55.8   -4.5     34.3
  SNOW DEPTH       0

DEGREE DAYS
 HEATING
  YESTERDAY       18                        11      7       15
  MONTH TO DATE  417                       427    -10      286
  SINCE MAR 1    873                      1089   -216      832
  SINCE JUL 1   4626                      5345   -719     4677

 COOLING
  YESTERDAY        0                         0      0        0
  MONTH TO DATE    0                         0      0       10
  SINCE MAR 1      2                         0      2       10
  SINCE JAN 1      2                         0      2       10
..................................................................


WIND (MPH)
  RESULTANT WIND SPEED   4   RESULTANT WIND DIRECTION   N (350)
  HIGHEST WIND SPEED    21   HIGHEST WIND DIRECTION     N (10)
  HIGHEST GUST SPEED    28   HIGHEST GUST DIRECTION     N (10)
  AVERAGE WIND SPEED     8.6


SKY COVER
  POSSIBLE SUNSHINE  MM
  AVERAGE SKY COVER 0.2


WEATHER CONDITIONS
 THE FOLLOWING WEATHER WAS RECORDED YESTERDAY.
  NO SIGNIFICANT WEATHER WAS OBSERVED.


RELATIVE HUMIDITY (PERCENT)
 HIGHEST    70           600 AM
 LOWEST     27           600 PM
 AVERAGE    49

..........................................................


THE SALT LAKE CITY UT CLIMATE NORMALS FOR TODAY
                         NORMAL    RECORD    YEAR
 MAXIMUM TEMPERATURE (F)   66        84      1959
 MINIMUM TEMPERATURE (F)   43        28      1972
                                             1962


SUNRISE AND SUNSET
APRIL 30 2017.........SUNRISE   627 AM MDT   SUNSET   823 PM MDT
MAY  1 2017...........SUNRISE   626 AM MDT   SUNSET   824 PM MDT


-  INDICATES NEGATIVE NUMBERS.
R  INDICATES RECORD WAS SET OR TIED.
MM INDICATES DATA IS MISSING.
T  INDICATES TRACE AMOUNT.




$$
