000
CDUS45 KSLC 241238
CLISLC


CLIMATE REPORT
NATIONAL WEATHER SERVICE SALT LAKE CITY UT
538 AM MST TUE JAN 24 2017


...................................

...THE SALT LAKE CITY UT CLIMATE SUMMARY FOR JANUARY 23 2017...

CLIMATE NORMAL PERIOD 1981 TO 2010
CLIMATE RECORD PERIOD 1874 TO 2017


WEATHER ITEM   OBSERVED TIME   RECORD YEAR NORMAL DEPARTURE LAST
                VALUE   (LST)  VALUE       VALUE  FROM      YEAR
                                                  NORMAL
..................................................................
TEMPERATURE (F)
 YESTERDAY
  MAXIMUM         41    935 AM  60    1970  38      3       40
  MINIMUM         32   1159 PM -14    1962  22     10       28
  AVERAGE         37                        30      7       34

PRECIPITATION (IN)
  YESTERDAY        0.15          0.52 1967   0.04   0.11     0.36
  MONTH TO DATE    1.87                      0.95   0.92     1.17
  SINCE OCT 1      6.51                      5.33   1.18     4.42
  SINCE JAN 1      1.87                      0.95   0.92     1.17

SNOWFALL (IN)
  YESTERDAY        0.6           6.0  1928   0.3    0.3      2.2
  MONTH TO DATE   21.1                       9.6   11.5      4.9
  SINCE OCT 1     37.9                      31.8    6.1     22.2
  SINCE JUL 1     37.9                      31.8    6.1     22.2
  SNOW DEPTH       3

DEGREE DAYS
 HEATING
  YESTERDAY       28                        35     -7       31
  MONTH TO DATE  836                       824     12      800
  SINCE DEC 1   1929                      1900     29     1835
  SINCE JUL 1   2728                      3118   -390     2777

 COOLING
  YESTERDAY        0                         0      0        0
  MONTH TO DATE    0                         0      0        0
  SINCE DEC 1      0                         0      0        0
  SINCE JAN 1      0                         0      0        0
..................................................................


WIND (MPH)
  RESULTANT WIND SPEED  10   RESULTANT WIND DIRECTION   S (160)
  HIGHEST WIND SPEED    35   HIGHEST WIND DIRECTION    SE (150)
  HIGHEST GUST SPEED    40   HIGHEST GUST DIRECTION    SE (150)
  AVERAGE WIND SPEED    12.9


SKY COVER
  POSSIBLE SUNSHINE  MM
  AVERAGE SKY COVER 1.0


WEATHER CONDITIONS
 THE FOLLOWING WEATHER WAS RECORDED YESTERDAY.
  LIGHT RAIN
  HAIL
  LIGHT SNOW
  FOG


RELATIVE HUMIDITY (PERCENT)
 HIGHEST    96           300 PM
 LOWEST     64          1200 PM
 AVERAGE    80

..........................................................


THE SALT LAKE CITY UT CLIMATE NORMALS FOR TODAY
                         NORMAL    RECORD    YEAR
 MAXIMUM TEMPERATURE (F)   38        59      1970
 MINIMUM TEMPERATURE (F)   22        -9      1929


SUNRISE AND SUNSET
JANUARY 24 2017.......SUNRISE   744 AM MST   SUNSET   536 PM MST
JANUARY 25 2017.......SUNRISE   744 AM MST   SUNSET   537 PM MST


-  INDICATES NEGATIVE NUMBERS.
R  INDICATES RECORD WAS SET OR TIED.
MM INDICATES DATA IS MISSING.
T  INDICATES TRACE AMOUNT.




$$
