000
CDUS45 KSLC 220027
CLISLC


CLIMATE REPORT
NATIONAL WEATHER SERVICE SALT LAKE CITY UT
526 PM MST WED FEB 21 2018


...................................

...THE SALT LAKE CITY UT CLIMATE SUMMARY FOR FEBRUARY 21 2018...
VALID TODAY AS OF 0500 PM LOCAL TIME.

CLIMATE NORMAL PERIOD 1981 TO 2010
CLIMATE RECORD PERIOD 1874 TO 2018


WEATHER ITEM   OBSERVED TIME   RECORD YEAR NORMAL DEPARTURE LAST
                VALUE   (LST)  VALUE       VALUE  FROM      YEAR
                                                  NORMAL
..................................................................
TEMPERATURE (F)
 TODAY
  MAXIMUM         32    359 PM  66    1982  45    -13       64
  MINIMUM         15    515 AM   6    1984  27    -12       33
                                      1955
  AVERAGE         24                        36    -12       49

PRECIPITATION (IN)
  TODAY            0.00          0.60 1906   0.05  -0.05     0.36
  MONTH TO DATE    0.83                      0.91  -0.08     1.29
  SINCE OCT 1      3.78                      6.54  -2.76     7.90
  SINCE JAN 1      1.65                      2.16  -0.51     3.26

SNOWFALL (IN)
  TODAY           MM             6.6  1919   0.4   MM        0.0
  MONTH TO DATE    8.6                       8.3    0.3       T
  SINCE OCT 1     25.9                      43.0  -17.1     40.0
  SINCE JUL 1     25.9                      43.0  -17.1     40.0
  SNOW DEPTH       6

DEGREE DAYS
 HEATING
  TODAY           41                        29     12       16
  MONTH TO DATE  491                       671   -180      457
  SINCE DEC 1   2273                      2847   -574     2717
  SINCE JUL 1   3295                      4065   -770     3516

 COOLING
  TODAY            0                         0      0        0
  MONTH TO DATE    0                         0      0        0
  SINCE DEC 1      0                         0      0        0
  SINCE JAN 1      0                         0      0        0
..................................................................


WIND (MPH)
  RESULTANT WIND SPEED   3   RESULTANT WIND DIRECTION  SE (120)
  HIGHEST WIND SPEED    12   HIGHEST WIND DIRECTION    SE (130)
  HIGHEST GUST SPEED    15   HIGHEST GUST DIRECTION    SE (140)
  AVERAGE WIND SPEED     6.8


SKY COVER
  POSSIBLE SUNSHINE  MM
  AVERAGE SKY COVER 0.1


WEATHER CONDITIONS
 THE FOLLOWING WEATHER WAS RECORDED TODAY.
  NO SIGNIFICANT WEATHER WAS OBSERVED.


RELATIVE HUMIDITY (PERCENT)
 HIGHEST    67           100 AM
 LOWEST     39          1100 AM
 AVERAGE    53

..........................................................


THE SALT LAKE CITY UT CLIMATE NORMALS FOR TOMORROW
                         NORMAL    RECORD    YEAR
 MAXIMUM TEMPERATURE (F)   46        65      1958
 MINIMUM TEMPERATURE (F)   27         6      1975


SUNRISE AND SUNSET
FEBRUARY 21 2018......SUNRISE   713 AM MST   SUNSET   610 PM MST
FEBRUARY 22 2018......SUNRISE   712 AM MST   SUNSET   611 PM MST


-  INDICATES NEGATIVE NUMBERS.
R  INDICATES RECORD WAS SET OR TIED.
MM INDICATES DATA IS MISSING.
T  INDICATES TRACE AMOUNT.




$$
