000
CDUS45 KSLC 291239
CLISLC


CLIMATE REPORT
NATIONAL WEATHER SERVICE SALT LAKE CITY UT
638 AM MDT WED JUL 29 2015


...................................

...THE SALT LAKE CITY UT CLIMATE SUMMARY FOR JULY 28 2015...

CLIMATE NORMAL PERIOD 1981 TO 2010
CLIMATE RECORD PERIOD 1874 TO 2015


WEATHER ITEM   OBSERVED TIME   RECORD YEAR NORMAL DEPARTURE LAST
                VALUE   (LST)  VALUE       VALUE  FROM      YEAR
                                                  NORMAL
..................................................................
TEMPERATURE (F)
 YESTERDAY
  MAXIMUM         78    534 PM 106    1934  94    -16       92
  MINIMUM         54    529 AM  51    1929  66    -12       67
  AVERAGE         66                        80    -14       80

PRECIPITATION (IN)
  YESTERDAY        0.00          1.25 1982   0.03  -0.03     0.15
  MONTH TO DATE    1.22                      0.55   0.67     0.37
  SINCE OCT 1     12.27                     14.14  -1.87    11.05
  SINCE JAN 1     10.26                      9.76   0.50     8.04

SNOWFALL (IN)
  YESTERDAY        0.0          MM      MM   0.0    0.0      0.0
  MONTH TO DATE    0.0                       0.0    0.0      0.0
  SINCE OCT 1     15.4                      56.2  -40.8     35.5
  SINCE JUL 1      0.0                       0.0    0.0      0.0
  SNOW DEPTH       0

DEGREE DAYS
 HEATING
  YESTERDAY        0                         0      0        0
  MONTH TO DATE    0                         0      0        0
  SINCE JUN 1      0                        46    -46       39
  SINCE JUL 1      0                         0      0        0

 COOLING
  YESTERDAY        1                        15    -14       15
  MONTH TO DATE  363                       381    -18      491
  SINCE JUN 1    743                       568    175      671
  SINCE JAN 1    774                       618    156      733
..................................................................


WIND (MPH)
  RESULTANT WIND SPEED   6   RESULTANT WIND DIRECTION  NW (330)
  HIGHEST WIND SPEED    16   HIGHEST WIND DIRECTION    NW (330)
  HIGHEST GUST SPEED    22   HIGHEST GUST DIRECTION    NW (320)
  AVERAGE WIND SPEED     7.1


SKY COVER
  POSSIBLE SUNSHINE  MM
  AVERAGE SKY COVER 0.0


WEATHER CONDITIONS
 THE FOLLOWING WEATHER WAS RECORDED YESTERDAY.
  NO SIGNIFICANT WEATHER WAS OBSERVED.


RELATIVE HUMIDITY (PERCENT)
 HIGHEST    55           300 AM
 LOWEST     14           100 PM
 AVERAGE    35

..........................................................


THE SALT LAKE CITY UT CLIMATE NORMALS FOR TODAY
                         NORMAL    RECORD    YEAR
 MAXIMUM TEMPERATURE (F)   94       106      1995
 MINIMUM TEMPERATURE (F)   66        45      1948


SUNRISE AND SUNSET
JULY 29 2015..........SUNRISE   621 AM MDT   SUNSET   847 PM MDT
JULY 30 2015..........SUNRISE   622 AM MDT   SUNSET   846 PM MDT


-  INDICATES NEGATIVE NUMBERS.
R  INDICATES RECORD WAS SET OR TIED.
MM INDICATES DATA IS MISSING.
T  INDICATES TRACE AMOUNT.




$$
