000
CDUS45 KSLC 070016
CLISLC


CLIMATE REPORT
NATIONAL WEATHER SERVICE SALT LAKE CITY UT
515 PM MST FRI MAR 6 2015


...................................

...THE SALT LAKE CITY UT CLIMATE SUMMARY FOR MARCH 6 2015...
VALID TODAY AS OF 0500 PM LOCAL TIME.

CLIMATE NORMAL PERIOD 1981 TO 2010
CLIMATE RECORD PERIOD 1874 TO 2015


WEATHER ITEM   OBSERVED TIME   RECORD YEAR NORMAL DEPARTURE LAST
                VALUE   (LST)  VALUE       VALUE  FROM      YEAR
                                                  NORMAL
..................................................................
TEMPERATURE (F)
 TODAY
  MAXIMUM         55    359 PM  70    1879  51      4       62
  MINIMUM         30    705 AM  10    1966  31     -1       46
                                      1964
  AVERAGE         43                        41      2       54

PRECIPITATION (IN)
  TODAY            0.00          0.66 1884   0.05  -0.05     0.09
  MONTH TO DATE    0.48                      0.31   0.17     0.30
  SINCE OCT 1      3.66                      7.19  -3.53     6.08
  SINCE JAN 1      1.65                      2.81  -1.16     3.07

SNOWFALL (IN)
  TODAY            0.0           6.3  1998   0.3   -0.3      0.0
  MONTH TO DATE    2.8                       1.6    1.2      0.0
  SINCE OCT 1      9.6                      47.0  -37.4     35.0
  SINCE JUL 1      9.6                      47.0  -37.4     35.0
  SNOW DEPTH       0

DEGREE DAYS
 HEATING
  TODAY           22                        24     -2       11
  MONTH TO DATE  164                       149     15       83
  SINCE MAR 1    164                       149     15       83
  SINCE JUL 1   3511                      4405   -894     4070

 COOLING
  TODAY            0                         0      0        0
  MONTH TO DATE    0                         0      0        0
  SINCE MAR 1      0                         0      0        0
  SINCE JAN 1      0                         0      0        0
..................................................................


WIND (MPH)
  RESULTANT WIND SPEED   5   RESULTANT WIND DIRECTION  SE (140)
  HIGHEST WIND SPEED    12   HIGHEST WIND DIRECTION    NW (320)
  HIGHEST GUST SPEED    13   HIGHEST GUST DIRECTION     W (280)
  AVERAGE WIND SPEED     6.5


SKY COVER
  POSSIBLE SUNSHINE  MM
  AVERAGE SKY COVER 0.0


WEATHER CONDITIONS
 THE FOLLOWING WEATHER WAS RECORDED TODAY.
  NO SIGNIFICANT WEATHER WAS OBSERVED.


RELATIVE HUMIDITY (PERCENT)
 HIGHEST    72           600 AM
 LOWEST     26           300 PM
 AVERAGE    49

..........................................................


THE SALT LAKE CITY UT CLIMATE NORMALS FOR TOMORROW
                         NORMAL    RECORD    YEAR
 MAXIMUM TEMPERATURE (F)   51        67      1899
 MINIMUM TEMPERATURE (F)   32         5      1964


SUNRISE AND SUNSET
MARCH  6 2015.........SUNRISE   654 AM MST   SUNSET   625 PM MST
MARCH  7 2015.........SUNRISE   653 AM MST   SUNSET   626 PM MST


-  INDICATES NEGATIVE NUMBERS.
R  INDICATES RECORD WAS SET OR TIED.
MM INDICATES DATA IS MISSING.
T  INDICATES TRACE AMOUNT.




$$
