000
CDUS46 KPQR 021143
CLISLE


CLIMATE REPORT
NATIONAL WEATHER SERVICE PORTLAND OREGON
442 AM PDT WED SEP 2 2015


...................................

...THE SALEM OR CLIMATE SUMMARY FOR SEPTEMBER 1 2015...

CLIMATE NORMAL PERIOD 1981 TO 2010
CLIMATE RECORD PERIOD 1892 TO 2015


WEATHER ITEM   OBSERVED TIME   RECORD YEAR NORMAL DEPARTURE LAST
                VALUE   (LST)  VALUE       VALUE  FROM      YEAR
                                                  NORMAL
..................................................................
TEMPERATURE (F)
 YESTERDAY
  MAXIMUM         78    204 PM 102    1988  80     -2       83
  MINIMUM         59    535 AM  37    1973  51      8       51
  AVERAGE         69                        66      3       67

PRECIPITATION (IN)
  YESTERDAY        0.00          1.36 1971   0.03  -0.03     0.00
  MONTH TO DATE    0.00                      0.03  -0.03     0.00
  SINCE OCT 1     33.53                     38.42  -4.89    27.40
  SINCE JAN 1     15.99                     22.03  -6.04    22.82

DEGREE DAYS
 HEATING
  YESTERDAY        0                         2     -2        0
  MONTH TO DATE    0                         2     -2        0
  SINCE SEP 1      0                         2     -2        0
  SINCE JUL 1      2                        58    -56        4

 COOLING
  YESTERDAY        4                         2      2        2
  MONTH TO DATE    4                         2      2        2
  SINCE SEP 1      4                         2      2        2
  SINCE JAN 1    641                       254    387      520
..................................................................


WIND (MPH)
  HIGHEST WIND SPEED    20   HIGHEST WIND DIRECTION    SW (230)
  HIGHEST GUST SPEED    26   HIGHEST GUST DIRECTION    SW (230)
  AVERAGE WIND SPEED     8.1


SKY COVER
  POSSIBLE SUNSHINE  MM
  AVERAGE SKY COVER 0.7


WEATHER CONDITIONS
 THE FOLLOWING WEATHER WAS RECORDED YESTERDAY.
  NO SIGNIFICANT WEATHER WAS OBSERVED.


RELATIVE HUMIDITY (PERCENT)
 HIGHEST    78           300 AM
 LOWEST     40           100 PM
 AVERAGE    59

..........................................................


THE SALEM OR CLIMATE NORMALS FOR TODAY
                         NORMAL    RECORD    YEAR
 MAXIMUM TEMPERATURE (F)   80       104      1988
 MINIMUM TEMPERATURE (F)   51        37      1956


SUNRISE AND SUNSET
SEPTEMBER  2 2015.....SUNRISE   635 AM PDT   SUNSET   747 PM PDT
SEPTEMBER  3 2015.....SUNRISE   636 AM PDT   SUNSET   746 PM PDT


-  INDICATES NEGATIVE NUMBERS.
R  INDICATES RECORD WAS SET OR TIED.
MM INDICATES DATA IS MISSING.
T  INDICATES TRACE AMOUNT.




$$
