000
CDUS46 KPQR 241146
CLISLE


CLIMATE REPORT
NATIONAL WEATHER SERVICE PORTLAND OREGON
445 AM PDT MON JUL 24 2017


...................................

...THE SALEM OR CLIMATE SUMMARY FOR JULY 23 2017...

CLIMATE NORMAL PERIOD 1981 TO 2010
CLIMATE RECORD PERIOD 1892 TO 2017


WEATHER ITEM   OBSERVED TIME   RECORD YEAR NORMAL DEPARTURE LAST
                VALUE   (LST)  VALUE       VALUE  FROM      YEAR
                                                  NORMAL
..................................................................
TEMPERATURE (F)
 YESTERDAY
  MAXIMUM         89    446 PM 108    1927  84      5       79
  MINIMUM         59   1159 PM  38    1920  54      5       57
  AVERAGE         74                        69      5       68

PRECIPITATION (IN)
  YESTERDAY        0.00          0.60 1918   0.01  -0.01     0.00
  MONTH TO DATE    0.00                      0.38  -0.38     0.45
  SINCE OCT 1     56.60                     37.86  18.74    45.31
  SINCE JAN 1     33.30                     21.47  11.83    21.76

DEGREE DAYS
 HEATING
  YESTERDAY        0                         1     -1        0
  MONTH TO DATE    0                        28    -28        5
  SINCE JUN 1     82                       158    -76       83
  SINCE JUL 1      0                        28    -28        5

 COOLING
  YESTERDAY        9                         4      5        3
  MONTH TO DATE   97                        73     24       56
  SINCE JUN 1    169                       101     68      147
  SINCE JAN 1    196                       110     86      168
..................................................................


WIND (MPH)
  HIGHEST WIND SPEED    22   HIGHEST WIND DIRECTION     N (20)
  HIGHEST GUST SPEED    27   HIGHEST GUST DIRECTION    NE (30)
  AVERAGE WIND SPEED    10.7


SKY COVER
  POSSIBLE SUNSHINE  MM
  AVERAGE SKY COVER 0.1


WEATHER CONDITIONS
 THE FOLLOWING WEATHER WAS RECORDED YESTERDAY.
  NO SIGNIFICANT WEATHER WAS OBSERVED.


RELATIVE HUMIDITY (PERCENT)
 HIGHEST    84           300 AM
 LOWEST     29           400 PM
 AVERAGE    57

..........................................................


THE SALEM OR CLIMATE NORMALS FOR TODAY
                         NORMAL    RECORD    YEAR
 MAXIMUM TEMPERATURE (F)   84       102      1928
 MINIMUM TEMPERATURE (F)   54        42      1973
                                             1953


SUNRISE AND SUNSET
JULY 24 2017..........SUNRISE   549 AM PDT   SUNSET   847 PM PDT
JULY 25 2017..........SUNRISE   550 AM PDT   SUNSET   846 PM PDT


-  INDICATES NEGATIVE NUMBERS.
R  INDICATES RECORD WAS SET OR TIED.
MM INDICATES DATA IS MISSING.
T  INDICATES TRACE AMOUNT.




$$
