000
CDUS46 KPQR 290221
CLISLE


CLIMATE REPORT
NATIONAL WEATHER SERVICE PORTLAND OREGON
721 PM PDT SUN MAY 28 2017


...................................

...THE SALEM OR CLIMATE SUMMARY FOR MAY 28 2017...
VALID TODAY AS OF 0700 PM LOCAL TIME.

CLIMATE NORMAL PERIOD 1981 TO 2010
CLIMATE RECORD PERIOD 1892 TO 2017


WEATHER ITEM   OBSERVED TIME   RECORD YEAR NORMAL DEPARTURE LAST
                VALUE   (LST)  VALUE       VALUE  FROM      YEAR
                                                  NORMAL
..................................................................
TEMPERATURE (F)
 TODAY
  MAXIMUM         80    448 PM 100    1983  70     10       74
  MINIMUM         50    457 AM  32    1966  47      3       41
  AVERAGE         65                        59      6       58

PRECIPITATION (IN)
  TODAY            0.00          0.55 1997   0.08  -0.08     0.00
  MONTH TO DATE    1.62                      2.00  -0.38     1.17
  SINCE OCT 1     55.84                     35.71  20.13    43.86
  SINCE JAN 1     32.54                     19.32  13.22    20.31

DEGREE DAYS
 HEATING
  TODAY            0                         7     -7        7
  MONTH TO DATE  214                       259    -45      139
  SINCE MAR 1   1165                      1262    -97      865
  SINCE JUL 1   4323                      4502   -179     3521

 COOLING
  TODAY            0                         0      0        0
  MONTH TO DATE   27                         0     27       10
  SINCE MAR 1     27                         0     27       17
  SINCE JAN 1     27                         0     27       17
..................................................................


WIND (MPH)
  HIGHEST WIND SPEED    13   HIGHEST WIND DIRECTION     W (270)
  HIGHEST GUST SPEED    16   HIGHEST GUST DIRECTION     W (290)
  AVERAGE WIND SPEED     5.6


SKY COVER
  POSSIBLE SUNSHINE  MM
  AVERAGE SKY COVER 0.2


WEATHER CONDITIONS
 THE FOLLOWING WEATHER WAS RECORDED TODAY.
  NO SIGNIFICANT WEATHER WAS OBSERVED.


RELATIVE HUMIDITY (PERCENT)
 HIGHEST    93           500 AM
 LOWEST     45           300 PM
 AVERAGE    69

..........................................................


THE SALEM OR CLIMATE NORMALS FOR TOMORROW
                         NORMAL    RECORD    YEAR
 MAXIMUM TEMPERATURE (F)   70        90      1995
 MINIMUM TEMPERATURE (F)   47        34      1979


SUNRISE AND SUNSET
MAY 28 2017...........SUNRISE   531 AM PDT   SUNSET   848 PM PDT
MAY 29 2017...........SUNRISE   530 AM PDT   SUNSET   849 PM PDT


-  INDICATES NEGATIVE NUMBERS.
R  INDICATES RECORD WAS SET OR TIED.
MM INDICATES DATA IS MISSING.
T  INDICATES TRACE AMOUNT.




$$
