000
CDUS46 KPQR 242328
CLISLE


CLIMATE REPORT
NATIONAL WEATHER SERVICE PORTLAND OREGON
428 PM PDT THU APR 24 2014


...................................

...THE SALEM OR CLIMATE SUMMARY FOR APRIL 24 2014...
VALID TODAY AS OF 0400 PM LOCAL TIME.

CLIMATE NORMAL PERIOD 1981 TO 2010
CLIMATE RECORD PERIOD 1893 TO 2014


WEATHER ITEM   OBSERVED TIME   RECORD YEAR NORMAL DEPARTURE LAST
                VALUE   (LST)  VALUE       VALUE  FROM      YEAR
                                                  NORMAL
..................................................................
TEMPERATURE (F)
 TODAY
  MAXIMUM         61    152 PM  84    1910  63     -2       74
  MINIMUM         51    840 AM  28    1986  40     11       36
  AVERAGE         56                        52      4       55

PRECIPITATION (IN)
  TODAY            0.42R         0.41 1975   0.08   0.34     0.00
  MONTH TO DATE    2.22                      2.36  -0.14     2.34
  SINCE OCT 1     23.39                     33.26  -9.87    29.86
  SINCE JAN 1     18.81                     16.87   1.94     7.60

DEGREE DAYS
 HEATING
  TODAY            9                        13     -4       10
  MONTH TO DATE  281                       363    -82      341
  SINCE MAR 1    767                       926   -159      874
  SINCE JUL 1   4053                      4166   -113     3933

 COOLING
  TODAY            0                         0      0        0
  MONTH TO DATE    0                         0      0        0
  SINCE MAR 1      0                         0      0        0
  SINCE JAN 1      0                         0      0        0
..................................................................


WIND (MPH)
  HIGHEST WIND SPEED    26   HIGHEST WIND DIRECTION     S (180)
  HIGHEST GUST SPEED    37   HIGHEST GUST DIRECTION     S (170)
  AVERAGE WIND SPEED    14.4


SKY COVER
  POSSIBLE SUNSHINE  MM
  AVERAGE SKY COVER 0.9


WEATHER CONDITIONS
 THE FOLLOWING WEATHER WAS RECORDED TODAY.
  HEAVY RAIN
  RAIN
  LIGHT RAIN
  FOG


RELATIVE HUMIDITY (PERCENT)
 HIGHEST    89           300 AM
 LOWEST     49           200 PM
 AVERAGE    69

..........................................................


THE SALEM OR CLIMATE NORMALS FOR TOMORROW
                         NORMAL    RECORD    YEAR
 MAXIMUM TEMPERATURE (F)   63        84      1926
 MINIMUM TEMPERATURE (F)   41        28      1982


SUNRISE AND SUNSET
APRIL 24 2014.........SUNRISE   612 AM PDT   SUNSET   809 PM PDT
APRIL 25 2014.........SUNRISE   611 AM PDT   SUNSET   810 PM PDT


-  INDICATES NEGATIVE NUMBERS.
R  INDICATES RECORD WAS SET OR TIED.
MM INDICATES DATA IS MISSING.
T  INDICATES TRACE AMOUNT.




$$
