000
CDUS46 KPQR 261155
CLISLE


CLIMATE REPORT
NATIONAL WEATHER SERVICE PORTLAND OREGON
354 AM PST SUN FEB 26 2017


...................................

...THE SALEM OR CLIMATE SUMMARY FOR FEBRUARY 25 2017...

CLIMATE NORMAL PERIOD 1981 TO 2010
CLIMATE RECORD PERIOD 1892 TO 2017


WEATHER ITEM   OBSERVED TIME   RECORD YEAR NORMAL DEPARTURE LAST
                VALUE   (LST)  VALUE       VALUE  FROM      YEAR
                                                  NORMAL
..................................................................
TEMPERATURE (F)
 YESTERDAY
  MAXIMUM         48    417 PM  71    1991  53     -5       64
  MINIMUM         29    728 AM  12    1962  35     -6       37
  AVERAGE         39                        44     -5       51

PRECIPITATION (IN)
  YESTERDAY        T             0.87 1957   0.16  -0.16     0.00
  MONTH TO DATE   12.99                      4.10   8.89     2.31
  SINCE OCT 1     41.69                     26.45  15.24    33.68
  SINCE JAN 1     18.39                     10.06   8.33    10.13

DEGREE DAYS
 HEATING
  YESTERDAY       26                        21      5       14
  MONTH TO DATE  537                       552    -15      411
  SINCE DEC 1   2283                      2062    221     1713
  SINCE JUL 1   3087                      3179    -92     2593

 COOLING
  YESTERDAY        0                         0      0        0
  MONTH TO DATE    0                         0      0        0
  SINCE DEC 1      0                         0      0        0
  SINCE JAN 1      0                         0      0        0
..................................................................


WIND (MPH)
  HIGHEST WIND SPEED    10   HIGHEST WIND DIRECTION     S (170)
  HIGHEST GUST SPEED    13   HIGHEST GUST DIRECTION     S (170)
  AVERAGE WIND SPEED     3.0


SKY COVER
  POSSIBLE SUNSHINE  MM
  AVERAGE SKY COVER 0.5


WEATHER CONDITIONS
 THE FOLLOWING WEATHER WAS RECORDED YESTERDAY.
  LIGHT RAIN
  FOG
  HAZE


RELATIVE HUMIDITY (PERCENT)
 HIGHEST    92           200 AM
 LOWEST     58           400 PM
 AVERAGE    75

..........................................................


THE SALEM OR CLIMATE NORMALS FOR TODAY
                         NORMAL    RECORD    YEAR
 MAXIMUM TEMPERATURE (F)   53        70      1968
 MINIMUM TEMPERATURE (F)   35        10      1962


SUNRISE AND SUNSET
FEBRUARY 26 2017......SUNRISE   654 AM PST   SUNSET   556 PM PST
FEBRUARY 27 2017......SUNRISE   653 AM PST   SUNSET   557 PM PST


-  INDICATES NEGATIVE NUMBERS.
R  INDICATES RECORD WAS SET OR TIED.
MM INDICATES DATA IS MISSING.
T  INDICATES TRACE AMOUNT.




$$
