000
CDUS46 KPQR 251142
CLISLE


CLIMATE REPORT
NATIONAL WEATHER SERVICE PORTLAND OREGON
342 AM PST THU DEC 25 2014


...................................

...THE SALEM OR CLIMATE SUMMARY FOR DECEMBER 24 2014...

CLIMATE NORMAL PERIOD 1981 TO 2010
CLIMATE RECORD PERIOD 1892 TO 2014


WEATHER ITEM   OBSERVED TIME   RECORD YEAR NORMAL DEPARTURE LAST
                VALUE   (LST)  VALUE       VALUE  FROM      YEAR
                                                  NORMAL
..................................................................
TEMPERATURE (F)
 YESTERDAY
  MAXIMUM         55    153 AM  60    2005  45     10       42
  MINIMUM         39    802 AM  10    1990  33      6       31
  AVERAGE         47                        39      8       37

PRECIPITATION (IN)
  YESTERDAY        1.07          2.16 1980   0.22   0.85     0.00
  MONTH TO DATE    6.58                      5.42   1.16     1.27
  SINCE OCT 1     17.25                     14.95   2.30     4.58
  SINCE JAN 1     41.27                     38.23   3.04    23.58

DEGREE DAYS
 HEATING
  YESTERDAY       18                        26     -8       28
  MONTH TO DATE  435                       595   -160      698
  SINCE DEC 1    435                       595   -160      698
  SINCE JUL 1   1201                      1712   -511     1741

 COOLING
  YESTERDAY        0                         0      0        0
  MONTH TO DATE    0                         0      0        0
  SINCE DEC 1      0                         0      0        0
  SINCE JAN 1    605                       290    315      502
..................................................................


WIND (MPH)
  HIGHEST WIND SPEED    20   HIGHEST WIND DIRECTION     N (360)
  HIGHEST GUST SPEED    24   HIGHEST GUST DIRECTION    NE (30)
  AVERAGE WIND SPEED     7.9


SKY COVER
  POSSIBLE SUNSHINE  MM
  AVERAGE SKY COVER 1.0


WEATHER CONDITIONS
 THE FOLLOWING WEATHER WAS RECORDED YESTERDAY.
  HEAVY RAIN
  RAIN
  LIGHT RAIN
  FOG


RELATIVE HUMIDITY (PERCENT)
 HIGHEST    93           300 AM
 LOWEST     71           300 PM
 AVERAGE    82

..........................................................


THE SALEM OR CLIMATE NORMALS FOR TODAY
                         NORMAL    RECORD    YEAR
 MAXIMUM TEMPERATURE (F)   45        62      1980
 MINIMUM TEMPERATURE (F)   34         5      1924


SUNRISE AND SUNSET
DECEMBER 25 2014......SUNRISE   749 AM PST   SUNSET   436 PM PST
DECEMBER 26 2014......SUNRISE   749 AM PST   SUNSET   437 PM PST


-  INDICATES NEGATIVE NUMBERS.
R  INDICATES RECORD WAS SET OR TIED.
MM INDICATES DATA IS MISSING.
T  INDICATES TRACE AMOUNT.




$$
