000
CDUS46 KPQR 171141
CLISLE


CLIMATE REPORT
NATIONAL WEATHER SERVICE PORTLAND OREGON
340 AM PST FRI NOV 17 2017


...................................

...THE SALEM OR CLIMATE SUMMARY FOR NOVEMBER 16 2017...

CLIMATE NORMAL PERIOD 1981 TO 2010
CLIMATE RECORD PERIOD 1892 TO 2017


WEATHER ITEM   OBSERVED TIME   RECORD YEAR NORMAL DEPARTURE LAST
                VALUE   (LST)  VALUE       VALUE  FROM      YEAR
                                                  NORMAL
..................................................................
TEMPERATURE (F)
 YESTERDAY
  MAXIMUM         47    401 PM  66    1976  52     -5       50
                                      1920
  MINIMUM         42   1057 PM  19    1955  39      3       43
  AVERAGE         45                        45      0       47

PRECIPITATION (IN)
  YESTERDAY        0.32          1.65 1953   0.22   0.10     0.10
  MONTH TO DATE    4.09                      3.16   0.93     2.51
  SINCE OCT 1      9.54                      6.19   3.35    13.76
  SINCE JAN 1     45.35                     29.47  15.88    37.47

DEGREE DAYS
 HEATING
  YESTERDAY       20                        20      0       18
  MONTH TO DATE  267                       286    -19      173
  SINCE SEP 1    684                       762    -78      552
  SINCE JUL 1    686                       818   -132      567

 COOLING
  YESTERDAY        0                         0      0        0
  MONTH TO DATE    0                         0      0        0
  SINCE SEP 1    127                        38     89       19
  SINCE JAN 1    647                       290    357      465
..................................................................


WIND (MPH)
  HIGHEST WIND SPEED    18   HIGHEST WIND DIRECTION     S (180)
  HIGHEST GUST SPEED    26   HIGHEST GUST DIRECTION     S (190)
  AVERAGE WIND SPEED    10.1


SKY COVER
  POSSIBLE SUNSHINE  MM
  AVERAGE SKY COVER 0.8


WEATHER CONDITIONS
 THE FOLLOWING WEATHER WAS RECORDED YESTERDAY.
  RAIN
  LIGHT RAIN
  FOG


RELATIVE HUMIDITY (PERCENT)
 HIGHEST    89          1200 AM
 LOWEST     76           400 PM
 AVERAGE    83

..........................................................


THE SALEM OR CLIMATE NORMALS FOR TODAY
                         NORMAL    RECORD    YEAR
 MAXIMUM TEMPERATURE (F)   52        64      1932
 MINIMUM TEMPERATURE (F)   38        18      1961


SUNRISE AND SUNSET
NOVEMBER 17 2017......SUNRISE   713 AM PST   SUNSET   441 PM PST
NOVEMBER 18 2017......SUNRISE   714 AM PST   SUNSET   440 PM PST


-  INDICATES NEGATIVE NUMBERS.
R  INDICATES RECORD WAS SET OR TIED.
MM INDICATES DATA IS MISSING.
T  INDICATES TRACE AMOUNT.




$$
