000
CDUS46 KPQR 161141
CLISLE


CLIMATE REPORT
NATIONAL WEATHER SERVICE PORTLAND OREGON
440 AM PDT WED APR 16 2014


...................................

...THE SALEM OR CLIMATE SUMMARY FOR APRIL 15 2014...

CLIMATE NORMAL PERIOD 1981 TO 2010
CLIMATE RECORD PERIOD 1893 TO 2014


WEATHER ITEM   OBSERVED TIME   RECORD YEAR NORMAL DEPARTURE LAST
                VALUE   (LST)  VALUE       VALUE  FROM      YEAR
                                                  NORMAL
..................................................................
TEMPERATURE (F)
 YESTERDAY
  MAXIMUM         59    506 PM  82    1947  61     -2       55
                                      1923
                                      1897
  MINIMUM         46    510 AM  26    1967  39      7       36
  AVERAGE         53                        50      3       46

PRECIPITATION (IN)
  YESTERDAY        0.01          0.84 2006   0.10  -0.09      T
  MONTH TO DATE    0.33                      1.56  -1.23     2.01
  SINCE OCT 1     21.50                     32.46 -10.96    29.53
  SINCE JAN 1     16.92                     16.07   0.85     7.27

DEGREE DAYS
 HEATING
  YESTERDAY       12                        15     -3       19
  MONTH TO DATE  165                       235    -70      220
  SINCE MAR 1    651                       798   -147      753
  SINCE JUL 1   3937                      4038   -101     3812

 COOLING
  YESTERDAY        0                         0      0        0
  MONTH TO DATE    0                         0      0        0
  SINCE MAR 1      0                         0      0        0
  SINCE JAN 1      0                         0      0        0
..................................................................


WIND (MPH)
  HIGHEST WIND SPEED    10   HIGHEST WIND DIRECTION    NW (310)
  HIGHEST GUST SPEED    13   HIGHEST GUST DIRECTION     W (270)
  AVERAGE WIND SPEED     3.2


SKY COVER
  POSSIBLE SUNSHINE  MM
  AVERAGE SKY COVER 0.8


WEATHER CONDITIONS
 THE FOLLOWING WEATHER WAS RECORDED YESTERDAY.
  LIGHT RAIN


RELATIVE HUMIDITY (PERCENT)
 HIGHEST    76           600 AM
 LOWEST     43          1200 PM
 AVERAGE    60

..........................................................


THE SALEM OR CLIMATE NORMALS FOR TODAY
                         NORMAL    RECORD    YEAR
 MAXIMUM TEMPERATURE (F)   61        82      1897
 MINIMUM TEMPERATURE (F)   39        28      1982


SUNRISE AND SUNSET
APRIL 16 2014.........SUNRISE   626 AM PDT   SUNSET   759 PM PDT
APRIL 17 2014.........SUNRISE   624 AM PDT   SUNSET   800 PM PDT


-  INDICATES NEGATIVE NUMBERS.
R  INDICATES RECORD WAS SET OR TIED.
MM INDICATES DATA IS MISSING.
T  INDICATES TRACE AMOUNT.




$$
