000
CDUS46 KPQR 021142
CLISLE


CLIMATE REPORT
NATIONAL WEATHER SERVICE PORTLAND OREGON
441 AM PDT SUN AUG 2 2015


...................................

...THE SALEM OR CLIMATE SUMMARY FOR AUGUST 1 2015...

CLIMATE NORMAL PERIOD 1981 TO 2010
CLIMATE RECORD PERIOD 1892 TO 2015


WEATHER ITEM   OBSERVED TIME   RECORD YEAR NORMAL DEPARTURE LAST
                VALUE   (LST)  VALUE       VALUE  FROM      YEAR
                                                  NORMAL
..................................................................
TEMPERATURE (F)
 YESTERDAY
  MAXIMUM        100R   328 PM  97    1986  84     16       93
  MINIMUM         60    517 AM  37    1920  54      6       64
  AVERAGE         80                        69     11       79

PRECIPITATION (IN)
  YESTERDAY        0.00          0.60 1896   0.01  -0.01     0.15
  MONTH TO DATE    0.00                      0.01  -0.01     0.15
  SINCE OCT 1     32.82                     37.95  -5.13    27.20
  SINCE JAN 1     15.28                     21.56  -6.28    22.62

DEGREE DAYS
 HEATING
  YESTERDAY        0                         0      0        0
  MONTH TO DATE    0                         0      0        0
  SINCE JUN 1     24                       160   -136       69
  SINCE JUL 1      2                        30    -28        3

 COOLING
  YESTERDAY       15                         4     11       14
  MONTH TO DATE   15                         4     11       14
  SINCE JUN 1    436                       141    295      275
  SINCE JAN 1    449                       150    299      291
..................................................................


WIND (MPH)
  HIGHEST WIND SPEED    14   HIGHEST WIND DIRECTION    NE (40)
  HIGHEST GUST SPEED    18   HIGHEST GUST DIRECTION     N (10)
  AVERAGE WIND SPEED     5.7


SKY COVER
  POSSIBLE SUNSHINE  MM
  AVERAGE SKY COVER 0.0


WEATHER CONDITIONS
 THE FOLLOWING WEATHER WAS RECORDED YESTERDAY.
  NO SIGNIFICANT WEATHER WAS OBSERVED.


RELATIVE HUMIDITY (PERCENT)
 HIGHEST    52           300 AM
 LOWEST     14           300 PM
 AVERAGE    33

..........................................................


THE SALEM OR CLIMATE NORMALS FOR TODAY
                         NORMAL    RECORD    YEAR
 MAXIMUM TEMPERATURE (F)   84       102      1939
 MINIMUM TEMPERATURE (F)   54        40      1920


SUNRISE AND SUNSET
AUGUST  2 2015........SUNRISE   559 AM PDT   SUNSET   837 PM PDT
AUGUST  3 2015........SUNRISE   600 AM PDT   SUNSET   836 PM PDT


-  INDICATES NEGATIVE NUMBERS.
R  INDICATES RECORD WAS SET OR TIED.
MM INDICATES DATA IS MISSING.
T  INDICATES TRACE AMOUNT.




$$
