000
CDUS46 KPQR 111145
CLISLE


CLIMATE REPORT
NATIONAL WEATHER SERVICE PORTLAND OREGON
344 AM PST THU FEB 11 2016


...................................

...THE SALEM OR CLIMATE SUMMARY FOR FEBRUARY 10 2016...

CLIMATE NORMAL PERIOD 1981 TO 2010
CLIMATE RECORD PERIOD 1892 TO 2016


WEATHER ITEM   OBSERVED TIME   RECORD YEAR NORMAL DEPARTURE LAST
                VALUE   (LST)  VALUE       VALUE  FROM      YEAR
                                                  NORMAL
..................................................................
TEMPERATURE (F)
 YESTERDAY
  MAXIMUM         62    313 PM  66    1963  51     11       56
  MINIMUM         39   1229 AM  12    1933  34      5       44
  AVERAGE         51                        43      8       50

PRECIPITATION (IN)
  YESTERDAY        0.00          2.08 1961   0.18  -0.18     0.07
  MONTH TO DATE    0.44                      1.71  -1.27     4.17
  SINCE OCT 1     31.81                     24.06   7.75    24.92
  SINCE JAN 1      8.26                      7.67   0.59     7.38

DEGREE DAYS
 HEATING
  YESTERDAY       14                        22     -8       15
  MONTH TO DATE  177                       227    -50      149
  SINCE DEC 1   1479                      1737   -258     1404
  SINCE JUL 1   2359                      2854   -495     2170

 COOLING
  YESTERDAY        0                         0      0        0
  MONTH TO DATE    0                         0      0        0
  SINCE DEC 1      0                         0      0        0
  SINCE JAN 1      0                         0      0        0
..................................................................


WIND (MPH)
  HIGHEST WIND SPEED    15   HIGHEST WIND DIRECTION     S (170)
  HIGHEST GUST SPEED    19   HIGHEST GUST DIRECTION     S (170)
  AVERAGE WIND SPEED     4.7


SKY COVER
  POSSIBLE SUNSHINE  MM
  AVERAGE SKY COVER 0.5


WEATHER CONDITIONS
 THE FOLLOWING WEATHER WAS RECORDED YESTERDAY.
  FOG


RELATIVE HUMIDITY (PERCENT)
 HIGHEST   100           600 AM
 LOWEST     60           200 PM
 AVERAGE    80

..........................................................


THE SALEM OR CLIMATE NORMALS FOR TODAY
                         NORMAL    RECORD    YEAR
 MAXIMUM TEMPERATURE (F)   51        64      1924
 MINIMUM TEMPERATURE (F)   34        15      1929


SUNRISE AND SUNSET
FEBRUARY 11 2016......SUNRISE   719 AM PST   SUNSET   534 PM PST
FEBRUARY 12 2016......SUNRISE   718 AM PST   SUNSET   535 PM PST


-  INDICATES NEGATIVE NUMBERS.
R  INDICATES RECORD WAS SET OR TIED.
MM INDICATES DATA IS MISSING.
T  INDICATES TRACE AMOUNT.




$$
