000
CDUS41 KBTV 120529
CLISLK


CLIMATE REPORT
NATIONAL WEATHER SERVICE BURLINGTON VT
124 AM EDT SAT JUL 12 2014


...................................

...THE SARANAC LAKE NY CLIMATE SUMMARY FOR JULY 11 2014...

CLIMATE NORMAL PERIOD 1981 TO 2010
CLIMATE RECORD PERIOD 9999 TO 9999


WEATHER ITEM   OBSERVED TIME   NORMAL DEPARTURE LAST
                VALUE   (LST)  VALUE  FROM      YEAR
                                      NORMAL
......................................................
TEMPERATURE (F)
 YESTERDAY
  MAXIMUM         74    133 PM  76     -2       73
  MINIMUM         39    334 AM  51    -12       50
  AVERAGE         57            64     -7       62

PRECIPITATION (IN)
  YESTERDAY        0.00          0.13  -0.13     0.68
  MONTH TO DATE    0.99          1.54  -0.55     3.82
  SINCE JUN 1      7.77          5.39   2.38    13.10
  SINCE JAN 1     19.93         17.74   2.19    24.10

DEGREE DAYS
 COOLING
  YESTERDAY        0             2     -2        0
  MONTH TO DATE   28            22      6       46
  SINCE JUN 1     49            48      1       82
  SINCE JAN 1     50            51     -1       92
......................................................


WIND (MPH)
  HIGHEST WIND SPEED    12   HIGHEST WIND DIRECTION    SW (240)
  HIGHEST GUST SPEED    16   HIGHEST GUST DIRECTION     W (270)
  AVERAGE WIND SPEED     2.1


SKY COVER
  AVERAGE SKY COVER 0.3


WEATHER CONDITIONS
 THE FOLLOWING WEATHER WAS RECORDED YESTERDAY.
  FOG
  FOG W/VISIBILITY <= 1/4 MILE


RELATIVE HUMIDITY (PERCENT)
 HIGHEST   100          1200 AM
 LOWEST     38           100 PM
 AVERAGE    69

..........................................................


THE SARANAC LAKE NY CLIMATE NORMALS FOR TODAY
                         NORMAL    RECORD    YEAR
 MAXIMUM TEMPERATURE (F)   76        MM        MM
 MINIMUM TEMPERATURE (F)   51        MM        MM


SUNRISE AND SUNSET
JULY 12 2014..........SUNRISE   524 AM EDT   SUNSET   841 PM EDT
JULY 13 2014..........SUNRISE   525 AM EDT   SUNSET   840 PM EDT


-  INDICATES NEGATIVE NUMBERS.
R  INDICATES RECORD WAS SET OR TIED.
MM INDICATES DATA IS MISSING.
T  INDICATES TRACE AMOUNT.




$$
