000
CDUS41 KBTV 240534
CLISLK


CLIMATE REPORT
NATIONAL WEATHER SERVICE BURLINGTON VT
1232 AM EST WED JAN 24 2018


...................................

...THE SARANAC LAKE NY CLIMATE SUMMARY FOR JANUARY 23 2018...

CLIMATE NORMAL PERIOD 1981 TO 2010
CLIMATE RECORD PERIOD 9999 TO 9999


WEATHER ITEM   OBSERVED TIME   NORMAL DEPARTURE LAST
                VALUE   (LST)  VALUE  FROM      YEAR
                                      NORMAL
......................................................
TEMPERATURE (F)
 YESTERDAY
  MAXIMUM         46    316 PM  25     21       35
  MINIMUM         32   1159 PM   1     31       28
  AVERAGE         39            13     26       32

PRECIPITATION (IN)
  YESTERDAY        0.17          0.07   0.10     0.01
  MONTH TO DATE    3.17          1.55   1.62     1.40
  SINCE DEC 1      4.93          3.84   1.09     3.83
  SINCE JAN 1      3.17          1.55   1.62     1.40

DEGREE DAYS
 HEATING
  YESTERDAY       26            52    -26       33
  MONTH TO DATE 1200          1187     13     1002
  SINCE DEC 1   2785          2611    174     2360
  SINCE JUL 1   4842          4886    -44     4202

 COOLING
  YESTERDAY        0             0      0        0
  MONTH TO DATE    0             0      0        0
  SINCE DEC 1      0             0      0        0
  SINCE JAN 1      0             0      0        0
......................................................


WIND (MPH)
  HIGHEST WIND SPEED    22   HIGHEST WIND DIRECTION    SW (240)
  HIGHEST GUST SPEED    32   HIGHEST GUST DIRECTION    SW (230)
  AVERAGE WIND SPEED     7.4


SKY COVER
  AVERAGE SKY COVER 0.8


WEATHER CONDITIONS
 THE FOLLOWING WEATHER WAS RECORDED YESTERDAY.
  THUNDERSTORM
  HEAVY RAIN
  RAIN
  LIGHT RAIN
  LIGHT SNOW
  FOG


RELATIVE HUMIDITY (PERCENT)
 HIGHEST   100          1200 AM
 LOWEST     79           500 AM
 AVERAGE    90

..........................................................


THE SARANAC LAKE NY CLIMATE NORMALS FOR TODAY
                         NORMAL    RECORD    YEAR
 MAXIMUM TEMPERATURE (F)   25        52      1999
 MINIMUM TEMPERATURE (F)    1       -37      2011


SUNRISE AND SUNSET
JANUARY 24 2018.......SUNRISE   723 AM EST   SUNSET   455 PM EST
JANUARY 25 2018.......SUNRISE   722 AM EST   SUNSET   457 PM EST


-  INDICATES NEGATIVE NUMBERS.
R  INDICATES RECORD WAS SET OR TIED.
MM INDICATES DATA IS MISSING.
T  INDICATES TRACE AMOUNT.




$$
