000
CDUS41 KBTV 240524
CLISLK


CLIMATE REPORT
NATIONAL WEATHER SERVICE BURLINGTON VT
122 AM EDT WED AUG 24 2016


...................................

...THE SARANAC LAKE NY CLIMATE SUMMARY FOR AUGUST 23 2016...

CLIMATE NORMAL PERIOD 1981 TO 2010
CLIMATE RECORD PERIOD 9999 TO 9999


WEATHER ITEM   OBSERVED TIME   NORMAL DEPARTURE LAST
                VALUE   (LST)  VALUE  FROM      YEAR
                                      NORMAL
......................................................
TEMPERATURE (F)
 YESTERDAY
  MAXIMUM         75    250 PM  73      2       78
  MINIMUM         37    442 AM  48    -11       48
  AVERAGE         56            61     -5       63

PRECIPITATION (IN)
  YESTERDAY        0.00          0.13  -0.13     0.00
  MONTH TO DATE    2.96          3.05  -0.09     3.35
  SINCE JUN 1      9.03         11.09  -2.06    16.21
  SINCE JAN 1     21.54         23.44  -1.90    24.00

DEGREE DAYS
 HEATING
  YESTERDAY        9             5      4        2
  MONTH TO DATE   35            99    -64       63
  SINCE JUN 1    323           377    -54      354
  SINCE JUL 1    108           193    -85      158

 COOLING
  YESTERDAY        0             1     -1        0
  MONTH TO DATE   54            23     31       31
  SINCE JUN 1    118            95     23       87
  SINCE JAN 1    136            98     38      103
......................................................


WIND (MPH)
  HIGHEST WIND SPEED    18   HIGHEST WIND DIRECTION    SW (230)
  HIGHEST GUST SPEED    23   HIGHEST GUST DIRECTION     S (200)
  AVERAGE WIND SPEED     5.7


SKY COVER
  AVERAGE SKY COVER 0.2


WEATHER CONDITIONS
 THE FOLLOWING WEATHER WAS RECORDED YESTERDAY.
  FOG
  FOG W/VISIBILITY <= 1/4 MILE


RELATIVE HUMIDITY (PERCENT)
 HIGHEST   100           600 AM
 LOWEST     41          1200 PM
 AVERAGE    71

..........................................................


THE SARANAC LAKE NY CLIMATE NORMALS FOR TODAY
                         NORMAL    RECORD    YEAR
 MAXIMUM TEMPERATURE (F)   73        83      2007
 MINIMUM TEMPERATURE (F)   48        34      2013


SUNRISE AND SUNSET
AUGUST 24 2016........SUNRISE   611 AM EDT   SUNSET   746 PM EDT
AUGUST 25 2016........SUNRISE   612 AM EDT   SUNSET   745 PM EDT


-  INDICATES NEGATIVE NUMBERS.
R  INDICATES RECORD WAS SET OR TIED.
MM INDICATES DATA IS MISSING.
T  INDICATES TRACE AMOUNT.




$$
