000
CDUS41 KBTV 300541
CLISLK


CLIMATE REPORT
NATIONAL WEATHER SERVICE BURLINGTON VT
135 AM EDT MON MAR 30 2015


...................................

...THE SARANAC LAKE NY CLIMATE SUMMARY FOR MARCH 29 2015...

CLIMATE NORMAL PERIOD 1981 TO 2010
CLIMATE RECORD PERIOD 9999 TO 9999


WEATHER ITEM   OBSERVED TIME   NORMAL DEPARTURE LAST
                VALUE   (LST)  VALUE  FROM      YEAR
                                      NORMAL
......................................................
TEMPERATURE (F)
 YESTERDAY
  MAXIMUM         34    524 PM  42     -8       35
  MINIMUM         -9    622 AM  19    -28       30
  AVERAGE         13            30    -17       33

PRECIPITATION (IN)
  YESTERDAY        0.00          0.09  -0.09     0.17
  MONTH TO DATE    0.78          2.10  -1.32     1.24
  SINCE MAR 1      0.78          2.10  -1.32     1.24
  SINCE JAN 1      1.65          5.84  -4.19     3.86

DEGREE DAYS
 HEATING
  YESTERDAY       52            35     17       32
  MONTH TO DATE 1332          1189    143     1477
  SINCE MAR 1   1332          1189    143     1477
  SINCE JUL 1   8115          7894    221     8461

 COOLING
  YESTERDAY        0             0      0        0
  MONTH TO DATE    0             0      0        0
  SINCE MAR 1      0             0      0        0
  SINCE JAN 1      0             0      0        0
......................................................


WIND (MPH)
  HIGHEST WIND SPEED    17   HIGHEST WIND DIRECTION    SW (210)
  HIGHEST GUST SPEED    22   HIGHEST GUST DIRECTION    SW (210)
  AVERAGE WIND SPEED     6.3


SKY COVER
  AVERAGE SKY COVER 0.0


WEATHER CONDITIONS
 THE FOLLOWING WEATHER WAS RECORDED YESTERDAY.
  NO SIGNIFICANT WEATHER WAS OBSERVED.


RELATIVE HUMIDITY (PERCENT)
 HIGHEST    91           700 AM
 LOWEST     28           300 PM
 AVERAGE    60

..........................................................


THE SARANAC LAKE NY CLIMATE NORMALS FOR TODAY
                         NORMAL    RECORD    YEAR
 MAXIMUM TEMPERATURE (F)   42        61      2004
 MINIMUM TEMPERATURE (F)   19       -10      2008


SUNRISE AND SUNSET
MARCH 30 2015.........SUNRISE   642 AM EDT   SUNSET   721 PM EDT
MARCH 31 2015.........SUNRISE   640 AM EDT   SUNSET   723 PM EDT


-  INDICATES NEGATIVE NUMBERS.
R  INDICATES RECORD WAS SET OR TIED.
MM INDICATES DATA IS MISSING.
T  INDICATES TRACE AMOUNT.




$$
