000
CDUS41 KBTV 250525
CLISLK


CLIMATE REPORT
NATIONAL WEATHER SERVICE BURLINGTON VT
121 AM EDT SUN SEP 25 2016


...................................

...THE SARANAC LAKE NY CLIMATE SUMMARY FOR SEPTEMBER 24 2016...

CLIMATE NORMAL PERIOD 1981 TO 2010
CLIMATE RECORD PERIOD 9999 TO 9999


WEATHER ITEM   OBSERVED TIME   NORMAL DEPARTURE LAST
                VALUE   (LST)  VALUE  FROM      YEAR
                                      NORMAL
......................................................
TEMPERATURE (F)
 YESTERDAY
  MAXIMUM         56    322 PM  62     -6       69
  MINIMUM         29   1157 PM  38     -9       39
  AVERAGE         43            50     -7       54

PRECIPITATION (IN)
  YESTERDAY        0.00          0.10  -0.10     0.00
  MONTH TO DATE    2.22          2.71  -0.49     1.38
  SINCE SEP 1      2.22          2.71  -0.49     1.38
  SINCE JAN 1     24.14         27.25  -3.11    25.43

DEGREE DAYS
 HEATING
  YESTERDAY       22            15      7       11
  MONTH TO DATE  167           249    -82      115
  SINCE SEP 1    167           249    -82      115
  SINCE JUL 1    288           489   -201      308

 COOLING
  YESTERDAY        0             0      0        0
  MONTH TO DATE   15             7      8       27
  SINCE SEP 1     15             7      8       27
  SINCE JAN 1    166           114     52      130
......................................................


WIND (MPH)
  HIGHEST WIND SPEED    12   HIGHEST WIND DIRECTION    NW (310)
  HIGHEST GUST SPEED    21   HIGHEST GUST DIRECTION     N (360)
  AVERAGE WIND SPEED     2.6


SKY COVER
  AVERAGE SKY COVER 0.6


WEATHER CONDITIONS
 THE FOLLOWING WEATHER WAS RECORDED YESTERDAY.
  FOG
  FOG W/VISIBILITY <= 1/4 MILE


RELATIVE HUMIDITY (PERCENT)
 HIGHEST   100           200 AM
 LOWEST     38           100 PM
 AVERAGE    69

..........................................................


THE SARANAC LAKE NY CLIMATE NORMALS FOR TODAY
                         NORMAL    RECORD    YEAR
 MAXIMUM TEMPERATURE (F)   62        87      2007
 MINIMUM TEMPERATURE (F)   38        24      2000


SUNRISE AND SUNSET
SEPTEMBER 25 2016.....SUNRISE   648 AM EDT   SUNSET   648 PM EDT
SEPTEMBER 26 2016.....SUNRISE   649 AM EDT   SUNSET   646 PM EDT


-  INDICATES NEGATIVE NUMBERS.
R  INDICATES RECORD WAS SET OR TIED.
MM INDICATES DATA IS MISSING.
T  INDICATES TRACE AMOUNT.




$$
