000
CDUS41 KBTV 220520
CLISLK


CLIMATE REPORT
NATIONAL WEATHER SERVICE BURLINGTON VT
118 AM EDT TUE AUG 22 2017


...................................

...THE SARANAC LAKE NY CLIMATE SUMMARY FOR AUGUST 21 2017...

CLIMATE NORMAL PERIOD 1981 TO 2010
CLIMATE RECORD PERIOD 9999 TO 9999


WEATHER ITEM   OBSERVED TIME   NORMAL DEPARTURE LAST
                VALUE   (LST)  VALUE  FROM      YEAR
                                      NORMAL
......................................................
TEMPERATURE (F)
 YESTERDAY
  MAXIMUM         79    323 PM  74      5       77
  MINIMUM         50    531 AM  48      2       60
  AVERAGE         65            61      4       69

PRECIPITATION (IN)
  YESTERDAY        0.00          0.14  -0.14     0.50
  MONTH TO DATE    2.47          2.79  -0.32     2.96
  SINCE JUN 1     14.36         10.83   3.53     9.03
  SINCE JAN 1     30.45         23.18   7.27    21.54

DEGREE DAYS
 HEATING
  YESTERDAY        0             5     -5        0
  MONTH TO DATE   68            89    -21       17
  SINCE JUN 1    378           367     11      305
  SINCE JUL 1    160           183    -23       90

 COOLING
  YESTERDAY        0             1     -1        4
  MONTH TO DATE   12            21     -9       54
  SINCE JUN 1     45            93    -48      118
  SINCE JAN 1     51            96    -45      136
......................................................


WIND (MPH)
  HIGHEST WIND SPEED    17   HIGHEST WIND DIRECTION    SW (210)
  HIGHEST GUST SPEED    27   HIGHEST GUST DIRECTION    SW (210)
  AVERAGE WIND SPEED     5.4


SKY COVER
  AVERAGE SKY COVER 0.1


WEATHER CONDITIONS
 THE FOLLOWING WEATHER WAS RECORDED YESTERDAY.
  FOG
  FOG W/VISIBILITY <= 1/4 MILE


RELATIVE HUMIDITY (PERCENT)
 HIGHEST   100          1200 AM
 LOWEST     48           100 PM
 AVERAGE    74

..........................................................


THE SARANAC LAKE NY CLIMATE NORMALS FOR TODAY
                         NORMAL    RECORD    YEAR
 MAXIMUM TEMPERATURE (F)   74        84      2008
 MINIMUM TEMPERATURE (F)   48        33      2007


SUNRISE AND SUNSET
AUGUST 22 2017........SUNRISE   608 AM EDT   SUNSET   750 PM EDT
AUGUST 23 2017........SUNRISE   609 AM EDT   SUNSET   748 PM EDT


-  INDICATES NEGATIVE NUMBERS.
R  INDICATES RECORD WAS SET OR TIED.
MM INDICATES DATA IS MISSING.
T  INDICATES TRACE AMOUNT.




$$
