000
CDUS41 KBTV 050642
CLISLK


CLIMATE REPORT
NATIONAL WEATHER SERVICE BURLINGTON VT
241 AM EDT WED AUG 5 2015


...................................

...THE SARANAC LAKE NY CLIMATE SUMMARY FOR AUGUST 4 2015...

CLIMATE NORMAL PERIOD 1981 TO 2010
CLIMATE RECORD PERIOD 9999 TO 9999


WEATHER ITEM   OBSERVED TIME   NORMAL DEPARTURE LAST
                VALUE   (LST)  VALUE  FROM      YEAR
                                      NORMAL
......................................................
TEMPERATURE (F)
 YESTERDAY
  MAXIMUM         71    406 PM  75     -4       76
  MINIMUM         51    307 AM  50      1       54
  AVERAGE         61            62     -1       65

PRECIPITATION (IN)
  YESTERDAY        0.90          0.12   0.78     0.07
  MONTH TO DATE    1.02          0.53   0.49     1.30
  SINCE JUN 1     13.88          8.57   5.31    12.14
  SINCE JAN 1     21.67         20.92   0.75    24.30

DEGREE DAYS
 HEATING
  YESTERDAY        4             4      0        0
  MONTH TO DATE    8            16     -8        7
  SINCE JUN 1    299           294      5      309
  SINCE JUL 1    103           110     -7      142

 COOLING
  YESTERDAY        0             1     -1        0
  MONTH TO DATE    0             4     -4        1
  SINCE JUN 1     56            76    -20       60
  SINCE JAN 1     72            79     -7       61
......................................................


WIND (MPH)
  HIGHEST WIND SPEED    16   HIGHEST WIND DIRECTION    SW (220)
  HIGHEST GUST SPEED    23   HIGHEST GUST DIRECTION    SW (230)
  AVERAGE WIND SPEED     4.9


SKY COVER
  AVERAGE SKY COVER 0.7


WEATHER CONDITIONS
 THE FOLLOWING WEATHER WAS RECORDED YESTERDAY.
  THUNDERSTORM
  HEAVY RAIN
  RAIN
  LIGHT RAIN
  FOG
  FOG W/VISIBILITY <= 1/4 MILE


RELATIVE HUMIDITY (PERCENT)
 HIGHEST   100          1200 AM
 LOWEST     57           300 PM
 AVERAGE    79

..........................................................


THE SARANAC LAKE NY CLIMATE NORMALS FOR TODAY
                         NORMAL    RECORD    YEAR
 MAXIMUM TEMPERATURE (F)   75        86      2001
 MINIMUM TEMPERATURE (F)   50        37      2013


SUNRISE AND SUNSET
AUGUST  5 2015........SUNRISE   548 AM EDT   SUNSET   817 PM EDT
AUGUST  6 2015........SUNRISE   549 AM EDT   SUNSET   816 PM EDT


-  INDICATES NEGATIVE NUMBERS.
R  INDICATES RECORD WAS SET OR TIED.
MM INDICATES DATA IS MISSING.
T  INDICATES TRACE AMOUNT.




$$
