000
CDUS41 KBTV 300543
CLISLK


CLIMATE REPORT
NATIONAL WEATHER SERVICE BURLINGTON VT
138 AM EDT SUN AUG 30 2015


...................................

...THE SARANAC LAKE NY CLIMATE SUMMARY FOR AUGUST 29 2015...

CLIMATE NORMAL PERIOD 1981 TO 2010
CLIMATE RECORD PERIOD 9999 TO 9999


WEATHER ITEM   OBSERVED TIME   NORMAL DEPARTURE LAST
                VALUE   (LST)  VALUE  FROM      YEAR
                                      NORMAL
......................................................
TEMPERATURE (F)
 YESTERDAY
  MAXIMUM         74    330 PM  72      2       73
  MINIMUM         40    346 AM  47     -7       40
  AVERAGE         57            60     -3       57

PRECIPITATION (IN)
  YESTERDAY        0.00          0.14  -0.14     0.00
  MONTH TO DATE    3.40          3.88  -0.48     2.84
  SINCE JUN 1     16.26         11.92   4.34    13.68
  SINCE JAN 1     24.05         24.27  -0.22    25.84

DEGREE DAYS
 HEATING
  YESTERDAY        8             6      2        8
  MONTH TO DATE   95           134    -39      141
  SINCE JUN 1    386           412    -26      443
  SINCE JUL 1    190           228    -38      276

 COOLING
  YESTERDAY        0             1     -1        0
  MONTH TO DATE   31            29      2        4
  SINCE JUN 1     87           101    -14       63
  SINCE JAN 1    103           104     -1       64
......................................................


WIND (MPH)
  HIGHEST WIND SPEED    14   HIGHEST WIND DIRECTION    SW (230)
  HIGHEST GUST SPEED    19   HIGHEST GUST DIRECTION    SW (230)
  AVERAGE WIND SPEED     3.9


SKY COVER
  AVERAGE SKY COVER 0.3


WEATHER CONDITIONS
 THE FOLLOWING WEATHER WAS RECORDED YESTERDAY.
  FOG
  FOG W/VISIBILITY <= 1/4 MILE


RELATIVE HUMIDITY (PERCENT)
 HIGHEST    96           200 AM
 LOWEST     49           100 PM
 AVERAGE    73

..........................................................


THE SARANAC LAKE NY CLIMATE NORMALS FOR TODAY
                         NORMAL    RECORD    YEAR
 MAXIMUM TEMPERATURE (F)   72        86      2010
 MINIMUM TEMPERATURE (F)   47        35      2003


SUNRISE AND SUNSET
AUGUST 30 2015........SUNRISE   617 AM EDT   SUNSET   737 PM EDT
AUGUST 31 2015........SUNRISE   618 AM EDT   SUNSET   735 PM EDT


-  INDICATES NEGATIVE NUMBERS.
R  INDICATES RECORD WAS SET OR TIED.
MM INDICATES DATA IS MISSING.
T  INDICATES TRACE AMOUNT.




$$
