000
CDUS43 KICT 240641
CLISLN

CLIMATE REPORT
NATIONAL WEATHER SERVICE WICHITA KS
138 AM CDT MON JUL 24 2017

...................................

...THE SALINA KS CLIMATE SUMMARY FOR JULY 23 2017...

CLIMATE NORMAL PERIOD 1981 TO 2010
CLIMATE RECORD PERIOD 1894 TO 2017


WEATHER ITEM   OBSERVED TIME   RECORD YEAR NORMAL DEPARTURE LAST
                VALUE   (LST)  VALUE       VALUE  FROM      YEAR
                                                  NORMAL
..................................................................
TEMPERATURE (F)
 YESTERDAY
  MAXIMUM         98    439 PM 110    1920  93      5      101
  MINIMUM         72    623 AM  54    1970  70      2       80
  AVERAGE         85                        82      3       91

PRECIPITATION (IN)
  YESTERDAY        0.09          1.59 1932   0.13  -0.04      T
  MONTH TO DATE    0.92                      3.30  -2.38     1.64
  SINCE JUN 1      2.61                      7.41  -4.80     2.09
  SINCE JAN 1     15.85                     19.40  -3.55    13.91

DEGREE DAYS
 HEATING
  YESTERDAY        0                         0      0        0
  MONTH TO DATE    0                         0      0        0
  SINCE JUN 1      0                         7     -7        0
  SINCE JUL 1      0                         0      0        0

 COOLING
  YESTERDAY       20                        16      4       26
  MONTH TO DATE  491                       367    124      450
  SINCE JUN 1    925                       692    233      942
  SINCE JAN 1   1085                       820    265     1067
..................................................................


WIND (MPH)
  HIGHEST WIND SPEED    17   HIGHEST WIND DIRECTION    SW (220)
  HIGHEST GUST SPEED    20   HIGHEST GUST DIRECTION    SW (220)
  AVERAGE WIND SPEED     6.0


SKY COVER
  AVERAGE SKY COVER 0.1


WEATHER CONDITIONS
 THE FOLLOWING WEATHER WAS RECORDED YESTERDAY.
  LIGHT RAIN


RELATIVE HUMIDITY (PERCENT)
 HIGHEST    93           500 AM
 LOWEST     27           600 PM
 AVERAGE    60

..........................................................


THE SALINA KS CLIMATE NORMALS FOR TODAY
                         NORMAL    RECORD    YEAR
 MAXIMUM TEMPERATURE (F)   93       116      1936
 MINIMUM TEMPERATURE (F)   70        50      1905


SUNRISE AND SUNSET
JULY 24 2017..........SUNRISE   625 AM CDT   SUNSET   849 PM CDT
JULY 25 2017..........SUNRISE   626 AM CDT   SUNSET   848 PM CDT


-  INDICATES NEGATIVE NUMBERS.
R  INDICATES RECORD WAS SET OR TIED.
MM INDICATES DATA IS MISSING.
T  INDICATES TRACE AMOUNT.

$$
