000
CDUS43 KICT 100704
CLISLN

CLIMATE REPORT
NATIONAL WEATHER SERVICE WICHITA KS
103 AM CST WED FEB 10 2016

...................................

...THE SALINA KS CLIMATE SUMMARY FOR FEBRUARY 9 2016...

CLIMATE NORMAL PERIOD 1981 TO 2010
CLIMATE RECORD PERIOD 1894 TO 2016


WEATHER ITEM   OBSERVED TIME   RECORD YEAR NORMAL DEPARTURE LAST
                VALUE   (LST)  VALUE       VALUE  FROM      YEAR
                                                  NORMAL
..................................................................
TEMPERATURE (F)
 YESTERDAY
  MAXIMUM         40    212 PM  82    1976  45     -5       47
  MINIMUM         21   1042 PM -13    2011  23     -2       32
  AVERAGE         31                        34     -3       40

PRECIPITATION (IN)
  YESTERDAY        0.00          0.44 1959   0.05  -0.05     0.00
  MONTH TO DATE    0.48                      0.33   0.15     0.09
  SINCE DEC 1      4.86                      1.90   2.96     3.19
  SINCE JAN 1      1.20                      0.96   0.24     1.29

DEGREE DAYS
 HEATING
  YESTERDAY       34                        31      3       25
  MONTH TO DATE  253                       288    -35      251
  SINCE DEC 1   1960                      2352   -392     2146
  SINCE JUL 1   2592                      3304   -712     3143

 COOLING
  YESTERDAY        0                         0      0        0
  MONTH TO DATE    0                         0      0        0
  SINCE DEC 1      0                         0      0        0
  SINCE JAN 1      0                         0      0        0
..................................................................


WIND (MPH)
  HIGHEST WIND SPEED    29   HIGHEST WIND DIRECTION     N (350)
  HIGHEST GUST SPEED    35   HIGHEST GUST DIRECTION     N (350)
  AVERAGE WIND SPEED    14.3


SKY COVER
  POSSIBLE SUNSHINE  MM
  AVERAGE SKY COVER 0.4


WEATHER CONDITIONS
 THE FOLLOWING WEATHER WAS RECORDED YESTERDAY.
  NO SIGNIFICANT WEATHER WAS OBSERVED.


RELATIVE HUMIDITY (PERCENT)
 HIGHEST    63          1200 AM
 LOWEST     32          1200 PM
 AVERAGE    48

..........................................................


THE SALINA KS CLIMATE NORMALS FOR TODAY
                         NORMAL    RECORD    YEAR
 MAXIMUM TEMPERATURE (F)   45        76      1951
 MINIMUM TEMPERATURE (F)   23       -15      2011


SUNRISE AND SUNSET
FEBRUARY 10 2016......SUNRISE   728 AM CST   SUNSET   602 PM CST
FEBRUARY 11 2016......SUNRISE   727 AM CST   SUNSET   603 PM CST


-  INDICATES NEGATIVE NUMBERS.
R  INDICATES RECORD WAS SET OR TIED.
MM INDICATES DATA IS MISSING.
T  INDICATES TRACE AMOUNT.

$$
