000
CDUS46 KLOX 200119
CLISMX


CLIMATE REPORT
NATIONAL WEATHER SERVICE LOS ANGELES/OXNARD CA
619 PM PDT SAT APR 19 2014


...................................

...THE SANTA MARIA AIRPORT CA CLIMATE SUMMARY FOR APRIL 19 2014...
VALID TODAY AS OF 0600 PM LOCAL TIME.

CLIMATE NORMAL PERIOD 1981 TO 2010
CLIMATE RECORD PERIOD 1906 TO 2014


WEATHER ITEM   OBSERVED TIME   RECORD YEAR NORMAL DEPARTURE LAST
                VALUE   (LST)  VALUE       VALUE  FROM      YEAR
                                                  NORMAL
..................................................................
TEMPERATURE (F)
 TODAY
  MAXIMUM         69   1204 PM  94    2009  68      1       79
  MINIMUM         54    705 AM  33    1987  44     10       41
  AVERAGE         62                        56      6       60

PRECIPITATION (IN)
  TODAY            0.00          1.01 1988   0.03  -0.03     0.00
  MONTH TO DATE    0.72                      0.72   0.00     0.11
  SINCE JUL 1      4.38                     13.34  -8.96     6.18
  SINCE JAN 1      3.88                      9.10  -5.22     2.45

SNOWFALL (IN)
  TODAY            0.0
  MONTH TO DATE    0.0
  SINCE MAR 1      0.0
  SINCE JUL 1      0.0

DEGREE DAYS
 HEATING
  TODAY            3                         9     -6
  MONTH TO DATE  108                       187    -79
  SINCE MAR 1    264                       527   -263
  SINCE JUL 1   1402                      2360   -958

 COOLING
  TODAY            0                         0      0
  MONTH TO DATE    2                         0      2
  SINCE MAR 1     10                         1      9
  SINCE JAN 1     14                         2     12
..................................................................


WIND (MPH)
  HIGHEST WIND SPEED    24   HIGHEST WIND DIRECTION    NW (300)
  HIGHEST GUST SPEED    30   HIGHEST GUST DIRECTION    NW (300)
  AVERAGE WIND SPEED     8.8


SKY COVER
  POSSIBLE SUNSHINE  MM
  AVERAGE SKY COVER 0.6


WEATHER CONDITIONS
 THE FOLLOWING WEATHER WAS RECORDED TODAY.
  HAZE


RELATIVE HUMIDITY (PERCENT)
 HIGHEST    83           500 AM
 LOWEST     52           200 PM
 AVERAGE    68

..........................................................


THE SANTA MARIA AIRPORT CA CLIMATE NORMALS FOR TOMORROW
                         NORMAL    RECORD    YEAR
 MAXIMUM TEMPERATURE (F)   68        98      2009
 MINIMUM TEMPERATURE (F)   44        31      2008
                                             1972


SUNRISE AND SUNSET
APRIL 19 2014.........SUNRISE   625 AM PDT   SUNSET   737 PM PDT
APRIL 20 2014.........SUNRISE   624 AM PDT   SUNSET   738 PM PDT


-  INDICATES NEGATIVE NUMBERS.
R  INDICATES RECORD WAS SET OR TIED.
MM INDICATES DATA IS MISSING.
T  INDICATES TRACE AMOUNT.




$$
