000
CDUS46 KLOX 300908
CLISMX


CLIMATE REPORT
NATIONAL WEATHER SERVICE LOS ANGELES/OXNARD CA
208 AM PDT MON MAY 30 2016


...................................

...THE SANTA MARIA AIRPORT CA CLIMATE SUMMARY FOR MAY 29 2016...

CLIMATE NORMAL PERIOD 1981 TO 2010
CLIMATE RECORD PERIOD 1906 TO 2016


WEATHER ITEM   OBSERVED TIME   RECORD YEAR NORMAL DEPARTURE LAST
                VALUE   (LST)  VALUE       VALUE  FROM      YEAR
                                                  NORMAL
..................................................................
TEMPERATURE (F)
 YESTERDAY
  MAXIMUM         69    228 PM  84    2010  69      0       69
                                      1997
                                      1910
  MINIMUM         55   1159 PM  38    1920  49      6       53
  AVERAGE         62                        59      3       61

PRECIPITATION (IN)
  YESTERDAY        0.00          0.05 1948   0.00   0.00     0.00
  MONTH TO DATE    0.24                      0.30  -0.06     0.24
  SINCE OCT 1      9.00                     13.71  -4.71     7.61
  SINCE JAN 1      7.12                      9.66  -2.54     2.05

SNOWFALL (IN)
  YESTERDAY        0.0
  MONTH TO DATE    0.0
  SINCE MAR 1      0.0
  SINCE JUL 1      0.0

DEGREE DAYS
 HEATING
  YESTERDAY        3                         6     -3
  MONTH TO DATE  159                       210    -51
  SINCE MAR 1    488                       836   -348
  SINCE JUL 1   1611                      2669  -1058

 COOLING
  YESTERDAY        0                         0      0
  MONTH TO DATE    0                         0      0
  SINCE MAR 1     20                         5     15
  SINCE JAN 1     38                         6     32
..................................................................


WIND (MPH)
  HIGHEST WIND SPEED    14   HIGHEST WIND DIRECTION    NW (320)
  HIGHEST GUST SPEED    19   HIGHEST GUST DIRECTION    NW (330)
  AVERAGE WIND SPEED     5.6


SKY COVER
  POSSIBLE SUNSHINE  MM
  AVERAGE SKY COVER 0.9


WEATHER CONDITIONS
 THE FOLLOWING WEATHER WAS RECORDED YESTERDAY.
  FOG


RELATIVE HUMIDITY (PERCENT)
 HIGHEST   100           300 AM
 LOWEST     63           400 PM
 AVERAGE    82

..........................................................


THE SANTA MARIA AIRPORT CA CLIMATE NORMALS FOR TODAY
                         NORMAL    RECORD    YEAR
 MAXIMUM TEMPERATURE (F)   69        97      1938
 MINIMUM TEMPERATURE (F)   49        34      1923


SUNRISE AND SUNSET
MAY 30 2016...........SUNRISE   550 AM PDT   SUNSET   809 PM PDT
MAY 31 2016...........SUNRISE   549 AM PDT   SUNSET   810 PM PDT


-  INDICATES NEGATIVE NUMBERS.
R  INDICATES RECORD WAS SET OR TIED.
MM INDICATES DATA IS MISSING.
T  INDICATES TRACE AMOUNT.




$$
