000
CDUS46 KLOX 230910
CLISMX


CLIMATE REPORT
NATIONAL WEATHER SERVICE LOS ANGELES/OXNARD CA
109 AM PST TUE JAN 23 2018


...................................

...THE SANTA MARIA AIRPORT CA CLIMATE SUMMARY FOR JANUARY 22 2018...

CLIMATE NORMAL PERIOD 1981 TO 2010
CLIMATE RECORD PERIOD 1906 TO 2018


WEATHER ITEM   OBSERVED TIME   RECORD YEAR NORMAL DEPARTURE LAST
                VALUE   (LST)  VALUE       VALUE  FROM      YEAR
                                                  NORMAL
..................................................................
TEMPERATURE (F)
 YESTERDAY
  MAXIMUM         64    218 PM  80    2014  64      0       59
                                      1934
  MINIMUM         34    731 AM  27    1945  40     -6       49
                                      1937
  AVERAGE         49                        52     -3       54

PRECIPITATION (IN)
  YESTERDAY        0.00          2.71 1943   0.09  -0.09     0.47
  MONTH TO DATE    1.85                      1.92  -0.07     5.55
  SINCE OCT 1      1.97                      5.97  -4.00    10.35
  SINCE JAN 1      1.85                      1.92  -0.07     5.55

SNOWFALL (IN)
  YESTERDAY        0.0
  MONTH TO DATE    0.0
  SINCE DEC 1      0.0
  SINCE JUL 1      0.0

DEGREE DAYS
 HEATING
  YESTERDAY       16                        13      3
  MONTH TO DATE  160                       303   -143
  SINCE DEC 1    458                       729   -271
  SINCE JUL 1    731                      1375   -644

 COOLING
  YESTERDAY        0                         0      0
  MONTH TO DATE    0                         0      0
  SINCE DEC 1      0                         0      0
  SINCE JAN 1      0                         0      0
..................................................................


WIND (MPH)
  HIGHEST WIND SPEED    23   HIGHEST WIND DIRECTION    NW (300)
  HIGHEST GUST SPEED    28   HIGHEST GUST DIRECTION    NW (300)
  AVERAGE WIND SPEED     7.3


SKY COVER
  POSSIBLE SUNSHINE  MM
  AVERAGE SKY COVER 0.1


WEATHER CONDITIONS
 THE FOLLOWING WEATHER WAS RECORDED YESTERDAY.
  FOG


RELATIVE HUMIDITY (PERCENT)
 HIGHEST   100           800 PM
 LOWEST     39          1200 PM
 AVERAGE    70

..........................................................


THE SANTA MARIA AIRPORT CA CLIMATE NORMALS FOR TODAY
                         NORMAL    RECORD    YEAR
 MAXIMUM TEMPERATURE (F)   64        83      1946
 MINIMUM TEMPERATURE (F)   40        24      1937


SUNRISE AND SUNSET
JANUARY 23 2018.......SUNRISE   706 AM PST   SUNSET   522 PM PST
JANUARY 24 2018.......SUNRISE   705 AM PST   SUNSET   523 PM PST


-  INDICATES NEGATIVE NUMBERS.
R  INDICATES RECORD WAS SET OR TIED.
MM INDICATES DATA IS MISSING.
T  INDICATES TRACE AMOUNT.




$$
