000
CDUS46 KLOX 050856
CLISMX


CLIMATE REPORT
NATIONAL WEATHER SERVICE LOS ANGELES/OXNARD CA
1256 AM PST THU MAR 5 2015


...................................

...THE SANTA MARIA AIRPORT CA CLIMATE SUMMARY FOR MARCH 4 2015...

CLIMATE NORMAL PERIOD 1981 TO 2010
CLIMATE RECORD PERIOD 1906 TO 2015


WEATHER ITEM   OBSERVED TIME   RECORD YEAR NORMAL DEPARTURE LAST
                VALUE   (LST)  VALUE       VALUE  FROM      YEAR
                                                  NORMAL
..................................................................
TEMPERATURE (F)
 YESTERDAY
  MAXIMUM         74    132 PM  83    2012  65      9       67
  MINIMUM         39    647 AM  29    1977  43     -4       51
  AVERAGE         57                        54      3       59

PRECIPITATION (IN)
  YESTERDAY        0.00          2.20 1978   0.11  -0.11     0.00
  MONTH TO DATE    0.30                      0.41  -0.11     0.79
  SINCE OCT 1      6.70                     10.20  -3.50     3.17
  SINCE JAN 1      1.14                      6.15  -5.01     2.68

SNOWFALL (IN)
  YESTERDAY        0.0
  MONTH TO DATE    0.0
  SINCE MAR 1      0.0
  SINCE JUL 1      0.0

DEGREE DAYS
 HEATING
  YESTERDAY        8                        11     -3
  MONTH TO DATE   48                        44      4
  SINCE MAR 1     48                        44      4
  SINCE JUL 1    735                      1877  -1142

 COOLING
  YESTERDAY        0                         0      0
  MONTH TO DATE    0                         0      0
  SINCE MAR 1      0                         0      0
  SINCE JAN 1      0                         1     -1
..................................................................


WIND (MPH)
  HIGHEST WIND SPEED    16   HIGHEST WIND DIRECTION     N (340)
  HIGHEST GUST SPEED    18   HIGHEST GUST DIRECTION     N (340)
  AVERAGE WIND SPEED     4.1


SKY COVER
  POSSIBLE SUNSHINE  MM
  AVERAGE SKY COVER 0.1


WEATHER CONDITIONS
 THE FOLLOWING WEATHER WAS RECORDED YESTERDAY.
  FOG


RELATIVE HUMIDITY (PERCENT)
 HIGHEST    93           300 AM
 LOWEST     31          1200 PM
 AVERAGE    62

..........................................................


THE SANTA MARIA AIRPORT CA CLIMATE NORMALS FOR TODAY
                         NORMAL    RECORD    YEAR
 MAXIMUM TEMPERATURE (F)   65        84      1972
 MINIMUM TEMPERATURE (F)   43        31      1999
                                             1967


SUNRISE AND SUNSET
MARCH  5 2015.........SUNRISE   626 AM PST   SUNSET   601 PM PST
MARCH  6 2015.........SUNRISE   625 AM PST   SUNSET   602 PM PST


-  INDICATES NEGATIVE NUMBERS.
R  INDICATES RECORD WAS SET OR TIED.
MM INDICATES DATA IS MISSING.
T  INDICATES TRACE AMOUNT.




$$
