000
CDUS46 KSGX 200120
CLISNA


CLIMATE REPORT
NATIONAL WEATHER SERVICE SAN DIEGO, CA
520 PM PST SUN NOV 19 2017


...................................

...THE JOHN WAYNE AIRPORT CA CLIMATE SUMMARY FOR NOVEMBER 19 2017...
VALID TODAY AS OF 0500 PM LOCAL TIME.

CLIMATE NORMAL PERIOD 1981 TO 2010
CLIMATE RECORD PERIOD 1999 TO 2017


WEATHER ITEM   OBSERVED TIME   RECORD YEAR NORMAL DEPARTURE LAST
                VALUE   (LST)  VALUE       VALUE  FROM      YEAR
                                                  NORMAL
..................................................................
TEMPERATURE (F)
 TODAY
  MAXIMUM         73    242 PM  91    2002  70      3       71
                                      1989
  MINIMUM         52    654 AM  42    2000  51      1       49
  AVERAGE         63                        61      2       60

PRECIPITATION (IN)
  TODAY            0.00          0.01 2010   0.04  -0.04     0.00
  MONTH TO DATE    T                         0.86  -0.86     0.00
  SINCE OCT 1      T                         1.61  -1.61     0.98
  SINCE JAN 1      9.69                     10.86  -1.17     4.74

DEGREE DAYS
 HEATING
  TODAY            2                         5     -3        5
  MONTH TO DATE   12                        60    -48       13
  SINCE SEP 1     12                        87    -75       14
  SINCE JUL 1     12                        87    -75       14

 COOLING
  TODAY            0                         1     -1        0
  MONTH TO DATE   20                        21     -1       73
  SINCE SEP 1    472                       304    168      448
  SINCE JAN 1   1258                       875    383     1226
..................................................................


WIND (MPH)
  RESULTANT WIND SPEED   1   RESULTANT WIND DIRECTION  SW (240)
  HIGHEST WIND SPEED     9   HIGHEST WIND DIRECTION    SW (220)
  HIGHEST GUST SPEED    12   HIGHEST GUST DIRECTION    SW (220)
  AVERAGE WIND SPEED     3.4


SKY COVER
  POSSIBLE SUNSHINE  MM
  AVERAGE SKY COVER 0.4


WEATHER CONDITIONS
 THE FOLLOWING WEATHER WAS RECORDED TODAY.
  NO SIGNIFICANT WEATHER WAS OBSERVED.


RELATIVE HUMIDITY (PERCENT)
 HIGHEST    89           700 AM
 LOWEST     35           100 PM
 AVERAGE    62

..........................................................


THE JOHN WAYNE AIRPORT CA CLIMATE NORMALS FOR TOMORROW
                         NORMAL    RECORD    YEAR
 MAXIMUM TEMPERATURE (F)   70        90      2002
 MINIMUM TEMPERATURE (F)   51        45      2000


SUNRISE AND SUNSET
NOVEMBER 19 2017......SUNRISE   627 AM PST   SUNSET   446 PM PST
NOVEMBER 20 2017......SUNRISE   628 AM PST   SUNSET   446 PM PST


-  INDICATES NEGATIVE NUMBERS.
R  INDICATES RECORD WAS SET OR TIED.
MM INDICATES DATA IS MISSING.
T  INDICATES TRACE AMOUNT.




$$
