000
CDUS46 KSGX 230117
CLISNA


CLIMATE REPORT
NATIONAL WEATHER SERVICE SAN DIEGO, CA
517 PM PST MON JAN 22 2018


...................................

...THE JOHN WAYNE AIRPORT CA CLIMATE SUMMARY FOR JANUARY 22 2018...
VALID TODAY AS OF 0500 PM LOCAL TIME.

CLIMATE NORMAL PERIOD 1981 TO 2010
CLIMATE RECORD PERIOD 1999 TO 2018


WEATHER ITEM   OBSERVED TIME   RECORD YEAR NORMAL DEPARTURE LAST
                VALUE   (LST)  VALUE       VALUE  FROM      YEAR
                                                  NORMAL
..................................................................
TEMPERATURE (F)
 TODAY
  MAXIMUM         68    143 PM  79    2013  67      1       59
  MINIMUM         42    640 AM  40    2006  47     -5       51
  AVERAGE         55                        57     -2       55

PRECIPITATION (IN)
  TODAY            0.00          2.27 2017   0.09  -0.09     2.27
  MONTH TO DATE    0.72                      2.43  -1.71     5.60
  SINCE OCT 1      0.73                      6.51  -5.78    11.79
  SINCE JAN 1      0.72                      2.43  -1.71     5.60

DEGREE DAYS
 HEATING
  TODAY           10                         8      2       10
  MONTH TO DATE   92                       187    -95      181
  SINCE DEC 1    222                       466   -244      409
  SINCE JUL 1    255                       619   -364      487

 COOLING
  TODAY            0                         0      0        0
  MONTH TO DATE    3                         0      3        0
  SINCE DEC 1     21                         1     20        0
  SINCE JAN 1      3                         0      3        0
..................................................................


WIND (MPH)
  RESULTANT WIND SPEED   1   RESULTANT WIND DIRECTION   S (190)
  HIGHEST WIND SPEED    13   HIGHEST WIND DIRECTION     S (190)
  HIGHEST GUST SPEED    15   HIGHEST GUST DIRECTION     S (190)
  AVERAGE WIND SPEED     3.1


SKY COVER
  POSSIBLE SUNSHINE  MM
  AVERAGE SKY COVER 0.0


WEATHER CONDITIONS
 THE FOLLOWING WEATHER WAS RECORDED TODAY.
  NO SIGNIFICANT WEATHER WAS OBSERVED.


RELATIVE HUMIDITY (PERCENT)
 HIGHEST    76           100 AM
 LOWEST     22           300 PM
 AVERAGE    49

..........................................................


THE JOHN WAYNE AIRPORT CA CLIMATE NORMALS FOR TOMORROW
                         NORMAL    RECORD    YEAR
 MAXIMUM TEMPERATURE (F)   67        82      2015
 MINIMUM TEMPERATURE (F)   47        41      2010


SUNRISE AND SUNSET
JANUARY 22 2018.......SUNRISE   654 AM PST   SUNSET   513 PM PST
JANUARY 23 2018.......SUNRISE   653 AM PST   SUNSET   514 PM PST


-  INDICATES NEGATIVE NUMBERS.
R  INDICATES RECORD WAS SET OR TIED.
MM INDICATES DATA IS MISSING.
T  INDICATES TRACE AMOUNT.




$$
