000
CDUS46 KSGX 200120
CLISNA


CLIMATE REPORT
NATIONAL WEATHER SERVICE SAN DIEGO, CA
519 PM PST THU JAN 19 2017


...................................

...THE JOHN WAYNE AIRPORT CA CLIMATE SUMMARY FOR JANUARY 19 2017...
VALID TODAY AS OF 0500 PM LOCAL TIME.

CLIMATE NORMAL PERIOD 1981 TO 2010
CLIMATE RECORD PERIOD 1999 TO 2017


WEATHER ITEM   OBSERVED TIME   RECORD YEAR NORMAL DEPARTURE LAST
                VALUE   (LST)  VALUE       VALUE  FROM      YEAR
                                                  NORMAL
..................................................................
TEMPERATURE (F)
 TODAY
  MAXIMUM         62    208 PM  85    2005  67     -5       64
  MINIMUM         53    503 AM  39    2008  47      6       53
  AVERAGE         58                        57      1       59

PRECIPITATION (IN)
  TODAY            0.67          0.87 2010   0.09   0.58      T
  MONTH TO DATE    2.06                      2.15  -0.09     1.94
  SINCE OCT 1      8.25                      6.23   2.02     3.16
  SINCE JAN 1      2.06                      2.15  -0.09     1.94

DEGREE DAYS
 HEATING
  TODAY            7                         8     -1        6
  MONTH TO DATE  152                       163    -11      186
  SINCE DEC 1    380                       442    -62      476
  SINCE JUL 1    458                       595   -137      606

 COOLING
  TODAY            0                         0      0        0
  MONTH TO DATE    0                         0      0        0
  SINCE DEC 1      0                         1     -1        0
  SINCE JAN 1      0                         0      0        0
..................................................................


WIND (MPH)
  RESULTANT WIND SPEED   6   RESULTANT WIND DIRECTION  SW (230)
  HIGHEST WIND SPEED    17   HIGHEST WIND DIRECTION     S (200)
  HIGHEST GUST SPEED    20   HIGHEST GUST DIRECTION    SW (220)
  AVERAGE WIND SPEED     7.6


SKY COVER
  POSSIBLE SUNSHINE  MM
  AVERAGE SKY COVER 0.7


WEATHER CONDITIONS
 THE FOLLOWING WEATHER WAS RECORDED TODAY.
  HEAVY RAIN
  RAIN
  LIGHT RAIN
  FOG


RELATIVE HUMIDITY (PERCENT)
 HIGHEST   100           500 AM
 LOWEST     64           200 PM
 AVERAGE    82

..........................................................


THE JOHN WAYNE AIRPORT CA CLIMATE NORMALS FOR TOMORROW
                         NORMAL    RECORD    YEAR
 MAXIMUM TEMPERATURE (F)   67        80      2009
 MINIMUM TEMPERATURE (F)   47        40      2002


SUNRISE AND SUNSET
JANUARY 19 2017.......SUNRISE   655 AM PST   SUNSET   510 PM PST
JANUARY 20 2017.......SUNRISE   654 AM PST   SUNSET   511 PM PST


-  INDICATES NEGATIVE NUMBERS.
R  INDICATES RECORD WAS SET OR TIED.
MM INDICATES DATA IS MISSING.
T  INDICATES TRACE AMOUNT.




$$
