000
CDUS46 KSGX 250022
CLISNA


CLIMATE REPORT
NATIONAL WEATHER SERVICE SAN DIEGO, CA
421 PM PST FRI FEB 24 2017


...................................

...THE JOHN WAYNE AIRPORT CA CLIMATE SUMMARY FOR FEBRUARY 24 2017...
VALID TODAY AS OF 0400 PM LOCAL TIME.

CLIMATE NORMAL PERIOD 1981 TO 2010
CLIMATE RECORD PERIOD 1999 TO 2017


WEATHER ITEM   OBSERVED TIME   RECORD YEAR NORMAL DEPARTURE LAST
                VALUE   (LST)  VALUE       VALUE  FROM      YEAR
                                                  NORMAL
..................................................................
TEMPERATURE (F)
 TODAY
  MAXIMUM         61    135 PM  80    2016  66     -5       80
  MINIMUM         43    510 AM  42    2007  49     -6       52
  AVERAGE         52                        58     -6       66

PRECIPITATION (IN)
  TODAY            0.00          0.44 2008   0.14  -0.14     0.00
  MONTH TO DATE    3.49                      2.51   0.98     0.32
  SINCE OCT 1     15.42                      9.50   5.92     3.58
  SINCE JAN 1      9.23                      5.42   3.81     2.36

DEGREE DAYS
 HEATING
  TODAY           13                         7      6        0
  MONTH TO DATE  141                       187    -46       85
  SINCE DEC 1    619                       726   -107      634
  SINCE JUL 1    697                       879   -182      764

 COOLING
  TODAY            0                         0      0        1
  MONTH TO DATE    0                         0      0       38
  SINCE DEC 1      0                         6     -6       38
  SINCE JAN 1      0                         5     -5       38
..................................................................


WIND (MPH)
  RESULTANT WIND SPEED   1   RESULTANT WIND DIRECTION   S (190)
  HIGHEST WIND SPEED    12   HIGHEST WIND DIRECTION    SW (220)
  HIGHEST GUST SPEED    15   HIGHEST GUST DIRECTION    SW (210)
  AVERAGE WIND SPEED     3.7


SKY COVER
  POSSIBLE SUNSHINE  MM
  AVERAGE SKY COVER 0.2


WEATHER CONDITIONS
 THE FOLLOWING WEATHER WAS RECORDED TODAY.
  NO SIGNIFICANT WEATHER WAS OBSERVED.


RELATIVE HUMIDITY (PERCENT)
 HIGHEST    76           300 AM
 LOWEST     36           200 PM
 AVERAGE    56

..........................................................


THE JOHN WAYNE AIRPORT CA CLIMATE NORMALS FOR TOMORROW
                         NORMAL    RECORD    YEAR
 MAXIMUM TEMPERATURE (F)   67        77      2016
 MINIMUM TEMPERATURE (F)   50        42      2013


SUNRISE AND SUNSET
FEBRUARY 24 2017......SUNRISE   626 AM PST   SUNSET   544 PM PST
FEBRUARY 25 2017......SUNRISE   624 AM PST   SUNSET   545 PM PST


-  INDICATES NEGATIVE NUMBERS.
R  INDICATES RECORD WAS SET OR TIED.
MM INDICATES DATA IS MISSING.
T  INDICATES TRACE AMOUNT.




$$
