300
CDUS46 KSGX 131521
CLISNA


CLIMATE REPORT
NATIONAL WEATHER SERVICE SAN DIEGO, CA
721 AM PST SAT FEB 13 2016


...................................

...THE JOHN WAYNE AIRPORT CA CLIMATE SUMMARY FOR FEBRUARY 12 2016...

CLIMATE NORMAL PERIOD 1981 TO 2010
CLIMATE RECORD PERIOD 1999 TO 2016


WEATHER ITEM   OBSERVED TIME   RECORD YEAR NORMAL DEPARTURE LAST
                VALUE   (LST)  VALUE       VALUE  FROM      YEAR
                                                  NORMAL
..................................................................
TEMPERATURE (F)
 YESTERDAY
  MAXIMUM         78    234 PM  90    2015  66     12       90
  MINIMUM         52    658 AM  38    1999  48      4       55
  AVERAGE         65                        57      8       73

PRECIPITATION (IN)
  YESTERDAY        0.00          2.11 2001   0.12  -0.12     0.00
  MONTH TO DATE    0.00                      0.95  -0.95      T
  SINCE OCT 1      3.26                      7.94  -4.68     4.62
  SINCE JAN 1      2.04                      3.86  -1.82     0.82

DEGREE DAYS
 HEATING
  YESTERDAY        0                         8     -8        0
  MONTH TO DATE   55                        96    -41        2
  SINCE DEC 1    604                       635    -31      203
  SINCE JUL 1    734                       788    -54      207

 COOLING
  YESTERDAY        0                         0      0        8
  MONTH TO DATE   21                         0     21       24
  SINCE DEC 1     21                         6     15       72
  SINCE JAN 1     21                         5     16       54
..................................................................


WIND (MPH)
  RESULTANT WIND SPEED   3   RESULTANT WIND DIRECTION  SW (220)
  HIGHEST WIND SPEED    10   HIGHEST WIND DIRECTION     S (200)
  HIGHEST GUST SPEED    13   HIGHEST GUST DIRECTION     S (200)
  AVERAGE WIND SPEED     2.7


SKY COVER
  POSSIBLE SUNSHINE  MM
  AVERAGE SKY COVER 0.3


WEATHER CONDITIONS
 THE FOLLOWING WEATHER WAS RECORDED YESTERDAY.
  FOG
  FOG W/VISIBILITY <= 1/4 MILE
  HAZE


RELATIVE HUMIDITY (PERCENT)
 HIGHEST   100          1100 PM
 LOWEST     29          1200 PM
 AVERAGE    65

..........................................................


THE JOHN WAYNE AIRPORT CA CLIMATE NORMALS FOR TODAY
                         NORMAL    RECORD    YEAR
 MAXIMUM TEMPERATURE (F)   66        88      2015
 MINIMUM TEMPERATURE (F)   48        40      2004
                                             1999


SUNRISE AND SUNSET
FEBRUARY 13 2016......SUNRISE   638 AM PST   SUNSET   534 PM PST
FEBRUARY 14 2016......SUNRISE   637 AM PST   SUNSET   535 PM PST


-  INDICATES NEGATIVE NUMBERS.
R  INDICATES RECORD WAS SET OR TIED.
MM INDICATES DATA IS MISSING.
T  INDICATES TRACE AMOUNT.




$$
