000
CDUS46 KSGX 270017
CLISNA


CLIMATE REPORT
NATIONAL WEATHER SERVICE SAN DIEGO, CA
517 PM PDT THU MAR 26 2015


...................................

...THE JOHN WAYNE AIRPORT CA CLIMATE SUMMARY FOR MARCH 26 2015...
VALID TODAY AS OF 0500 PM LOCAL TIME.

CLIMATE NORMAL PERIOD 1981 TO 2010
CLIMATE RECORD PERIOD 1999 TO 2015


WEATHER ITEM   OBSERVED TIME   RECORD YEAR NORMAL DEPARTURE LAST
                VALUE   (LST)  VALUE       VALUE  FROM      YEAR
                                                  NORMAL
..................................................................
TEMPERATURE (F)
 TODAY
  MAXIMUM         87R  1104 AM  73    2003  68     19       65
  MINIMUM         59    603 AM  47    1999  52      7       58
  AVERAGE         73                        60     13       62

PRECIPITATION (IN)
  TODAY            0.00          T    2007   0.03  -0.03      T
                                      2007
                                      2014
  MONTH TO DATE    0.77                      1.77  -1.00     0.70
  SINCE OCT 1      5.74                     11.71  -5.97     3.20
  SINCE JAN 1      1.94                      7.63  -5.69     2.27

SNOWFALL (IN)
  TODAY            0.0
  MONTH TO DATE    0.0
  SINCE MAR 1      0.0
  SINCE JUL 1      0.0
  SNOW DEPTH       0

DEGREE DAYS
 HEATING
  TODAY            0                         5     -5        3
  MONTH TO DATE   24                       154   -130       53
  SINCE MAR 1     24                       154   -130       53
  SINCE JUL 1    249                      1060   -811      543

 COOLING
  TODAY            8                         0      8        0
  MONTH TO DATE   90                         0     90       20
  SINCE MAR 1     90                         0     90       20
  SINCE JAN 1    162                         8    154       47
..................................................................


WIND (MPH)
  RESULTANT WIND SPEED   3   RESULTANT WIND DIRECTION  SW (230)
  HIGHEST WIND SPEED    15   HIGHEST WIND DIRECTION     S (200)
  HIGHEST GUST SPEED    18   HIGHEST GUST DIRECTION     S (190)
  AVERAGE WIND SPEED     3.4


SKY COVER
  POSSIBLE SUNSHINE  MM
  AVERAGE SKY COVER 0.1


WEATHER CONDITIONS
 THE FOLLOWING WEATHER WAS RECORDED TODAY.
  NO SIGNIFICANT WEATHER WAS OBSERVED.


RELATIVE HUMIDITY (PERCENT)
 HIGHEST    78           300 AM
 LOWEST     16           400 PM
 AVERAGE    47

..........................................................


THE JOHN WAYNE AIRPORT CA CLIMATE NORMALS FOR TOMORROW
                         NORMAL    RECORD    YEAR
 MAXIMUM TEMPERATURE (F)   68        83      2010
 MINIMUM TEMPERATURE (F)   52        48      2012


SUNRISE AND SUNSET
MARCH 26 2015.........SUNRISE   647 AM PDT   SUNSET   708 PM PDT
MARCH 27 2015.........SUNRISE   646 AM PDT   SUNSET   708 PM PDT


-  INDICATES NEGATIVE NUMBERS.
R  INDICATES RECORD WAS SET OR TIED.
MM INDICATES DATA IS MISSING.
T  INDICATES TRACE AMOUNT.




$$
