000
CDUS46 KSGX 260018
CLISNA


CLIMATE REPORT
NATIONAL WEATHER SERVICE SAN DIEGO, CA
518 PM PDT SAT OCT 25 2014


...................................

...THE JOHN WAYNE AIRPORT CA CLIMATE SUMMARY FOR OCTOBER 25 2014...
VALID TODAY AS OF 0500 PM LOCAL TIME.

CLIMATE NORMAL PERIOD 1981 TO 2010
CLIMATE RECORD PERIOD 1999 TO 2014


WEATHER ITEM   OBSERVED TIME   RECORD YEAR NORMAL DEPARTURE LAST
                VALUE   (LST)  VALUE       VALUE  FROM      YEAR
                                                  NORMAL
..................................................................
TEMPERATURE (F)
 TODAY
  MAXIMUM         81   1123 AM  84    2007  74      7       72
                                      2003
                                      1999
  MINIMUM         65    148 AM  54    2008  57      8       61
  AVERAGE         73                        66      7       67

PRECIPITATION (IN)
  TODAY            0.00          0.13 2010   0.03  -0.03     0.00
  MONTH TO DATE    0.00                      0.54  -0.54     0.20
  SINCE JUL 1      0.03                      0.83  -0.80     0.32
  SINCE JAN 1      2.62                      9.79  -7.17     2.29

SNOWFALL (IN)
  TODAY            0.0
  MONTH TO DATE    0.0
  SINCE JAN 1      0.0
  SINCE JUL 1      0.0
  SNOW DEPTH       0

DEGREE DAYS
 HEATING
  TODAY            0                         1     -1        0
  MONTH TO DATE    0                        12    -12        9
  SINCE SEP 1      0                        13    -13        9
  SINCE JUL 1      0                        13    -13        9

 COOLING
  TODAY            8                         2      6        2
  MONTH TO DATE  250                        74    176       95
  SINCE SEP 1    666                       271    395      426
  SINCE JAN 1   1910                       842   1068     1130
..................................................................


WIND (MPH)
  RESULTANT WIND SPEED   2   RESULTANT WIND DIRECTION  SW (230)
  HIGHEST WIND SPEED    12   HIGHEST WIND DIRECTION    SW (220)
  HIGHEST GUST SPEED    15   HIGHEST GUST DIRECTION    SW (230)
  AVERAGE WIND SPEED     3.2


SKY COVER
  POSSIBLE SUNSHINE  MM
  AVERAGE SKY COVER 0.5


WEATHER CONDITIONS
 THE FOLLOWING WEATHER WAS RECORDED TODAY.
  HAZE


RELATIVE HUMIDITY (PERCENT)
 HIGHEST    81          1200 AM
 LOWEST     39          1100 AM
 AVERAGE    60

..........................................................


THE JOHN WAYNE AIRPORT CA CLIMATE NORMALS FOR TOMORROW
                         NORMAL    RECORD    YEAR
 MAXIMUM TEMPERATURE (F)   74        93      2003
 MINIMUM TEMPERATURE (F)   57        54      2006


SUNRISE AND SUNSET
OCTOBER 25 2014.......SUNRISE   705 AM PDT   SUNSET   606 PM PDT
OCTOBER 26 2014.......SUNRISE   705 AM PDT   SUNSET   605 PM PDT


-  INDICATES NEGATIVE NUMBERS.
R  INDICATES RECORD WAS SET OR TIED.
MM INDICATES DATA IS MISSING.
T  INDICATES TRACE AMOUNT.




$$
