000
CDAK48 PASN 220941
CLISNP


CLIMATE REPORT
NATIONAL WEATHER SERVICE ANCHORAGE, AK
141 AM AKDT SAT JUL 22 2017


...................................

...THE SAINT PAUL ISLAND CLIMATE SUMMARY FOR JULY 21 2017...

CLIMATE NORMAL PERIOD 1981 TO 2010
CLIMATE RECORD PERIOD 1892 TO 2017


WEATHER ITEM   OBSERVED TIME   RECORD YEAR NORMAL DEPARTURE LAST
                VALUE   (LST)  VALUE       VALUE  FROM      YEAR
                                                  NORMAL
..................................................................
TEMPERATURE (F)
 YESTERDAY
  MAXIMUM         57        MM  59    1993  51      6       MM
  MINIMUM         41        MM  36    1984  44     -3       MM
                                      1965
  AVERAGE         49                        48      1       MM

PRECIPITATION (IN)
  YESTERDAY        0.00          1.06 1963   0.07  -0.07     0.02
  MONTH TO DATE    2.52                      1.15   1.37     0.40
  SINCE JUN 1      3.45                      2.50   0.95     1.87
  SINCE JAN 1      9.26                      8.66   0.60     7.56

SNOWFALL (IN)
  YESTERDAY        0.0          MM      MM   0.0    0.0      0.0
  MONTH TO DATE    0.0                       0.0    0.0      0.0
  SINCE JUN 1      0.0                       T      0.0      0.0
  SINCE JUL 1      0.0                       0.0    0.0      0.0
  SNOW DEPTH       0

DEGREE DAYS
 HEATING
  YESTERDAY       16                        17     -1       MM
  MONTH TO DATE  363                       383    -20      190
  SINCE JUN 1    917                      1061   -144      652
  SINCE JUL 1    363                       383    -20      190

 COOLING
  YESTERDAY        0                         0      0       MM
  MONTH TO DATE    0                         0      0        0
  SINCE JUN 1      0                         0      0        0
  SINCE JAN 1      0                         0      0        0
..................................................................


WIND (MPH)
  RESULTANT WIND SPEED   5   RESULTANT WIND DIRECTION  NW (320)
  HIGHEST WIND SPEED    12   HIGHEST WIND DIRECTION     W (270)
  HIGHEST GUST SPEED    MM   HIGHEST GUST DIRECTION    MM
  AVERAGE WIND SPEED     7.6



WEATHER CONDITIONS
 THE FOLLOWING WEATHER WAS RECORDED YESTERDAY.
  FOG


..........................................................


THE SAINT PAUL ISLAND CLIMATE NORMALS FOR TODAY
                         NORMAL    RECORD    YEAR
 MAXIMUM TEMPERATURE (F)   51        64      2013
 MINIMUM TEMPERATURE (F)   44        33      1965


SUNRISE AND SUNSET
JULY 22 2017..........SUNRISE   701 AM AKDT  SUNSET  1153 PM AKDT
JULY 23 2017..........SUNRISE   703 AM AKDT  SUNSET  1151 PM AKDT


-  INDICATES NEGATIVE NUMBERS.
R  INDICATES RECORD WAS SET OR TIED.
MM INDICATES DATA IS MISSING.
T  INDICATES TRACE AMOUNT.




$$
