355
CDAK48 PAFC 220101
CLISNP


CLIMATE REPORT
NATIONAL WEATHER SERVICE ANCHORAGE, AK
500 PM AKDT THU SEP 21 2017


...................................

...THE SAINT PAUL ISLAND CLIMATE SUMMARY FOR SEPTEMBER 21 2017...
VALID TODAY AS OF 0500 PM LOCAL TIME.

CLIMATE NORMAL PERIOD 1981 TO 2010
CLIMATE RECORD PERIOD 1892 TO 2017


WEATHER ITEM   OBSERVED TIME   RECORD YEAR NORMAL DEPARTURE LAST
                VALUE   (LST)  VALUE       VALUE  FROM      YEAR
                                                  NORMAL
..................................................................
TEMPERATURE (F)
 TODAY
  MAXIMUM         49        MM  53    2004  49      0       52
  MINIMUM         44        MM  27    2012  40      4       44
  AVERAGE         47                        44      3       48

PRECIPITATION (IN)
  TODAY            T             0.74 1959   0.10  -0.10     0.09
  MONTH TO DATE    1.48                      2.12  -0.64     3.29
  SINCE SEP 1      1.48                      2.12  -0.64     3.29
  SINCE JAN 1     14.15                     14.55  -0.40    14.03

SNOWFALL (IN)
  TODAY            0.0          MM      MM   0.0    0.0      0.0
  MONTH TO DATE    0.0                       0.0    0.0      0.0
  SINCE SEP 1      0.0                       0.0    0.0      0.0
  SINCE JUL 1      0.0                       0.0    0.0      0.0
  SNOW DEPTH       0

DEGREE DAYS
 HEATING
  TODAY           18                        21     -3       17
  MONTH TO DATE  382                       392    -10      269
  SINCE SEP 1    382                       392    -10      269
  SINCE JUL 1   1373                      1445    -72      882

 COOLING
  TODAY            0                         0      0        0
  MONTH TO DATE    0                         0      0        0
  SINCE SEP 1      0                         0      0        0
  SINCE JAN 1      0                         0      0        0
..................................................................


WIND (MPH)
  RESULTANT WIND SPEED  25   RESULTANT WIND DIRECTION  NE (40)
  HIGHEST WIND SPEED    29   HIGHEST WIND DIRECTION    NE (30)
  HIGHEST GUST SPEED    40   HIGHEST GUST DIRECTION    NE (40)
  AVERAGE WIND SPEED    25.5



WEATHER CONDITIONS
 THE FOLLOWING WEATHER WAS RECORDED TODAY.
  LIGHT RAIN


..........................................................


THE SAINT PAUL ISLAND CLIMATE NORMALS FOR TOMORROW
                         NORMAL    RECORD    YEAR
 MAXIMUM TEMPERATURE (F)   49        53      2014
                                             1995
 MINIMUM TEMPERATURE (F)   39        29      1964
                                             1962


SUNRISE AND SUNSET
SEPTEMBER 21 2017.....SUNRISE   905 AM AKDT  SUNSET   921 PM AKDT
SEPTEMBER 22 2017.....SUNRISE   907 AM AKDT  SUNSET   918 PM AKDT


-  INDICATES NEGATIVE NUMBERS.
R  INDICATES RECORD WAS SET OR TIED.
MM INDICATES DATA IS MISSING.
T  INDICATES TRACE AMOUNT.




$$
