906
CDAK48 PAFC 221240
CLISNP


CLIMATE REPORT
NATIONAL WEATHER SERVICE ANCHORAGE, AK
340 AM AKST WED NOV 22 2017


...................................

...THE SAINT PAUL ISLAND CLIMATE SUMMARY FOR NOVEMBER 21 2017...

CLIMATE NORMAL PERIOD 1981 TO 2010
CLIMATE RECORD PERIOD 1892 TO 2017


WEATHER ITEM   OBSERVED TIME   RECORD YEAR NORMAL DEPARTURE LAST
                VALUE   (LST)  VALUE       VALUE  FROM      YEAR
                                                  NORMAL
..................................................................
TEMPERATURE (F)
 YESTERDAY
  MAXIMUM         44R   305 PM  44    1993  36      8       38
  MINIMUM         37    636 AM  13    1960  28      9       23
  AVERAGE         41                        32      9       31

PRECIPITATION (IN)
  YESTERDAY        T             0.50 1965   0.09  -0.09     0.24
  MONTH TO DATE    2.24                      2.08   0.16     2.61
  SINCE SEP 1      7.34                      8.18  -0.84    12.35
  SINCE JAN 1     20.01                     20.61  -0.60    23.09

SNOWFALL (IN)
  YESTERDAY        0.0           1.9  1989   0.3   -0.3       T
  MONTH TO DATE    T                         5.2   -5.2      3.9
  SINCE SEP 1      2.4                       7.2   -4.8      3.9
  SINCE JUL 1      2.4                       7.2   -4.8      3.9
  SNOW DEPTH       0

DEGREE DAYS
 HEATING
  YESTERDAY       24                        33     -9       34
  MONTH TO DATE  518                       657   -139      630
  SINCE SEP 1   1846                      2065   -219     1665
  SINCE JUL 1   2837                      3118   -281     2278

 COOLING
  YESTERDAY        0                         0      0        0
  MONTH TO DATE    0                         0      0        0
  SINCE SEP 1      0                         0      0        0
  SINCE JAN 1      0                         0      0        0
..................................................................


WIND (MPH)
  RESULTANT WIND SPEED  18   RESULTANT WIND DIRECTION   W (260)
  HIGHEST WIND SPEED    37   HIGHEST WIND DIRECTION    NW (300)
  HIGHEST GUST SPEED    47   HIGHEST GUST DIRECTION    NW (310)
  AVERAGE WIND SPEED    21.1



WEATHER CONDITIONS
 THE FOLLOWING WEATHER WAS RECORDED YESTERDAY.
  LIGHT RAIN
  LIGHT SNOW


..........................................................


THE SAINT PAUL ISLAND CLIMATE NORMALS FOR TODAY
                         NORMAL    RECORD    YEAR
 MAXIMUM TEMPERATURE (F)   36        43      2015
                                             2003
                                             1970
 MINIMUM TEMPERATURE (F)   28        16      2007
                                             1972


SUNRISE AND SUNSET
NOVEMBER 22 2017......SUNRISE  1019 AM AKST  SUNSET   555 PM AKST
NOVEMBER 23 2017......SUNRISE  1021 AM AKST  SUNSET   553 PM AKST


-  INDICATES NEGATIVE NUMBERS.
R  INDICATES RECORD WAS SET OR TIED.
MM INDICATES DATA IS MISSING.
T  INDICATES TRACE AMOUNT.




$$
