000
CDAK48 PASN 232335
CLISNP

CLIMATE REPORT
NATIONAL WEATHER SERVICE ST PAUL, AK
335 PM AKDT TUE SEP 23 2014

...................................
...THE ST PAUL AIRPORT CLIMATE SUMMARY FOR SEPTEMBER 23 2014...
VALID TODAY AS OF 2:00 PM LOCAL TIME

CLIMATE NORMAL PERIOD  1981 TO  2010
CLIMATE RECORD PERIOD  1892 TO  2014

WEATHER ITEM   OBSERVED TIME    RECORD YEAR NORMAL DEPARTURE LAST
               VALUE    (LST)   VALUE       VALUE  FROM      YEAR
                                                   NORMAL
...................................................................
TEMPERATURE
TODAY
 MAXIMUM            52  0159 PM    54  1977     48       4     49
 MINIMUM            40  0718 AM    26  1964     39       1     45
 AVERAGE            46                          44       2     47

PRECIPITATION
(INCHES)
 TODAY            0.05           0.44  1964   0.10   -0.05   0.15
 MONTH TO DATE    3.01                        2.31    0.70   1.63
 SINCE SEP 1      3.01                        2.31    0.70   1.63
 SINCE JAN 1     16.24                       14.74    1.50  15.66

SNOWFALL
(INCHES)
 TODAY             0.0              T  2009    0.0     0.0    0.0
 MONTH TO DATE     0.0                         0.0     0.0    0.0
 SINCE SEP 1       0.0                         0.0     0.0    0.0
 SINCE JUL 1       0.0                         0.0     0.0    0.0
 SNOW DEPTH (IN)     0                                          0

DEGREE DAYS
 HEATING
  TODAY             19                          21      -2     18
  MONTH TO DATE    338                         434     -96    442
  SINCE SEP 1      338                         434     -96    442
  SINCE JUL 1     1155                        1486    -331   1485

 COOLING
  TODAY              0                           0       0      0
  MONTH TO DATE      0                           0       0      0
  SINCE SEP 1        0                           0       0      0
  SINCE JAN 1        0                           0       0      0
...................................................................

WIND (MPH)
 HIGHEST WIND SPEED    15     HIGHEST WIND DIRECTION    170
 HIGHEST GUST SPEED    19     HIGHEST GUST DIRECTION    170
 AVERAGE WIND SPEED    MM

SKY COVER
  POSSIBLE SUNSHINE  MM            AVERAGE SKY COVER MM

WEATHER CONDITIONS
 THE FOLLOWING WEATHER WAS RECORDED TODAY.
 FOG
 RAIN


RELATIVE HUMIDITY
 HIGHEST RH     MM PERCENT       MM
 LOWEST  RH     MM PERCENT       MM
 AVERAGE RH     MM PERCENT       MM
...................................................................

THE ST PAUL CLIMATE NORMALS FOR TOMORROW
                        NORMAL    RECORD   YEAR
 MAXIMUM TEMPERATURE      48        52     1977
 MINIMUM TEMPERATURE      39        22     1992

SUNRISE AND SUNSET
 SEP 23 2014..........SUNRISE  9:09 AM      SUNSET  9:17 PM
 SEP 24 2014..........SUNRISE  9:11 AM      SUNSET  9:14 PM

-  INDICATES NEGATIVE NUMBERS.
R  INDICATES RECORD HAS BEEN SET OR TIED.
MM INDICATES DATA IS MISSING.
T  INDICATES TRACE OF PRECIPITATION.

&&
-------------------------------------------------------------------

AMOUNT OF DAYLIGHT TODAY  (HOUR:MIN)........12 HOURS 8 MINUTES
GAIN/LOSS SINCE YESTERDAY (HOUR:MIN:SEC)....-0:04:49

$$
HCH SEP 14
