000
CDAK48 PASN 271451
CLISNP

CLIMATE REPORT
NATIONAL WEATHER SERVICE ST PAUL, AK
552 AM AKST THU NOV 27 2014

...................................
...THE ST PAUL AIRPORT CLIMATE SUMMARY FOR NOVEMBER 26 2014...

CLIMATE NORMAL PERIOD  1981 TO  2010
CLIMATE RECORD PERIOD  1892 TO  2014

WEATHER ITEM   OBSERVED TIME    RECORD YEAR NORMAL DEPARTURE LAST
               VALUE    (LST)   VALUE       VALUE  FROM      YEAR
                                                   NORMAL
...................................................................
TEMPERATURE
YESTERDAY
 MAXIMUM            43  0657 AM    47  2007     36       7     37
 MINIMUM            40  1159 PM     4  2008     27      13     34
 AVERAGE            42                          31      11     36

PRECIPITATION
(INCHES)
 YESTERDAY        0.02           0.85  2012   0.09   -0.07   0.03
 MONTH TO DATE    1.53                        2.55   -1.02   3.68
 SINCE SEP 1      6.68                        8.65   -1.97  10.24
 SINCE JAN 1     20.03                       21.08   -1.05  24.27

SNOWFALL
(INCHES)
 YESTERDAY         0.0            2.4  1989    0.4    -0.4    0.0
 MONTH TO DATE     0.7                         6.9    -6.2    2.7
 SINCE SEP 1       0.7                         8.9    -8.2    2.7
 SINCE JUL 1       0.7                         8.9    -8.2    2.7
 SNOW DEPTH (IN)     0                                          0

DEGREE DAYS
 HEATING
  YESTERDAY         23                          34     -11     29
  MONTH TO DATE    719                         824    -105    763
  SINCE SEP 1     1980                        2232    -252   2099
  SINCE JUL 1     2798                        3284    -486   3142

 COOLING
  YESTERDAY          0                           0       0      0
  MONTH TO DATE      0                           0       0      0
  SINCE SEP 1        0                           0       0      0
  SINCE JAN 1        0                           0       0      0
...................................................................

WIND (MPH)
 HIGHEST WIND SPEED    44     HIGHEST WIND DIRECTION    160
 HIGHEST GUST SPEED    57     HIGHEST GUST DIRECTION    160
 AVERAGE WIND SPEED  28.2

WEATHER CONDITIONS
 THE FOLLOWING WEATHER WAS RECORDED YESTERDAY.
  SMOKE OR HAZE
FOG
RAIN

...................................................................

THE ST PAUL CLIMATE NORMALS FOR TODAY
                           NORMAL    RECORD   YEAR
 MAXIMUM TEMPERATURE (F)     35        44     1970
 MINIMUM TEMPERATURE (F)     27        10     1987

SUNRISE AND SUNSET
 NOV 27 2014..........SUNRISE 10:29 AM      SUNSET  5:49 PM
 NOV 28 2014..........SUNRISE 10:31 AM      SUNSET  5:48 PM

-  INDICATES NEGATIVE NUMBERS.
R  INDICATES RECORD HAS BEEN SET OR TIED.
MM INDICATES DATA IS MISSING.
T  INDICATES TRACE OF PRECIPITATION.

&&
-------------------------------------------------------------------

AMOUNT OF DAYLIGHT TODAY  (HOUR:MIN)........7 HOURS 20 MINUTES
GAIN/LOSS SINCE YESTERDAY (HOUR:MIN:SEC)....-0:03:07

$$
TR NOV 14
