000
CDAK48 PAFC 241328
CLISNP

CLIMATE REPORT
NATIONAL WEATHER SERVICE ANCHORAGE, AK
524 AM AKDT SAT SEP 24 2016


...................................

...THE SAINT PAUL ISLAND CLIMATE SUMMARY FOR SEPTEMBER 23 2016...

CLIMATE NORMAL PERIOD 1981 TO 2010
CLIMATE RECORD PERIOD 1892 TO 2016


WEATHER ITEM   OBSERVED TIME   RECORD YEAR NORMAL DEPARTURE LAST
                VALUE   (LST)  VALUE       VALUE  FROM      YEAR
                                                  NORMAL
..................................................................
TEMPERATURE (F)
 YESTERDAY
  MAXIMUM         51    307 PM  54    1977  48      3       52
  MINIMUM         37   1004 PM  26    1964  39     -2       48
  AVERAGE         44                        44      0       50

PRECIPITATION (IN)
  YESTERDAY        0.03          0.44 1964   0.10  -0.07     0.10
  MONTH TO DATE    3.40                      2.31   1.09     3.57
  SINCE SEP 1      3.40                      2.31   1.09     3.57
  SINCE JAN 1     14.14                     14.74  -0.60    15.00

SNOWFALL (IN)
  YESTERDAY        0.0          MM      MM   0.0    0.0     MM
  MONTH TO DATE    0.0                       0.0    0.0      0.0
  SINCE SEP 1      0.0                       0.0    0.0      0.0
  SINCE JUL 1      0.0                       0.0    0.0      0.0
  SNOW DEPTH       0

DEGREE DAYS
 HEATING
  YESTERDAY       21                        21      0       15
  MONTH TO DATE  307                       434   -127      368
  SINCE SEP 1    307                       434   -127      368
  SINCE JUL 1    920                      1487   -567     1228

 COOLING
  YESTERDAY        0                         0      0        0
  MONTH TO DATE    0                         0      0        0
  SINCE SEP 1      0                         0      0        0
  SINCE JAN 1      0                         0      0        0
..................................................................


WIND (MPH)
  RESULTANT WIND SPEED  13   RESULTANT WIND DIRECTION   N (340)
  HIGHEST WIND SPEED    28   HIGHEST WIND DIRECTION     N (360)
  HIGHEST GUST SPEED    33   HIGHEST GUST DIRECTION     N (360)
  AVERAGE WIND SPEED    14.4



WEATHER CONDITIONS
 THE FOLLOWING WEATHER WAS RECORDED YESTERDAY.
  LIGHT RAIN
  FOG


..........................................................


THE SAINT PAUL ISLAND CLIMATE NORMALS FOR TODAY
                         NORMAL    RECORD    YEAR
 MAXIMUM TEMPERATURE (F)   48        53      2014
 MINIMUM TEMPERATURE (F)   39        22      1992


SUNRISE AND SUNSET
SEPTEMBER 24 2016.....SUNRISE   912 AM AKDT  SUNSET   912 PM AKDT
SEPTEMBER 25 2016.....SUNRISE   914 AM AKDT  SUNSET   910 PM AKDT

CIVIL TWILIGHT
SEPTEMBER 24 2016       START   708 AM AKDT     END   835 PM AKDT
SEPTEMBER 25 2016       START   711 AM AKDT     END   831 PM AKDT



-  INDICATES NEGATIVE NUMBERS.
R  INDICATES RECORD WAS SET OR TIED.
MM INDICATES DATA IS MISSING.
T  INDICATES TRACE AMOUNT.




$$
&&
------------------------------------------------------
AMOUNT OF DAYLIGHT TODAY  (HOUR:MIN)........12:00
GAIN/LOSS SINCE YESTERDAY (HOUR:MIN:SEC)....-0:05:39

$$
