029
CDAK48 PAFC 231314
CLISNP

CLIMATE REPORT
NATIONAL WEATHER SERVICE ANCHORAGE, AK
412 AM AKST MON JAN 23 2017


...................................

...THE SAINT PAUL ISLAND CLIMATE SUMMARY FOR JANUARY 22 2017...

CLIMATE NORMAL PERIOD 1981 TO 2010
CLIMATE RECORD PERIOD 1892 TO 2017


WEATHER ITEM   OBSERVED TIME   RECORD YEAR NORMAL DEPARTURE LAST
                VALUE   (LST)  VALUE       VALUE  FROM      YEAR
                                                  NORMAL
..................................................................
TEMPERATURE (F)
 YESTERDAY
  MAXIMUM         28    228 PM  39    1969  29     -1       32
                                      1960
  MINIMUM         13   1238 AM  -8    1894  20     -7       27
  AVERAGE         21                        24     -3       30

PRECIPITATION (IN)
  YESTERDAY        1.31R         0.53 2000   0.05   1.26     0.01
  MONTH TO DATE    2.41                      1.16   1.25     1.26
  SINCE DEC 1      5.61                      3.41   2.20     5.99
  SINCE JAN 1      2.41                      1.16   1.25     1.26

SNOWFALL (IN)
  YESTERDAY        5.6          MM      MM   0.5    5.1     MM
  MONTH TO DATE   17.4                       9.1    8.3      0.2
  SINCE DEC 1     21.0                      21.2   -0.2     11.7
  SINCE JUL 1     27.6                      31.5   -3.9     23.7
  SNOW DEPTH      14

DEGREE DAYS
 HEATING
  YESTERDAY       44                        41      3       35
  MONTH TO DATE  864                       869     -5      668
  SINCE DEC 1   1820                      1990   -170     1571
  SINCE JUL 1   4389                      5411  -1022     4119

 COOLING
  YESTERDAY        0                         0      0        0
  MONTH TO DATE    0                         0      0        0
  SINCE DEC 1      0                         0      0        0
  SINCE JAN 1      0                         0      0        0
..................................................................


WIND (MPH)
  RESULTANT WIND SPEED  29   RESULTANT WIND DIRECTION   E (80)
  HIGHEST WIND SPEED    58   HIGHEST WIND DIRECTION     E (80)
  HIGHEST GUST SPEED    68   HIGHEST GUST DIRECTION     E (70)
  AVERAGE WIND SPEED    31.8



WEATHER CONDITIONS
 THE FOLLOWING WEATHER WAS RECORDED YESTERDAY.
  HEAVY SNOW
  SNOW
  LIGHT SNOW
  FOG
  FOG W/VISIBILITY <= 1/4 MILE
  BLOWING SNOW


..........................................................


THE SAINT PAUL ISLAND CLIMATE NORMALS FOR TODAY
                         NORMAL    RECORD    YEAR
 MAXIMUM TEMPERATURE (F)   28        40      1980
 MINIMUM TEMPERATURE (F)   20        -6      2007
                                             1894


SUNRISE AND SUNSET
JANUARY 23 2017.......SUNRISE  1036 AM AKST  SUNSET   630 PM AKST
JANUARY 24 2017.......SUNRISE  1034 AM AKST  SUNSET   632 PM AKST

CIVIL TWILIGHT
JANUARY 23 2017         START    952 AM GMT     END    715 PM GMT
JANUARY 24 2017         START    951 AM GMT     END    717 PM GMT



-  INDICATES NEGATIVE NUMBERS.
R  INDICATES RECORD WAS SET OR TIED.
MM INDICATES DATA IS MISSING.
T  INDICATES TRACE AMOUNT.




$$
&&
------------------------------------------------------
AMOUNT OF DAYLIGHT TODAY  (HOUR:MIN)........ 7:54
GAIN/LOSS SINCE YESTERDAY (HOUR:MIN:SEC)....+0:03:50

$$
