000
CDAK48 PASN 291151
CLISNP

CLIMATE REPORT
NATIONAL WEATHER SERVICE ST PAUL, AK
351 AM AKDT WED JUL 29 2015

...................................
...THE ST PAUL AIRPORT CLIMATE SUMMARY FOR JULY 28 2015...

CLIMATE NORMAL PERIOD  1981 TO  2010
CLIMATE RECORD PERIOD  1892 TO  2015

WEATHER ITEM   OBSERVED TIME    RECORD YEAR NORMAL DEPARTURE LAST
               VALUE    (LST)   VALUE       VALUE  FROM      YEAR
                                                   NORMAL
...................................................................
TEMPERATURE
YESTERDAY
 MAXIMUM            54  0420 PM    63  1992     52       2     59
 MINIMUM            47  1159 PM    39  1972     45       2     46
 AVERAGE            51                          48       3     53

PRECIPITATION
(INCHES)
 YESTERDAY        0.00           0.70  1961   0.07   -0.07   0.00
 MONTH TO DATE    1.83                        1.63    0.20   1.07
 SINCE JUN 1      2.75                        2.98   -0.23   2.09
 SINCE JAN 1      9.03                        9.14   -0.11   9.23

SNOWFALL
(INCHES)
 YESTERDAY         0.0            0.0  2015    0.0     0.0    0.0
 MONTH TO DATE     0.0                         0.0     0.0    0.0
 SINCE JUN 1       0.0                         0.0     0.0    0.0
 SINCE JUL 1       0.0                         0.0     0.0    0.0
 SNOW DEPTH (IN)     0                                          0

DEGREE DAYS
 HEATING
  YESTERDAY         14                          17      -3     12
  MONTH TO DATE    438                         502     -64    405
  SINCE JUN 1     1058                        1181    -123   1033
  SINCE JUL 1      438                         502     -64    405

 COOLING
  YESTERDAY          0                           0       0      0
  MONTH TO DATE      0                           0       0      0
  SINCE JUN 1        0                           0       0      0
  SINCE JAN 1        0                           0       0      0
...................................................................

WIND (MPH)
 HIGHEST WIND SPEED    10     HIGHEST WIND DIRECTION    350
 HIGHEST GUST SPEED    12     HIGHEST GUST DIRECTION     10
 AVERAGE WIND SPEED   5.8

SKY COVER
  POSSIBLE SUNSHINE    MM          AVERAGE SKY COVER     MM

WEATHER CONDITIONS
 THE FOLLOWING WEATHER WAS RECORDED YESTERDAY.
FOG
DENSE FOG


RELATIVE HUMIDITY
 HIGHEST RH     MM PERCENT       MM
 LOWEST  RH     MM PERCENT       MM
 AVERAGE RH     MM PERCENT       MM
...................................................................

THE ST PAUL CLIMATE NORMALS FOR TODAY
                           NORMAL    RECORD   YEAR
 MAXIMUM TEMPERATURE (F)     52        59     1992
 MINIMUM TEMPERATURE (F)     45        38     2002

SUNRISE AND SUNSET
 JUL 29 2015..........SUNRISE  7:14 AM      SUNSET 11:41 PM
 JUL 30 2015..........SUNRISE  7:15 AM      SUNSET 11:39 PM

-  INDICATES NEGATIVE NUMBERS.
R  INDICATES RECORD HAS BEEN SET OR TIED.
MM INDICATES DATA IS MISSING.
T  INDICATES TRACE OF PRECIPITATION.

&&
-------------------------------------------------------------------

AMOUNT OF DAYLIGHT TODAY  (HOUR:MIN)........16 HOURS 27 MINUTES
GAIN/LOSS SINCE YESTERDAY (HOUR:MIN:SEC)....-0:03:57

$$
WIW JUL 15
