000
CDAK48 PASN 022312
CLISNP

CLIMATE REPORT
NATIONAL WEATHER SERVICE ST PAUL, AK
312 PM AKDT TUE SEP 2 2014

...................................
...THE ST PAUL AIRPORT CLIMATE SUMMARY FOR SEPTEMBER 2 2014...
VALID TODAY AS OF 2:00 PM LOCAL TIME

CLIMATE NORMAL PERIOD  1981 TO  2010
CLIMATE RECORD PERIOD  1892 TO  2014

WEATHER ITEM   OBSERVED TIME    RECORD YEAR NORMAL DEPARTURE LAST
               VALUE    (LST)   VALUE       VALUE  FROM      YEAR
                                                   NORMAL
...................................................................
TEMPERATURE
TODAY
 MAXIMUM            58  0207 PM    59  1977     52       6     53
 MINIMUM            51  0951 AM    30  1963     45       6     46
 AVERAGE            55                          48       7     50

PRECIPITATION
(INCHES)
 TODAY            0.00           0.81  2012   0.10   -0.10      T
 MONTH TO DATE       T                        0.21   -0.21   0.45
 SINCE SEP 1      0.00                        0.21   -0.21   0.45
 SINCE JAN 1     13.23                       12.64    0.59  14.48

SNOWFALL
(INCHES)
 TODAY             0.0            0.0  2014    0.0     0.0    0.0
 MONTH TO DATE     0.0                         0.0     0.0    0.0
 SINCE SEP 1       0.0                         0.0     0.0    0.0
 SINCE JUL 1       0.0                         0.0     0.0    0.0
 SNOW DEPTH (IN)     0                                          0

DEGREE DAYS
 HEATING
  TODAY             10                          17      -7     15
  MONTH TO DATE     21                          34     -13     32
  SINCE SEP 1       21                          34     -13     32
  SINCE JUL 1      838                        1086    -248   1075

 COOLING
  TODAY              0                           0       0      0
  MONTH TO DATE      0                           0       0      0
  SINCE SEP 1        0                           0       0      0
  SINCE JAN 1        0                           0       0      0
...................................................................

WIND (MPH)
 HIGHEST WIND SPEED    18     HIGHEST WIND DIRECTION    270
 HIGHEST GUST SPEED    23     HIGHEST GUST DIRECTION    280
 AVERAGE WIND SPEED    MM

SKY COVER
  POSSIBLE SUNSHINE  MM            AVERAGE SKY COVER MM

WEATHER CONDITIONS
 THE FOLLOWING WEATHER WAS RECORDED TODAY.
FOG


RELATIVE HUMIDITY
 HIGHEST RH     MM PERCENT       MM
 LOWEST  RH     MM PERCENT       MM
 AVERAGE RH     MM PERCENT       MM
...................................................................

THE ST PAUL CLIMATE NORMALS FOR TOMORROW
                        NORMAL    RECORD   YEAR
 MAXIMUM TEMPERATURE      52        58     1979
 MINIMUM TEMPERATURE      44        30     1962

SUNRISE AND SUNSET
 SEP 2 2014..........SUNRISE  8:26 AM      SUNSET 10:15 PM
 SEP 3 2014..........SUNRISE  8:28 AM      SUNSET 10:12 PM

-  INDICATES NEGATIVE NUMBERS.
R  INDICATES RECORD HAS BEEN SET OR TIED.
MM INDICATES DATA IS MISSING.
T  INDICATES TRACE OF PRECIPITATION.

&&
-------------------------------------------------------------------

AMOUNT OF DAYLIGHT TODAY  (HOUR:MIN)........13 HOURS 49 MINUTES
GAIN/LOSS SINCE YESTERDAY (HOUR:MIN:SEC)....-0:04:45

$$
HLC SEP 14
