443
CDAK48 PASN 141204
CLISNP

CLIMATE REPORT
NATIONAL WEATHER SERVICE ST PAUL, AK
304 AM AKST SUN FEB 14 2016

...................................
...THE ST PAUL AIRPORT CLIMATE SUMMARY FOR FEBRUARY 13 2016...

CLIMATE NORMAL PERIOD  1981 TO  2010
CLIMATE RECORD PERIOD  1892 TO  2016

WEATHER ITEM   OBSERVED TIME    RECORD YEAR NORMAL DEPARTURE LAST
               VALUE    (LST)   VALUE       VALUE  FROM      YEAR
                                                   NORMAL
...................................................................
TEMPERATURE
YESTERDAY
 MAXIMUM            36  0452 PM    39  1989     29       7     33
 MINIMUM            30  0650 AM    -9  1972     20      10     19
 AVERAGE            33                          24       9     26

PRECIPITATION
(INCHES)
 YESTERDAY        0.01           0.60  1893   0.05   -0.04   0.02
 MONTH TO DATE    0.31                        0.65   -0.34   0.05
 SINCE DEC 1      6.55                        4.48    2.07   4.21
 SINCE JAN 1      1.92                        2.23   -0.31   1.25

SNOWFALL
(INCHES)
 YESTERDAY         0.4            3.7  2002    0.4     0.0    0.6
 MONTH TO DATE     3.0                         4.9    -1.9    2.0
 SINCE DEC 1      27.1                        29.6    -2.5   20.5
 SINCE JUL 1      39.1                        39.9    -0.8   21.2
 SNOW DEPTH (IN)     T                                          4

DEGREE DAYS
 HEATING
  YESTERDAY         32                          41      -9     39
  MONTH TO DATE    405                         533    -128    530
  SINCE DEC 1     2478                        2892    -414   2566
  SINCE JUL 1     5508                        6312    -804   5471

 COOLING
  YESTERDAY          0                           0       0      0
  MONTH TO DATE      0                           0       0      0
  SINCE DEC 1        0                           0       0      0
  SINCE JAN 1        0                           0       0      0
...................................................................

WIND (MPH)
 HIGHEST WIND SPEED    25     HIGHEST WIND DIRECTION     40
 HIGHEST GUST SPEED    32     HIGHEST GUST DIRECTION     40
 AVERAGE WIND SPEED  17.9

SKY COVER
  POSSIBLE SUNSHINE    MM          AVERAGE SKY COVER     MM

WEATHER CONDITIONS
 THE FOLLOWING WEATHER WAS RECORDED YESTERDAY.
  FOG
  DRIZZLE
  RAIN
  SNOW


RELATIVE HUMIDITY
 HIGHEST RH     MM PERCENT       MM
 LOWEST  RH     MM PERCENT       MM
 AVERAGE RH     MM PERCENT       MM
...................................................................

THE ST PAUL CLIMATE NORMALS FOR TODAY
                           NORMAL    RECORD   YEAR
 MAXIMUM TEMPERATURE (F)     29        40     1986
 MINIMUM TEMPERATURE (F)     20        -7     1991

SUNRISE AND SUNSET
 FEB 14 2016..........SUNRISE  9:53 AM      SUNSET  7:19 PM
 FEB 15 2016..........SUNRISE  9:50 AM      SUNSET  7:22 PM

-  INDICATES NEGATIVE NUMBERS.
R  INDICATES RECORD HAS BEEN SET OR TIED.
MM INDICATES DATA IS MISSING.
T  INDICATES TRACE OF PRECIPITATION.

&&
-------------------------------------------------------------------

AMOUNT OF DAYLIGHT TODAY  (HOUR:MIN)........9 HOURS 26 MINUTES
GAIN/LOSS SINCE YESTERDAY (HOUR:MIN:SEC)....+0:04:40

$$
SAH FEB 16
