411
CDAK48 PASN 281146
CLISNP

CLIMATE REPORT
NATIONAL WEATHER SERVICE ST PAUL, AK
346 AM AKDT SUN AUG 28 2016

...................................
...THE ST PAUL AIRPORT CLIMATE SUMMARY FOR AUGUST 27 2016...

CLIMATE NORMAL PERIOD  1981 TO  2010
CLIMATE RECORD PERIOD  1892 TO  2016

WEATHER ITEM   OBSERVED TIME    RECORD YEAR NORMAL DEPARTURE LAST
               VALUE    (LST)   VALUE       VALUE  FROM      YEAR
                                                   NORMAL
...................................................................
TEMPERATURE
YESTERDAY
 MAXIMUM            56  0210 PM    63  1977     52       4     58
 MINIMUM            50  0514 AM    36  1956     45       5     49
 AVERAGE            53                          49       4     54

PRECIPITATION
(INCHES)
 YESTERDAY        0.01           0.69  1953   0.11   -0.10   0.01
 MONTH TO DATE    2.82                        2.64    0.18   1.09
 SINCE JUN 1      5.29                        5.84   -0.55   3.85
 SINCE JAN 1     11.21                       12.00   -0.79  10.13

SNOWFALL
(INCHES)
 YESTERDAY         0.0            0.0  2016    0.0     0.0    0.0
 MONTH TO DATE     0.0                         0.0     0.0    0.0
 SINCE JUN 1       0.0                         0.0     0.0    0.0
 SINCE JUL 1       0.0                         0.0     0.0    0.0
 SNOW DEPTH (IN)     0                                          0

DEGREE DAYS
 HEATING
  YESTERDAY         12                          16      -4     11
  MONTH TO DATE    330                         433    -103    371
  SINCE JUN 1     1254                        1665    -411   1469
  SINCE JUL 1      722                         986    -264    849

 COOLING
  YESTERDAY          0                           0       0      0
  MONTH TO DATE      0                           0       0      0
  SINCE JUN 1        0                           0       0      0
  SINCE JAN 1        0                           0       0      0
...................................................................

WIND (MPH)
 HIGHEST WIND SPEED    15     HIGHEST WIND DIRECTION    110
 HIGHEST GUST SPEED    20     HIGHEST GUST DIRECTION    120
 AVERAGE WIND SPEED  10.0

SKY COVER
  POSSIBLE SUNSHINE    MM          AVERAGE SKY COVER     MM

WEATHER CONDITIONS
 THE FOLLOWING WEATHER WAS RECORDED YESTERDAY.
  FOG
  RAIN


RELATIVE HUMIDITY
 HIGHEST RH     MM PERCENT       MM
 LOWEST  RH     MM PERCENT       MM
 AVERAGE RH     MM PERCENT       MM
...................................................................

THE ST PAUL CLIMATE NORMALS FOR TODAY
                           NORMAL    RECORD   YEAR
 MAXIMUM TEMPERATURE (F)     52        59     2014
 MINIMUM TEMPERATURE (F)     45        32     2008

SUNRISE AND SUNSET
 AUG 28 2016..........SUNRISE  8:17 AM      SUNSET 10:27 PM
 AUG 29 2016..........SUNRISE  8:19 AM      SUNSET 10:24 PM

-  INDICATES NEGATIVE NUMBERS.
R  INDICATES RECORD HAS BEEN SET OR TIED.
MM INDICATES DATA IS MISSING.
T  INDICATES TRACE OF PRECIPITATION.

&&
-------------------------------------------------------------------

AMOUNT OF DAYLIGHT TODAY  (HOUR:MIN)........14 HOURS 10 MINUTES
GAIN/LOSS SINCE YESTERDAY (HOUR:MIN:SEC)....-0:04:43

$$
WIW AUG 16
