955
CDAK48 PAFC 291333 RRA
CLISNP

CLIMATE REPORT
NATIONAL WEATHER SERVICE ANCHORAGE, AK
518 AM AKDT WED MAR 29 2017


...................................

...THE SAINT PAUL ISLAND CLIMATE SUMMARY FOR MARCH 28 2017...

CLIMATE NORMAL PERIOD 1981 TO 2010
CLIMATE RECORD PERIOD 1892 TO 2017


WEATHER ITEM   OBSERVED TIME   RECORD YEAR NORMAL DEPARTURE LAST
                VALUE   (LST)  VALUE       VALUE  FROM      YEAR
                                                  NORMAL
..................................................................
TEMPERATURE (F)
 YESTERDAY
  MAXIMUM         28    427 PM  41    1979  30     -2       29
  MINIMUM         12   1137 PM  -3    1976  21     -9       26
  AVERAGE         20                        26     -6       28

PRECIPITATION (IN)
  YESTERDAY        0.00          0.45 1972   0.04  -0.04     0.00
  MONTH TO DATE    0.10                      0.97  -0.87     1.00
  SINCE MAR 1      0.10                      0.97  -0.87     1.00
  SINCE JAN 1      3.19                      3.85  -0.66     3.76

SNOWFALL (IN)
  YESTERDAY        0.0          MM      MM   0.2   -0.2      0.0
  MONTH TO DATE    0.4                       7.2   -6.8      0.0
  SINCE MAR 1      0.4                       7.2   -6.8      0.0
  SINCE JUL 1     48.6                      52.2   -3.6     23.7
  SNOW DEPTH       0

DEGREE DAYS
 HEATING
  YESTERDAY       45                        40      5       37
  MONTH TO DATE 1068                      1120    -52      838
  SINCE MAR 1   1068                      1120    -52      838
  SINCE JUL 1   6943                      8037  -1094     6023

 COOLING
  YESTERDAY        0                         0      0        0
  MONTH TO DATE    0                         0      0        0
  SINCE MAR 1      0                         0      0        0
  SINCE JAN 1      0                         0      0        0
..................................................................


WIND (MPH)
  RESULTANT WIND SPEED  11   RESULTANT WIND DIRECTION  NE (40)
  HIGHEST WIND SPEED    17   HIGHEST WIND DIRECTION    NE (60)
  HIGHEST GUST SPEED    22   HIGHEST GUST DIRECTION    NE (50)
  AVERAGE WIND SPEED    10.7



WEATHER CONDITIONS
 THE FOLLOWING WEATHER WAS RECORDED YESTERDAY.
  HAZE


..........................................................


THE SAINT PAUL ISLAND CLIMATE NORMALS FOR TODAY
                         NORMAL    RECORD    YEAR
 MAXIMUM TEMPERATURE (F)   30        42      1996
                                             1894
 MINIMUM TEMPERATURE (F)   21        -7      1953


SUNRISE AND SUNSET
MARCH 29 2017.........SUNRISE   857 AM AKDT  SUNSET   955 PM AKDT
MARCH 30 2017.........SUNRISE   854 AM AKDT  SUNSET   958 PM AKDT

CIVIL TWILIGHT
MARCH 29 2017           START    818 AM GMT     END   1035 PM GMT
MARCH 30 2017           START    815 AM GMT     END   1038 PM GMT



-  INDICATES NEGATIVE NUMBERS.
R  INDICATES RECORD WAS SET OR TIED.
MM INDICATES DATA IS MISSING.
T  INDICATES TRACE AMOUNT.




$$
&&
------------------------------------------------------
AMOUNT OF DAYLIGHT TODAY  (HOUR:MIN)........12:58
GAIN/LOSS SINCE YESTERDAY (HOUR:MIN:SEC)....+0:04:53

$$
