000
CDAK48 PASN 291128
CLISNP

CLIMATE REPORT
NATIONAL WEATHER SERVICE ST PAUL, AK
328 AM AKDT TUE JUL 29 2014

...................................
...THE ST PAUL AIRPORT CLIMATE SUMMARY FOR JULY 28 2014...

CLIMATE NORMAL PERIOD  1981 TO  2010
CLIMATE RECORD PERIOD  1949 TO  2014

WEATHER ITEM   OBSERVED TIME    RECORD YEAR NORMAL DEPARTURE LAST
               VALUE    (LST)   VALUE       VALUE  FROM      YEAR
                                                   NORMAL
...................................................................
TEMPERATURE
YESTERDAY
 MAXIMUM            59  0416 PM    63  1992     52       7     52
 MINIMUM            46  1159 PM    39  1972     45       1     46
 AVERAGE            53                          48       5     49

PRECIPITATION
(INCHES)
 YESTERDAY        0.00           0.70  1961   0.07   -0.07   0.01
 MONTH TO DATE    1.07                        1.63   -0.56   1.41
 SINCE JUN 1      2.09                        2.98   -0.89   2.96
 SINCE JAN 1      9.23                        9.14    0.09  10.14

SNOWFALL
(INCHES)
 YESTERDAY         0.0            0.0  2014    0.0     0.0    0.0
 MONTH TO DATE     0.0                         0.0     0.0    0.0
 SINCE JUN 1       0.0                         0.0     0.0    0.0
 SINCE JUL 1       0.0                         0.0     0.0    0.0
 SNOW DEPTH (IN)     0                                          0

DEGREE DAYS
 HEATING
  YESTERDAY         12                          17      -5     16
  MONTH TO DATE    405                         502     -97    510
  SINCE JUN 1     1033                        1181    -148   1220
  SINCE JUL 1      405                         502     -97    510

 COOLING
  YESTERDAY          0                           0       0      0
  MONTH TO DATE      0                           0       0      0
  SINCE JUN 1        0                           0       0      0
  SINCE JAN 1        0                           0       0      0
...................................................................

WIND (MPH)
 HIGHEST WIND SPEED    10     HIGHEST WIND DIRECTION    360
 HIGHEST GUST SPEED    16     HIGHEST GUST DIRECTION     10
 AVERAGE WIND SPEED   5.9

SKY COVER
  POSSIBLE SUNSHINE    MM          AVERAGE SKY COVER     MM

WEATHER CONDITIONS
 THE FOLLOWING WEATHER WAS RECORDED YESTERDAY.
 DENSE FOG

RELATIVE HUMIDITY
 HIGHEST RH     MM PERCENT       MM
 LOWEST  RH     MM PERCENT       MM
 AVERAGE RH     MM PERCENT       MM
...................................................................

THE ST PAUL CLIMATE NORMALS FOR TODAY
                           NORMAL    RECORD   YEAR
 MAXIMUM TEMPERATURE (F)     52        59     1992
 MINIMUM TEMPERATURE (F)     45        38     2002

SUNRISE AND SUNSET
 JUL 29 2014..........SUNRISE  7:14 AM      SUNSET 11:40 PM
 JUL 30 2014..........SUNRISE  7:16 AM      SUNSET 11:38 PM

-  INDICATES NEGATIVE NUMBERS.
R  INDICATES RECORD HAS BEEN SET OR TIED.
MM INDICATES DATA IS MISSING.
T  INDICATES TRACE OF PRECIPITATION.

&&
-------------------------------------------------------------------

AMOUNT OF DAYLIGHT TODAY  (HOUR:MIN)........16 HOURS 26 MINUTES
GAIN/LOSS SINCE YESTERDAY (HOUR:MIN:SEC)....-0:03:57

$$
HCH JUL 14
