000
CDAK48 PASN 231203
CLISNP

CLIMATE REPORT
NATIONAL WEATHER SERVICE ST PAUL, AK
404 AM AKDT SAT MAY 23 2015

...................................
...THE ST PAUL AIRPORT CLIMATE SUMMARY FOR MAY 22 2015...

CLIMATE NORMAL PERIOD  1981 TO  2010
CLIMATE RECORD PERIOD  1892 TO  2015

WEATHER ITEM   OBSERVED TIME    RECORD YEAR NORMAL DEPARTURE LAST
               VALUE    (LST)   VALUE       VALUE  FROM      YEAR
                                                   NORMAL
...................................................................
TEMPERATURE
YESTERDAY
 MAXIMUM            45  0340 PM    49  1979     42       3     40
 MINIMUM            40  1159 PM    22  1984     33       7     32
 AVERAGE            43                          37       6     36

PRECIPITATION
(INCHES)
 YESTERDAY        0.08           0.28  1957   0.04    0.04   0.00
 MONTH TO DATE    1.53                        0.80    0.73   0.15
 SINCE MAR 1      3.46                        2.95    0.51   2.25
 SINCE JAN 1      5.78                        5.83   -0.05   6.58

SNOWFALL
(INCHES)
 YESTERDAY         0.0            0.4  1964    0.0     0.0    0.0
 MONTH TO DATE     0.3                         1.0    -0.7      T
 SINCE MAR 1      18.9                        14.7     4.2    9.4
 SINCE JUL 1      48.6                        59.7   -11.1   43.7
 SNOW DEPTH (IN)     0                                          0

DEGREE DAYS
 HEATING
  YESTERDAY         22                          28      -6     29
  MONTH TO DATE    577                         654     -77    577
  SINCE MAR 1     2806                        2962    -156   2749
  SINCE JUL 1     8763                        9881   -1118   9195

 COOLING
  YESTERDAY          0                           0       0      0
  MONTH TO DATE      0                           0       0      0
  SINCE MAR 1        0                           0       0      0
  SINCE JAN 1        0                           0       0      0
...................................................................

WIND (MPH)
 HIGHEST WIND SPEED    31     HIGHEST WIND DIRECTION    140
 HIGHEST GUST SPEED    37     HIGHEST GUST DIRECTION    140
 AVERAGE WIND SPEED  23.1

SKY COVER
  POSSIBLE SUNSHINE    MM          AVERAGE SKY COVER     MM

WEATHER CONDITIONS
 THE FOLLOWING WEATHER WAS RECORDED YESTERDAY.
  FOG
  RAIN


RELATIVE HUMIDITY
 HIGHEST RH     MM PERCENT       MM
 LOWEST  RH     MM PERCENT       MM
 AVERAGE RH     MM PERCENT       MM
...................................................................

THE ST PAUL CLIMATE NORMALS FOR TODAY
                           NORMAL    RECORD   YEAR
 MAXIMUM TEMPERATURE (F)     42        51     2009
 MINIMUM TEMPERATURE (F)     33        24     1966

SUNRISE AND SUNSET
 MAY 23 2015..........SUNRISE  6:48 AM      SUNSET 11:50 PM
 MAY 24 2015..........SUNRISE  6:46 AM      SUNSET 11:52 PM

-  INDICATES NEGATIVE NUMBERS.
R  INDICATES RECORD HAS BEEN SET OR TIED.
MM INDICATES DATA IS MISSING.
T  INDICATES TRACE OF PRECIPITATION.

&&
-------------------------------------------------------------------

AMOUNT OF DAYLIGHT TODAY  (HOUR:MIN)........17 HOURS 2 MINUTES
GAIN/LOSS SINCE YESTERDAY (HOUR:MIN:SEC)....+0:03:26

$$
SAH MAY 15
