000
CDUS46 KMTR 160825
CLISNS


CLIMATE REPORT
NATIONAL WEATHER SERVICE SAN FRANCISCO BAY AREA
1225 AM PST SAT DEC 16 2017


...................................

...THE SALINAS AIRPORT CLIMATE SUMMARY FOR DECEMBER 15 2017...

CLIMATE NORMAL PERIOD 1981 TO 2010
CLIMATE RECORD PERIOD 1930 TO 2017


WEATHER ITEM   OBSERVED TIME   RECORD YEAR NORMAL DEPARTURE LAST
                VALUE   (LST)  VALUE       VALUE  FROM      YEAR
                                                  NORMAL
..................................................................
TEMPERATURE (F)
 YESTERDAY
  MAXIMUM         68    139 PM  77    1942  61      7       59
  MINIMUM         41    733 AM  26    1935  41      0       52
  AVERAGE         55                        51      4       56

PRECIPITATION (IN)
  YESTERDAY        0.00          0.94 1962   0.06  -0.06     0.74
  MONTH TO DATE    T                         0.84  -0.84     1.18
  SINCE OCT 1      0.75                      2.82  -2.07     3.74
  SINCE JAN 1     13.24                     11.74   1.50    12.31

DEGREE DAYS
 HEATING
  YESTERDAY       10                        14     -4        9
  MONTH TO DATE  141                       204    -63      179
  SINCE DEC 1    141                       204    -63      179
  SINCE JUL 1    577                       822   -245      749

 COOLING
  YESTERDAY        0                         0      0        0
  MONTH TO DATE    0                         0      0        0
  SINCE DEC 1      0                         0      0        0
  SINCE JAN 1    283                       130    153      113
..................................................................


WIND (MPH)
  RESULTANT WIND SPEED   3   RESULTANT WIND DIRECTION  SE (120)
  HIGHEST WIND SPEED    18   HIGHEST WIND DIRECTION     E (100)
  HIGHEST GUST SPEED    22   HIGHEST GUST DIRECTION     E (110)
  AVERAGE WIND SPEED     9.2


SKY COVER
  POSSIBLE SUNSHINE  MM
  AVERAGE SKY COVER 0.1


WEATHER CONDITIONS
 THE FOLLOWING WEATHER WAS RECORDED YESTERDAY.
  HAZE


RELATIVE HUMIDITY (PERCENT)
 HIGHEST    86          1000 PM
 LOWEST     22           100 PM
 AVERAGE    54

..........................................................


THE SALINAS AIRPORT CLIMATE NORMALS FOR TODAY
                         NORMAL    RECORD    YEAR
 MAXIMUM TEMPERATURE (F)   61        84      1980
 MINIMUM TEMPERATURE (F)   41        29      1965


SUNRISE AND SUNSET
DECEMBER 16 2017......SUNRISE   712 AM PST   SUNSET   452 PM PST
DECEMBER 17 2017......SUNRISE   713 AM PST   SUNSET   453 PM PST


-  INDICATES NEGATIVE NUMBERS.
R  INDICATES RECORD WAS SET OR TIED.
MM INDICATES DATA IS MISSING.
T  INDICATES TRACE AMOUNT.




$$
