000
CDUS46 KMTR 190028
CLISNS


CLIMATE REPORT
NATIONAL WEATHER SERVICE SAN FRANCISCO BAY AREA
528 PM PDT FRI APR 18 2014


...................................

...THE SALINAS AIRPORT CLIMATE SUMMARY FOR APRIL 18 2014...
VALID TODAY AS OF 0500 PM LOCAL TIME.

CLIMATE NORMAL PERIOD 1981 TO 2010
CLIMATE RECORD PERIOD 1930 TO 2014


WEATHER ITEM   OBSERVED TIME   RECORD YEAR NORMAL DEPARTURE LAST
                VALUE   (LST)  VALUE       VALUE  FROM      YEAR
                                                  NORMAL
..................................................................
TEMPERATURE (F)
 TODAY
  MAXIMUM         64   1040 AM  84    1950  67     -3       72
  MINIMUM         53    630 AM  31    1933  46      7       40
  AVERAGE         59                        57      2       56

PRECIPITATION (IN)
  TODAY            0.00          0.72 1981   0.03  -0.03     0.00
  MONTH TO DATE    0.37                      0.66  -0.29     0.27
  SINCE JUL 1      5.66                     12.12  -6.46     8.92
  SINCE JAN 1      4.72                      8.01  -3.29     2.28

DEGREE DAYS
 HEATING
  TODAY            6                         8     -2        9
  MONTH TO DATE  115                       162    -47      142
  SINCE MAR 1    313                       482   -169      422
  SINCE JUL 1   1745                      2296   -551     2177

 COOLING
  TODAY            0                         0      0        0
  MONTH TO DATE    3                         0      3        0
  SINCE MAR 1      4                         1      3        0
  SINCE JAN 1      6                         1      5        0
..................................................................


WIND (MPH)
  RESULTANT WIND SPEED   9   RESULTANT WIND DIRECTION   W (250)
  HIGHEST WIND SPEED    20   HIGHEST WIND DIRECTION     W (250)
  HIGHEST GUST SPEED    25   HIGHEST GUST DIRECTION     W (280)
  AVERAGE WIND SPEED    10.9


SKY COVER
  POSSIBLE SUNSHINE  MM
  AVERAGE SKY COVER 0.6


WEATHER CONDITIONS
 THE FOLLOWING WEATHER WAS RECORDED TODAY.
  NO SIGNIFICANT WEATHER WAS OBSERVED.


RELATIVE HUMIDITY (PERCENT)
 HIGHEST    83          1200 AM
 LOWEST     60          1100 AM
 AVERAGE    72

..........................................................


THE SALINAS AIRPORT CLIMATE NORMALS FOR TOMORROW
                         NORMAL    RECORD    YEAR
 MAXIMUM TEMPERATURE (F)   67        96      2009
 MINIMUM TEMPERATURE (F)   47        37      1977


SUNRISE AND SUNSET
APRIL 18 2014.........SUNRISE   528 AM PST   SUNSET   644 PM PST
APRIL 19 2014.........SUNRISE   527 AM PST   SUNSET   644 PM PST


-  INDICATES NEGATIVE NUMBERS.
R  INDICATES RECORD WAS SET OR TIED.
MM INDICATES DATA IS MISSING.
T  INDICATES TRACE AMOUNT.




$$
