000
CDUS46 KMTR 160025
CLISNS


CLIMATE REPORT
NATIONAL WEATHER SERVICE SAN FRANCISCO BAY AREA
525 PM PDT TUE AUG 15 2017


...................................

...THE SALINAS AIRPORT CLIMATE SUMMARY FOR AUGUST 15 2017...
VALID TODAY AS OF 0500 PM LOCAL TIME.

CLIMATE NORMAL PERIOD 1981 TO 2010
CLIMATE RECORD PERIOD 1930 TO 2017


WEATHER ITEM   OBSERVED TIME   RECORD YEAR NORMAL DEPARTURE LAST
                VALUE   (LST)  VALUE       VALUE  FROM      YEAR
                                                  NORMAL
..................................................................
TEMPERATURE (F)
 TODAY
  MAXIMUM         70    157 PM  93    2015  72     -2       69
                                      1950
  MINIMUM         60    528 AM  44    1937  56      4       54
  AVERAGE         65                        64      1       62

PRECIPITATION (IN)
  TODAY            T             0.09 1976   0.00   0.00     0.00
  MONTH TO DATE    T                         0.02  -0.02      T
  SINCE OCT 1     16.45                     12.65   3.80    13.47
  SINCE JAN 1     12.45                      8.74   3.71     8.57

DEGREE DAYS
 HEATING
  TODAY            0                         2     -2        3
  MONTH TO DATE    9                        30    -21       37
  SINCE JUN 1    151                       221    -70      205
  SINCE JUL 1     81                       108    -27      129

 COOLING
  TODAY            0                         1     -1        0
  MONTH TO DATE   25                        12     13        0
  SINCE JUN 1     44                        42      2        8
  SINCE JAN 1     62                        58      4       31
..................................................................


WIND (MPH)
  RESULTANT WIND SPEED   8   RESULTANT WIND DIRECTION   W (250)
  HIGHEST WIND SPEED    17   HIGHEST WIND DIRECTION     W (290)
  HIGHEST GUST SPEED    22   HIGHEST GUST DIRECTION     W (280)
  AVERAGE WIND SPEED     8.9


SKY COVER
  POSSIBLE SUNSHINE  MM
  AVERAGE SKY COVER 0.8


WEATHER CONDITIONS
 THE FOLLOWING WEATHER WAS RECORDED TODAY.
  LIGHT RAIN


RELATIVE HUMIDITY (PERCENT)
 HIGHEST    84          1200 AM
 LOWEST     57           200 PM
 AVERAGE    71

..........................................................


THE SALINAS AIRPORT CLIMATE NORMALS FOR TOMORROW
                         NORMAL    RECORD    YEAR
 MAXIMUM TEMPERATURE (F)   72        94      1933
 MINIMUM TEMPERATURE (F)   56        44      1937


SUNRISE AND SUNSET
AUGUST 15 2017........SUNRISE   624 AM PDT   SUNSET   757 PM PDT
AUGUST 16 2017........SUNRISE   625 AM PDT   SUNSET   756 PM PDT


-  INDICATES NEGATIVE NUMBERS.
R  INDICATES RECORD WAS SET OR TIED.
MM INDICATES DATA IS MISSING.
T  INDICATES TRACE AMOUNT.




$$
