000
CDUS46 KMTR 230826
CLISNS


CLIMATE REPORT
NATIONAL WEATHER SERVICE SAN FRANCISCO BAY AREA
126 AM PDT TUE SEP 23 2014


...................................

...THE SALINAS AIRPORT CLIMATE SUMMARY FOR SEPTEMBER 22 2014...

CLIMATE NORMAL PERIOD 1981 TO 2010
CLIMATE RECORD PERIOD 1930 TO 2014


WEATHER ITEM   OBSERVED TIME   RECORD YEAR NORMAL DEPARTURE LAST
                VALUE   (LST)  VALUE       VALUE  FROM      YEAR
                                                  NORMAL
..................................................................
TEMPERATURE (F)
 YESTERDAY
  MAXIMUM         76   1212 PM 103    1949  74      2       70
  MINIMUM         61   1159 PM  40    1968  54      7       53
  AVERAGE         69                        64      5       62

PRECIPITATION (IN)
  YESTERDAY        0.00          0.19 1958   0.01  -0.01     0.00
  MONTH TO DATE    0.00                      0.10  -0.10     0.09
  SINCE JUL 1      0.01                      0.13  -0.12     0.11
  SINCE JAN 1      4.98                      8.85  -3.87     2.44

DEGREE DAYS
 HEATING
  YESTERDAY        0                         2     -2        3
  MONTH TO DATE    5                        44    -39        4
  SINCE SEP 1      5                        44    -39        4
  SINCE JUL 1     46                       179   -133      109

 COOLING
  YESTERDAY        4                         1      3        0
  MONTH TO DATE   39                        22     17       52
  SINCE SEP 1     39                        22     17       52
  SINCE JAN 1    172                        91     81      136
..................................................................


WIND (MPH)
  RESULTANT WIND SPEED   3   RESULTANT WIND DIRECTION   W (270)
  HIGHEST WIND SPEED    16   HIGHEST WIND DIRECTION     W (280)
  HIGHEST GUST SPEED    24   HIGHEST GUST DIRECTION     W (280)
  AVERAGE WIND SPEED     5.6


SKY COVER
  POSSIBLE SUNSHINE  MM
  AVERAGE SKY COVER 0.4


WEATHER CONDITIONS
 THE FOLLOWING WEATHER WAS RECORDED YESTERDAY.
  NO SIGNIFICANT WEATHER WAS OBSERVED.


RELATIVE HUMIDITY (PERCENT)
 HIGHEST    90           100 AM
 LOWEST     58          1200 PM
 AVERAGE    74

..........................................................


THE SALINAS AIRPORT CLIMATE NORMALS FOR TODAY
                         NORMAL    RECORD    YEAR
 MAXIMUM TEMPERATURE (F)   74        99      1978
 MINIMUM TEMPERATURE (F)   54        40      1941


SUNRISE AND SUNSET
SEPTEMBER 23 2014.....SUNRISE   555 AM PST   SUNSET   602 PM PST
SEPTEMBER 24 2014.....SUNRISE   556 AM PST   SUNSET   600 PM PST


-  INDICATES NEGATIVE NUMBERS.
R  INDICATES RECORD WAS SET OR TIED.
MM INDICATES DATA IS MISSING.
T  INDICATES TRACE AMOUNT.




$$
