000
CDUS46 KMTR 300845
CLISNS


CLIMATE REPORT
NATIONAL WEATHER SERVICE SAN FRANCISCO BAY AREA
145 AM PDT SUN AUG 30 2015


...................................

...THE SALINAS AIRPORT CLIMATE SUMMARY FOR AUGUST 29 2015...

CLIMATE NORMAL PERIOD 1981 TO 2010
CLIMATE RECORD PERIOD 1930 TO 2015


WEATHER ITEM   OBSERVED TIME   RECORD YEAR NORMAL DEPARTURE LAST
                VALUE   (LST)  VALUE       VALUE  FROM      YEAR
                                                  NORMAL
..................................................................
TEMPERATURE (F)
 YESTERDAY
  MAXIMUM         83   1144 AM  98    1968  73     10       78
  MINIMUM         62    528 AM  43    1945  56      6       59
  AVERAGE         73                        64      9       69

PRECIPITATION (IN)
  YESTERDAY        0.00          0.11 2000   0.00   0.00     0.00
  MONTH TO DATE    0.06                      0.03   0.03      T
  SINCE OCT 1      9.88                     12.66  -2.78     5.81
  SINCE JAN 1      1.89                      8.75  -6.86     4.98

DEGREE DAYS
 HEATING
  YESTERDAY        0                         2     -2        0
  MONTH TO DATE    1                        58    -57        3
  SINCE JUN 1     84                       249   -165      155
  SINCE JUL 1      3                       136   -133       41

 COOLING
  YESTERDAY        8                         1      7        4
  MONTH TO DATE  109                        26     83       34
  SINCE JUN 1    175                        56    119       77
  SINCE JAN 1    206                        72    134      127
..................................................................


WIND (MPH)
  RESULTANT WIND SPEED   7   RESULTANT WIND DIRECTION   W (280)
  HIGHEST WIND SPEED    20   HIGHEST WIND DIRECTION     W (260)
  HIGHEST GUST SPEED    25   HIGHEST GUST DIRECTION     W (260)
  AVERAGE WIND SPEED     7.2


SKY COVER
  POSSIBLE SUNSHINE  MM
  AVERAGE SKY COVER 0.3


WEATHER CONDITIONS
 THE FOLLOWING WEATHER WAS RECORDED YESTERDAY.
  FOG


RELATIVE HUMIDITY (PERCENT)
 HIGHEST    93          1200 AM
 LOWEST     54          1100 AM
 AVERAGE    74

..........................................................


THE SALINAS AIRPORT CLIMATE NORMALS FOR TODAY
                         NORMAL    RECORD    YEAR
 MAXIMUM TEMPERATURE (F)   73        87      1943
 MINIMUM TEMPERATURE (F)   56        43      1941


SUNRISE AND SUNSET
AUGUST 30 2015........SUNRISE   536 AM PST   SUNSET   638 PM PST
AUGUST 31 2015........SUNRISE   537 AM PST   SUNSET   636 PM PST


-  INDICATES NEGATIVE NUMBERS.
R  INDICATES RECORD WAS SET OR TIED.
MM INDICATES DATA IS MISSING.
T  INDICATES TRACE AMOUNT.




$$
