000
CDUS46 KMTR 030828
CLISNS


CLIMATE REPORT
NATIONAL WEATHER SERVICE SAN FRANCISCO BAY AREA
128 AM PDT FRI JUL 3 2015


...................................

...THE SALINAS AIRPORT CLIMATE SUMMARY FOR JULY 2 2015...

CLIMATE NORMAL PERIOD 1981 TO 2010
CLIMATE RECORD PERIOD 1930 TO 2015


WEATHER ITEM   OBSERVED TIME   RECORD YEAR NORMAL DEPARTURE LAST
                VALUE   (LST)  VALUE       VALUE  FROM      YEAR
                                                  NORMAL
..................................................................
TEMPERATURE (F)
 YESTERDAY
  MAXIMUM         75    152 PM  95    1970  71      4       67
  MINIMUM         56    314 AM  46    1931  54      2       57
  AVERAGE         66                        63      3       62

PRECIPITATION (IN)
  YESTERDAY        T             0.51 1980   0.00   0.00      T
  MONTH TO DATE    T                         0.00   0.00      T
  SINCE OCT 1      9.81                     12.63  -2.82     5.80
  SINCE JAN 1      1.82                      8.72  -6.90     4.97

DEGREE DAYS
 HEATING
  YESTERDAY        0                         3     -3        3
  MONTH TO DATE    0                         6     -6        7
  SINCE JUN 1     81                       119    -38      121
  SINCE JUL 1      0                         6     -6        7

 COOLING
  YESTERDAY        1                         1      0        0
  MONTH TO DATE    2                         2      0        0
  SINCE JUN 1     14                        14      0        0
  SINCE JAN 1     45                        30     15       50
..................................................................


WIND (MPH)
  RESULTANT WIND SPEED   8   RESULTANT WIND DIRECTION   W (290)
  HIGHEST WIND SPEED    18   HIGHEST WIND DIRECTION    NW (310)
  HIGHEST GUST SPEED    23   HIGHEST GUST DIRECTION    NW (320)
  AVERAGE WIND SPEED     7.7


SKY COVER
  POSSIBLE SUNSHINE  MM
  AVERAGE SKY COVER 0.7


WEATHER CONDITIONS
 THE FOLLOWING WEATHER WAS RECORDED YESTERDAY.
  FOG
  HAZE


RELATIVE HUMIDITY (PERCENT)
 HIGHEST    97           800 PM
 LOWEST     57          1200 PM
 AVERAGE    77

..........................................................


THE SALINAS AIRPORT CLIMATE NORMALS FOR TODAY
                         NORMAL    RECORD    YEAR
 MAXIMUM TEMPERATURE (F)   71        94      1931
 MINIMUM TEMPERATURE (F)   55        46      1969


SUNRISE AND SUNSET
JULY  3 2015..........SUNRISE   452 AM PST   SUNSET   729 PM PST
JULY  4 2015..........SUNRISE   453 AM PST   SUNSET   729 PM PST


-  INDICATES NEGATIVE NUMBERS.
R  INDICATES RECORD WAS SET OR TIED.
MM INDICATES DATA IS MISSING.
T  INDICATES TRACE AMOUNT.




$$
