000
CDUS46 KMTR 090845
CLISNS


CLIMATE REPORT
NATIONAL WEATHER SERVICE SAN FRANCISCO BAY AREA
1245 AM PST FRI DEC 9 2016


...................................

...THE SALINAS AIRPORT CLIMATE SUMMARY FOR DECEMBER 8 2016...

CLIMATE NORMAL PERIOD 1981 TO 2010
CLIMATE RECORD PERIOD 1930 TO 2016


WEATHER ITEM   OBSERVED TIME   RECORD YEAR NORMAL DEPARTURE LAST
                VALUE   (LST)  VALUE       VALUE  FROM      YEAR
                                                  NORMAL
..................................................................
TEMPERATURE (F)
 YESTERDAY
  MAXIMUM         61    248 PM  80    1975  62     -1       65
  MINIMUM         48    459 AM  28    1956  41      7       44
  AVERAGE         55                        51      4       55

PRECIPITATION (IN)
  YESTERDAY        0.20          0.50 1955   0.06   0.14     0.00
  MONTH TO DATE    0.20                      0.44  -0.24      T
  SINCE OCT 1      2.76                      2.42   0.34     2.94
  SINCE JAN 1     11.33                     11.34  -0.01     5.05

DEGREE DAYS
 HEATING
  YESTERDAY       10                        14     -4       10
  MONTH TO DATE  120                       106     14       95
  SINCE DEC 1    120                       106     14       95
  SINCE JUL 1    690                       724    -34      455

 COOLING
  YESTERDAY        0                         0      0        0
  MONTH TO DATE    0                         0      0        0
  SINCE DEC 1      0                         0      0        0
  SINCE JAN 1    113                       130    -17      386
..................................................................


WIND (MPH)
  RESULTANT WIND SPEED  17   RESULTANT WIND DIRECTION  SE (120)
  HIGHEST WIND SPEED    29   HIGHEST WIND DIRECTION     E (110)
  HIGHEST GUST SPEED    34   HIGHEST GUST DIRECTION     E (110)
  AVERAGE WIND SPEED    16.9


SKY COVER
  POSSIBLE SUNSHINE  MM
  AVERAGE SKY COVER 1.0


WEATHER CONDITIONS
 THE FOLLOWING WEATHER WAS RECORDED YESTERDAY.
  FOG
  HAZE


RELATIVE HUMIDITY (PERCENT)
 HIGHEST    93           500 PM
 LOWEST     77           400 AM
 AVERAGE    85

..........................................................


THE SALINAS AIRPORT CLIMATE NORMALS FOR TODAY
                         NORMAL    RECORD    YEAR
 MAXIMUM TEMPERATURE (F)   61        80      1957
 MINIMUM TEMPERATURE (F)   41        25      1972


SUNRISE AND SUNSET
DECEMBER  9 2016......SUNRISE   708 AM PST   SUNSET   450 PM PST
DECEMBER 10 2016......SUNRISE   708 AM PST   SUNSET   451 PM PST


-  INDICATES NEGATIVE NUMBERS.
R  INDICATES RECORD WAS SET OR TIED.
MM INDICATES DATA IS MISSING.
T  INDICATES TRACE AMOUNT.




$$
