000
CDUS46 KMTR 280038
CLISNS


CLIMATE REPORT
NATIONAL WEATHER SERVICE SAN FRANCISCO BAY AREA
537 PM PDT TUE JUN 27 2017


...................................

...THE SALINAS AIRPORT CLIMATE SUMMARY FOR JUNE 27 2017...
VALID TODAY AS OF 0500 PM LOCAL TIME.

CLIMATE NORMAL PERIOD 1981 TO 2010
CLIMATE RECORD PERIOD 1930 TO 2017


WEATHER ITEM   OBSERVED TIME   RECORD YEAR NORMAL DEPARTURE LAST
                VALUE   (LST)  VALUE       VALUE  FROM      YEAR
                                                  NORMAL
..................................................................
TEMPERATURE (F)
 TODAY
  MAXIMUM         70   1240 PM  99    1976  71     -1       72
  MINIMUM         57    620 AM  43    1943  54      3       52
  AVERAGE         64                        62      2       62

PRECIPITATION (IN)
  TODAY            0.00          0.01 1933   0.00   0.00     0.00
  MONTH TO DATE    0.07                      0.09  -0.02     0.03
  SINCE OCT 1     16.45                     12.63   3.82    13.47
  SINCE JAN 1     12.45                      8.72   3.73     8.57

DEGREE DAYS
 HEATING
  TODAY            1                         3     -2        3
  MONTH TO DATE   59                       104    -45       59
  SINCE JUN 1     59                       104    -45       59
  SINCE JUL 1   2393                      2677   -284     2008

 COOLING
  TODAY            0                         1     -1        0
  MONTH TO DATE    9                         2      7        8
  SINCE JUN 1      9                         2      7        8
  SINCE JAN 1     27                        18      9       31
..................................................................


WIND (MPH)
  RESULTANT WIND SPEED   7   RESULTANT WIND DIRECTION   W (270)
  HIGHEST WIND SPEED    20   HIGHEST WIND DIRECTION     W (260)
  HIGHEST GUST SPEED    25   HIGHEST GUST DIRECTION     W (260)
  AVERAGE WIND SPEED     9.4


SKY COVER
  POSSIBLE SUNSHINE  MM
  AVERAGE SKY COVER 0.4


WEATHER CONDITIONS
 THE FOLLOWING WEATHER WAS RECORDED TODAY.
  FOG


RELATIVE HUMIDITY (PERCENT)
 HIGHEST   100           600 AM
 LOWEST     61          1100 AM
 AVERAGE    81

..........................................................


THE SALINAS AIRPORT CLIMATE NORMALS FOR TOMORROW
                         NORMAL    RECORD    YEAR
 MAXIMUM TEMPERATURE (F)   71        92      1942
 MINIMUM TEMPERATURE (F)   54        43      1936


SUNRISE AND SUNSET
JUNE 27 2017..........SUNRISE   550 AM PDT   SUNSET   829 PM PDT
JUNE 28 2017..........SUNRISE   550 AM PDT   SUNSET   829 PM PDT


-  INDICATES NEGATIVE NUMBERS.
R  INDICATES RECORD WAS SET OR TIED.
MM INDICATES DATA IS MISSING.
T  INDICATES TRACE AMOUNT.




$$
