000
CDUS45 KPIH 260734
CLISNT


CLIMATE REPORT
NATIONAL WEATHER SERVICE POCATELLO ID
132 AM MDT FRI AUG 26 2016


...................................

...THE STANLEY ID CLIMATE SUMMARY FOR AUGUST 25 2016...

CLIMATE NORMAL PERIOD 1981 TO 2010
CLIMATE RECORD PERIOD 1916 TO 2016


WEATHER ITEM   OBSERVED TIME   RECORD YEAR NORMAL DEPARTURE LAST
                VALUE   (LST)  VALUE       VALUE  FROM      YEAR
                                                  NORMAL
..................................................................
TEMPERATURE (F)
 YESTERDAY
  MAXIMUM         74    345 PM  92    1969  75     -1       87
  MINIMUM         30    620 AM  16    1992  33     -3       38
  AVERAGE         52                        54     -2       63

PRECIPITATION (IN)
  YESTERDAY        0.00          0.51 1987   0.03  -0.03     0.00
  MONTH TO DATE    0.02                      0.50  -0.48     0.42
  SINCE OCT 1     17.15                     15.96   1.19    17.08
  SINCE JAN 1      9.58                     11.11  -1.53    10.37

SNOWFALL (IN)
  YESTERDAY       MM
  MONTH TO DATE   MM
  SINCE JUN 1     MM
  SINCE JUL 1     MM
  SNOW DEPTH      MM

DEGREE DAYS
 HEATING
  YESTERDAY       13                        11      2        2
  MONTH TO DATE  198                       205     -7      159
  SINCE JUN 1    738                       900   -162      609
  SINCE JUL 1    434                       446    -12      375

 COOLING
  YESTERDAY        0                         0      0        0
  MONTH TO DATE    0                         0      0        6
  SINCE JUN 1      3                         3      0       24
  SINCE JAN 1      3                         3      0       24
..................................................................


WIND (MPH)
  HIGHEST WIND SPEED    13   HIGHEST WIND DIRECTION     N (350)
  HIGHEST GUST SPEED    17   HIGHEST GUST DIRECTION    NW (320)
  AVERAGE WIND SPEED     3.3


SKY COVER
  POSSIBLE SUNSHINE  MM
  AVERAGE SKY COVER 0.0


WEATHER CONDITIONS
 THE FOLLOWING WEATHER WAS RECORDED YESTERDAY.
  NO SIGNIFICANT WEATHER WAS OBSERVED.


RELATIVE HUMIDITY (PERCENT)
 HIGHEST    78           600 AM
 LOWEST     17           100 PM
 AVERAGE    48

..........................................................


THE STANLEY ID CLIMATE NORMALS FOR TODAY
                         NORMAL    RECORD    YEAR
 MAXIMUM TEMPERATURE (F)   75        91      1922
 MINIMUM TEMPERATURE (F)   32        16      1992


SUNRISE AND SUNSET
AUGUST 26 2016........SUNRISE   657 AM MDT   SUNSET   825 PM MDT
AUGUST 27 2016........SUNRISE   658 AM MDT   SUNSET   824 PM MDT


-  INDICATES NEGATIVE NUMBERS.
R  INDICATES RECORD WAS SET OR TIED.
MM INDICATES DATA IS MISSING.
T  INDICATES TRACE AMOUNT.




$$
