000
CDUS45 KPIH 130812
CLISNT


CLIMATE REPORT
NATIONAL WEATHER SERVICE POCATELLO ID
211 AM MDT SUN JUL 13 2014


...................................

...THE STANLEY ID CLIMATE SUMMARY FOR JULY 12 2014...

CLIMATE NORMAL PERIOD 1981 TO 2010
CLIMATE RECORD PERIOD 1916 TO 2014


WEATHER ITEM   OBSERVED TIME   RECORD YEAR NORMAL DEPARTURE LAST
                VALUE   (LST)  VALUE       VALUE  FROM      YEAR
                                                  NORMAL
..................................................................
TEMPERATURE (F)
 YESTERDAY
  MAXIMUM         86    459 PM  95    2002  77      9       79
  MINIMUM         52   1149 PM  25    2008  37     15       35
  AVERAGE         69                        57     12       57

PRECIPITATION (IN)
  YESTERDAY        0.00          0.17 2009   0.02  -0.02     0.00
  MONTH TO DATE    0.00                      0.31  -0.31     0.27
  SINCE OCT 1     16.87                     15.08   1.79    14.39
  SINCE JAN 1     13.26                     10.23   3.03     6.20

SNOWFALL (IN)
  YESTERDAY       MM
  MONTH TO DATE   MM
  SINCE JUN 1     MM
  SINCE JUL 1     MM
  SNOW DEPTH      MM

DEGREE DAYS
 HEATING
  YESTERDAY        0                         8     -8        8
  MONTH TO DATE   36                       115    -79       49
  SINCE JUN 1    506                       569    -63      418
  SINCE JUL 1     36                       115    -79       49

 COOLING
  YESTERDAY        4                         0      4        0
  MONTH TO DATE    4                         0      4       13
  SINCE JUN 1      4                         0      4       16
  SINCE JAN 1      4                         0      4       16
..................................................................


WIND (MPH)
  HIGHEST WIND SPEED    13   HIGHEST WIND DIRECTION     W (290)
  HIGHEST GUST SPEED    19   HIGHEST GUST DIRECTION     W (280)
  AVERAGE WIND SPEED     3.5


SKY COVER
  POSSIBLE SUNSHINE  MM
  AVERAGE SKY COVER 0.0


WEATHER CONDITIONS
 THE FOLLOWING WEATHER WAS RECORDED YESTERDAY.
  NO SIGNIFICANT WEATHER WAS OBSERVED.


RELATIVE HUMIDITY (PERCENT)
 HIGHEST    59           600 AM
 LOWEST     16           500 PM
 AVERAGE    38

..........................................................


THE STANLEY ID CLIMATE NORMALS FOR TODAY
                         NORMAL    RECORD    YEAR
 MAXIMUM TEMPERATURE (F)   78        95      2002
 MINIMUM TEMPERATURE (F)   37        26      1976


SUNRISE AND SUNSET
JULY 13 2014..........SUNRISE   609 AM MDT   SUNSET   922 PM MDT
JULY 14 2014..........SUNRISE   609 AM MDT   SUNSET   921 PM MDT


-  INDICATES NEGATIVE NUMBERS.
R  INDICATES RECORD WAS SET OR TIED.
MM INDICATES DATA IS MISSING.
T  INDICATES TRACE AMOUNT.




$$
