000
CDUS45 KPIH 260732
CLISNT


CLIMATE REPORT
NATIONAL WEATHER SERVICE POCATELLO ID
1231 AM MST WED NOV 26 2014


...................................

...THE STANLEY ID CLIMATE SUMMARY FOR NOVEMBER 25 2014...

CLIMATE NORMAL PERIOD 1981 TO 2010
CLIMATE RECORD PERIOD 1916 TO 2014


WEATHER ITEM   OBSERVED TIME   RECORD YEAR NORMAL DEPARTURE LAST
                VALUE   (LST)  VALUE       VALUE  FROM      YEAR
                                                  NORMAL
..................................................................
TEMPERATURE (F)
 YESTERDAY
  MAXIMUM         42    441 PM  59    1922  30     12       40
  MINIMUM         25   1223 AM -24    1993   9     16        5
  AVERAGE         34                        19     15       23

PRECIPITATION (IN)
  YESTERDAY        0.06          0.76 1999   0.05   0.01     0.00
  MONTH TO DATE    2.22                      1.87   0.35     1.69
  SINCE OCT 1      3.53                      3.34   0.19     2.06
  SINCE JAN 1     19.44                     15.55   3.89    12.56

SNOWFALL (IN)
  YESTERDAY       MM
  MONTH TO DATE   MM
  SINCE SEP 1     MM
  SINCE JUL 1     MM
  SNOW DEPTH      MM

DEGREE DAYS
 HEATING
  YESTERDAY       31                        46    -15       42
  MONTH TO DATE 1003                       999      4      962
  SINCE SEP 1   2090                      2343   -253     2263
  SINCE JUL 1   2429                      2863   -434     2590

 COOLING
  YESTERDAY        0                         0      0        0
  MONTH TO DATE    0                         0      0        0
  SINCE SEP 1      0                         0      0        0
  SINCE JAN 1     16                         3     13       19
..................................................................


WIND (MPH)
  HIGHEST WIND SPEED    13   HIGHEST WIND DIRECTION    NW (330)
  HIGHEST GUST SPEED    18   HIGHEST GUST DIRECTION    SW (220)
  AVERAGE WIND SPEED     3.9


SKY COVER
  POSSIBLE SUNSHINE  MM
  AVERAGE SKY COVER 0.0


WEATHER CONDITIONS
 THE FOLLOWING WEATHER WAS RECORDED YESTERDAY.
  NO SIGNIFICANT WEATHER WAS OBSERVED.


RELATIVE HUMIDITY (PERCENT)
 HIGHEST    92           800 AM
 LOWEST     70           600 PM
 AVERAGE    81

..........................................................


THE STANLEY ID CLIMATE NORMALS FOR TODAY
                         NORMAL    RECORD    YEAR
 MAXIMUM TEMPERATURE (F)   29        56      1924
 MINIMUM TEMPERATURE (F)    8       -21      1993


SUNRISE AND SUNSET
NOVEMBER 26 2014......SUNRISE   749 AM MST   SUNSET   505 PM MST
NOVEMBER 27 2014......SUNRISE   750 AM MST   SUNSET   504 PM MST


-  INDICATES NEGATIVE NUMBERS.
R  INDICATES RECORD WAS SET OR TIED.
MM INDICATES DATA IS MISSING.
T  INDICATES TRACE AMOUNT.




$$
