000
CDUS45 KPIH 060729
CLISNT


CLIMATE REPORT
NATIONAL WEATHER SERVICE POCATELLO ID
129 AM MDT FRI MAY 6 2016


...................................

...THE STANLEY ID CLIMATE SUMMARY FOR MAY 5 2016...

CLIMATE NORMAL PERIOD 1981 TO 2010
CLIMATE RECORD PERIOD 1916 TO 2016


WEATHER ITEM   OBSERVED TIME   RECORD YEAR NORMAL DEPARTURE LAST
                VALUE   (LST)  VALUE       VALUE  FROM      YEAR
                                                  NORMAL
..................................................................
TEMPERATURE (F)
 YESTERDAY
  MAXIMUM         73    232 PM  78    1966  54     19       61
  MINIMUM         32    542 AM   8    1982  25      7       29
  AVERAGE         53                        40     13       45

PRECIPITATION (IN)
  YESTERDAY        0.01          0.37 2005   0.06  -0.05    MM
  MONTH TO DATE    0.01                      0.27  -0.26     0.00
  SINCE OCT 1     15.43                     11.96   3.47    12.25
  SINCE JAN 1      7.86                      7.11   0.75     5.54

SNOWFALL (IN)
  YESTERDAY       MM
  MONTH TO DATE   MM
  SINCE MAR 1     MM
  SINCE JUL 1     MM
  SNOW DEPTH      MM

DEGREE DAYS
 HEATING
  YESTERDAY       12                        25    -13       20
  MONTH TO DATE   86                       130    -44      100
  SINCE MAR 1   1902                      2256   -354     1865
  SINCE JUL 1   8852                      9790   -938     8243

 COOLING
  YESTERDAY        0                         0      0        0
  MONTH TO DATE    0                         0      0        0
  SINCE MAR 1      0                         0      0        0
  SINCE JAN 1      0                         0      0        0
..................................................................


WIND (MPH)
  HIGHEST WIND SPEED    25   HIGHEST WIND DIRECTION     S (160)
  HIGHEST GUST SPEED    40   HIGHEST GUST DIRECTION    SE (140)
  AVERAGE WIND SPEED     4.9


SKY COVER
  POSSIBLE SUNSHINE  MM
  AVERAGE SKY COVER 0.0


WEATHER CONDITIONS
 THE FOLLOWING WEATHER WAS RECORDED YESTERDAY.
  NO SIGNIFICANT WEATHER WAS OBSERVED.


RELATIVE HUMIDITY (PERCENT)
 HIGHEST    82           500 AM
 LOWEST     14           200 PM
 AVERAGE    48

..........................................................


THE STANLEY ID CLIMATE NORMALS FOR TODAY
                         NORMAL    RECORD    YEAR
 MAXIMUM TEMPERATURE (F)   55        76      1992
 MINIMUM TEMPERATURE (F)   26         8      1982


SUNRISE AND SUNSET
MAY  6 2016...........SUNRISE   623 AM MDT   SUNSET   850 PM MDT
MAY  7 2016...........SUNRISE   622 AM MDT   SUNSET   851 PM MDT


-  INDICATES NEGATIVE NUMBERS.
R  INDICATES RECORD WAS SET OR TIED.
MM INDICATES DATA IS MISSING.
T  INDICATES TRACE AMOUNT.




$$
