000
CDUS45 KPIH 300752
CLISNT


CLIMATE REPORT
NATIONAL WEATHER SERVICE POCATELLO ID
150 AM MDT FRI SEP 30 2016


...................................

...THE STANLEY ID CLIMATE SUMMARY FOR SEPTEMBER 29 2016...

CLIMATE NORMAL PERIOD 1981 TO 2010
CLIMATE RECORD PERIOD 1916 TO 2016


WEATHER ITEM   OBSERVED TIME   RECORD YEAR NORMAL DEPARTURE LAST
                VALUE   (LST)  VALUE       VALUE  FROM      YEAR
                                                  NORMAL
..................................................................
TEMPERATURE (F)
 YESTERDAY
  MAXIMUM         76    204 PM  82    1967  62     14       75
  MINIMUM         33    552 AM   9    1985  26      7       24
  AVERAGE         55                        44     11       50

PRECIPITATION (IN)
  YESTERDAY        0.00          1.85 2013   0.03  -0.03     0.00
  MONTH TO DATE    1.40                      0.90   0.50     2.09
  SINCE OCT 1     18.55                     17.04   1.51    19.32
  SINCE JAN 1     10.98                     12.19  -1.21    12.61

SNOWFALL (IN)
  YESTERDAY       MM
  MONTH TO DATE   MM
  SINCE SEP 1     MM
  SINCE JUL 1     MM
  SNOW DEPTH      MM

DEGREE DAYS
 HEATING
  YESTERDAY       10                        21    -11       15
  MONTH TO DATE  449                       500    -51      432
  SINCE SEP 1    449                       500    -51      432
  SINCE JUL 1    927                      1020    -93      847

 COOLING
  YESTERDAY        0                         0      0        0
  MONTH TO DATE    0                         0      0        0
  SINCE SEP 1      0                         0      0        0
  SINCE JAN 1      4                         3      1       25
..................................................................


WIND (MPH)
  HIGHEST WIND SPEED    14   HIGHEST WIND DIRECTION     N (360)
  HIGHEST GUST SPEED    22   HIGHEST GUST DIRECTION     N (360)
  AVERAGE WIND SPEED     2.8


SKY COVER
  POSSIBLE SUNSHINE  MM
  AVERAGE SKY COVER 0.0


WEATHER CONDITIONS
 THE FOLLOWING WEATHER WAS RECORDED YESTERDAY.
  NO SIGNIFICANT WEATHER WAS OBSERVED.


RELATIVE HUMIDITY (PERCENT)
 HIGHEST    82           400 AM
 LOWEST     20           500 PM
 AVERAGE    51

..........................................................


THE STANLEY ID CLIMATE NORMALS FOR TODAY
                         NORMAL    RECORD    YEAR
 MAXIMUM TEMPERATURE (F)   62        80      2010
                                             1989
 MINIMUM TEMPERATURE (F)   26        12      1985


SUNRISE AND SUNSET
SEPTEMBER 30 2016.....SUNRISE   737 AM MDT   SUNSET   721 PM MDT
OCTOBER  1 2016.......SUNRISE   738 AM MDT   SUNSET   719 PM MDT


-  INDICATES NEGATIVE NUMBERS.
R  INDICATES RECORD WAS SET OR TIED.
MM INDICATES DATA IS MISSING.
T  INDICATES TRACE AMOUNT.




$$
