000
CDUS45 KPIH 250730
CLISNT


CLIMATE REPORT
NATIONAL WEATHER SERVICE POCATELLO ID
130 AM MDT TUE APR 25 2017


...................................

...THE STANLEY ID CLIMATE SUMMARY FOR APRIL 24 2017...

CLIMATE NORMAL PERIOD 1981 TO 2010
CLIMATE RECORD PERIOD 1916 TO 2017


WEATHER ITEM   OBSERVED TIME   RECORD YEAR NORMAL DEPARTURE LAST
                VALUE   (LST)  VALUE       VALUE  FROM      YEAR
                                                  NORMAL
..................................................................
TEMPERATURE (F)
 YESTERDAY
  MAXIMUM         42    550 PM  73    1977  50     -8       50
  MINIMUM         31    438 AM   6    2011  22      9       31
  AVERAGE         37                        36      1       41

PRECIPITATION (IN)
  YESTERDAY        0.15          0.38 2014   0.05   0.10     0.00
  MONTH TO DATE    1.87                      1.37   0.50     1.04
  SINCE OCT 1     25.33                     11.34  13.99    15.24
  SINCE JAN 1     14.00                      6.49   7.51     7.67

SNOWFALL (IN)
  YESTERDAY       MM
  MONTH TO DATE   MM
  SINCE MAR 1     MM
  SINCE JUL 1     MM
  SNOW DEPTH      MM

DEGREE DAYS
 HEATING
  YESTERDAY       28                        29     -1       24
  MONTH TO DATE  762                       776    -14      593
  SINCE MAR 1   1767                      1960   -193     1669
  SINCE JUL 1   9024                      9494   -470     8619

 COOLING
  YESTERDAY        0                         0      0        0
  MONTH TO DATE    0                         0      0        0
  SINCE MAR 1      0                         0      0        0
  SINCE JAN 1      0                         0      0        0
..................................................................


WIND (MPH)
  HIGHEST WIND SPEED    13   HIGHEST WIND DIRECTION     N (340)
  HIGHEST GUST SPEED    17   HIGHEST GUST DIRECTION     N (350)
  AVERAGE WIND SPEED     3.2


SKY COVER
  POSSIBLE SUNSHINE  MM
  AVERAGE SKY COVER 0.0


WEATHER CONDITIONS
 THE FOLLOWING WEATHER WAS RECORDED YESTERDAY.
  NO SIGNIFICANT WEATHER WAS OBSERVED.


RELATIVE HUMIDITY (PERCENT)
 HIGHEST   100           300 AM
 LOWEST     55           600 PM
 AVERAGE    78

..........................................................


THE STANLEY ID CLIMATE NORMALS FOR TODAY
                         NORMAL    RECORD    YEAR
 MAXIMUM TEMPERATURE (F)   51        75      1977
 MINIMUM TEMPERATURE (F)   22         5      1921


SUNRISE AND SUNSET
APRIL 25 2017.........SUNRISE   639 AM MDT   SUNSET   837 PM MDT
APRIL 26 2017.........SUNRISE   638 AM MDT   SUNSET   838 PM MDT


-  INDICATES NEGATIVE NUMBERS.
R  INDICATES RECORD WAS SET OR TIED.
MM INDICATES DATA IS MISSING.
T  INDICATES TRACE AMOUNT.




$$
