758
CDUS45 KPIH 210738
CLISNT


CLIMATE REPORT
NATIONAL WEATHER SERVICE POCATELLO ID
1237 AM MST TUE NOV 21 2017


...................................

...THE STANLEY ID CLIMATE SUMMARY FOR NOVEMBER 20 2017...

CLIMATE NORMAL PERIOD 1981 TO 2010
CLIMATE RECORD PERIOD 1916 TO 2017


WEATHER ITEM   OBSERVED TIME   RECORD YEAR NORMAL DEPARTURE LAST
                VALUE   (LST)  VALUE       VALUE  FROM      YEAR
                                                  NORMAL
..................................................................
TEMPERATURE (F)
 YESTERDAY
  MAXIMUM         42    819 PM  55    2008  32     10       43
  MINIMUM         18   1205 AM -19    1979  10      8       31
  AVERAGE         30                        21      9       37

PRECIPITATION (IN)
  YESTERDAY        0.30          0.58 1921   0.07   0.23     0.05
  MONTH TO DATE    4.13                      1.63   2.50     0.83
  SINCE OCT 1      5.52                      3.10   2.42     5.14
  SINCE JAN 1     25.57                     15.31  10.26    16.13

SNOWFALL (IN)
  YESTERDAY       MM
  MONTH TO DATE   MM
  SINCE SEP 1     MM
  SINCE JUL 1     MM
  SNOW DEPTH      MM

DEGREE DAYS
 HEATING
  YESTERDAY       35                        44     -9       28
  MONTH TO DATE  799                       773     26      549
  SINCE SEP 1   2079                      2117    -38     1748
  SINCE JUL 1   2294                      2637   -343     2226

 COOLING
  YESTERDAY        0                         0      0        0
  MONTH TO DATE    0                         0      0        0
  SINCE SEP 1      0                         0      0        0
  SINCE JAN 1     25                         3     22        4
..................................................................


WIND (MPH)
  HIGHEST WIND SPEED    18   HIGHEST WIND DIRECTION    SE (150)
  HIGHEST GUST SPEED    26   HIGHEST GUST DIRECTION    SE (150)
  AVERAGE WIND SPEED     7.0


SKY COVER
  POSSIBLE SUNSHINE  MM
  AVERAGE SKY COVER 0.0


WEATHER CONDITIONS
 THE FOLLOWING WEATHER WAS RECORDED YESTERDAY.
  NO SIGNIFICANT WEATHER WAS OBSERVED.


RELATIVE HUMIDITY (PERCENT)
 HIGHEST    92           100 PM
 LOWEST     64           300 AM
 AVERAGE    78

..........................................................


THE STANLEY ID CLIMATE NORMALS FOR TODAY
                         NORMAL    RECORD    YEAR
 MAXIMUM TEMPERATURE (F)   32        51      1986
 MINIMUM TEMPERATURE (F)   10       -17      1994


SUNRISE AND SUNSET
NOVEMBER 21 2017......SUNRISE   743 AM MST   SUNSET   508 PM MST
NOVEMBER 22 2017......SUNRISE   745 AM MST   SUNSET   507 PM MST


-  INDICATES NEGATIVE NUMBERS.
R  INDICATES RECORD WAS SET OR TIED.
MM INDICATES DATA IS MISSING.
T  INDICATES TRACE AMOUNT.




$$
