522
CDUS45 KCYS 220728
CLISNY


CLIMATE REPORT
NATIONAL WEATHER SERVICE CHEYENNE WY
127 AM MDT FRI MAY 22 2015


...................................

...THE SIDNEY NE AIRPORT CLIMATE SUMMARY FOR MAY 21 2015...

CLIMATE NORMAL PERIOD 1981 TO 2010
CLIMATE RECORD PERIOD 1948 TO 2015


WEATHER ITEM   OBSERVED TIME   RECORD YEAR NORMAL DEPARTURE LAST
                VALUE   (LST)  VALUE       VALUE  FROM      YEAR
                                                  NORMAL
..................................................................
TEMPERATURE (F)
 YESTERDAY
  MAXIMUM         57    421 PM  90    1964  73    -16       72
  MINIMUM         40    438 AM  30    1950  45     -5       54
  AVERAGE         49                        59    -10       63

PRECIPITATION (IN)
  YESTERDAY        0.00          0.71 2002   0.10  -0.10     0.14
  MONTH TO DATE    5.42                      2.02   3.40     2.20
  SINCE JAN 1     11.95                      5.69   6.26     4.20

DEGREE DAYS
 HEATING
  YESTERDAY       16                         7      9        2
  MONTH TO DATE  305                       197    108      259
  SINCE MAR 1   1481                      1527    -46     1578
  SINCE JUL 1   6213                      6109    104     6567

 COOLING
  YESTERDAY        0                         1     -1        0
  MONTH TO DATE    0                        12    -12        0
  SINCE MAR 1      0                        13    -13        0
  SINCE JAN 1      0                        13    -13        0
..................................................................


WIND (MPH)
  HIGHEST WIND SPEED    20   HIGHEST WIND DIRECTION    SE (140)
  HIGHEST GUST SPEED    27   HIGHEST GUST DIRECTION    SE (150)
  AVERAGE WIND SPEED    11.0


SKY COVER
  AVERAGE SKY COVER 1.0


WEATHER CONDITIONS
 THE FOLLOWING WEATHER WAS RECORDED YESTERDAY.
  NO SIGNIFICANT WEATHER WAS OBSERVED.


RELATIVE HUMIDITY (PERCENT)
 HIGHEST    86          1200 AM
 LOWEST     61           400 PM
 AVERAGE    74

..........................................................


THE SIDNEY NE AIRPORT CLIMATE NORMALS FOR TODAY
                         NORMAL    RECORD    YEAR
 MAXIMUM TEMPERATURE (F)   73        98      2012
 MINIMUM TEMPERATURE (F)   46        29      1974
                                             1963


SUNRISE AND SUNSET
MAY 22 2015...........SUNRISE   528 AM MDT   SUNSET   810 PM MDT
MAY 23 2015...........SUNRISE   527 AM MDT   SUNSET   811 PM MDT


-  INDICATES NEGATIVE NUMBERS.
R  INDICATES RECORD WAS SET OR TIED.
MM INDICATES DATA IS MISSING.
T  INDICATES TRACE AMOUNT.




$$
