000
CDUS45 KCYS 032126
CLISNY


CLIMATE REPORT
NATIONAL WEATHER SERVICE CHEYENNE WY
326 PM MDT THU SEP 3 2015


...................................

...THE SIDNEY NE AIRPORT CLIMATE SUMMARY FOR SEPTEMBER 3 2015...
VALID AS OF 0300 PM LOCAL TIME.

CLIMATE NORMAL PERIOD 1981 TO 2010
CLIMATE RECORD PERIOD 1948 TO 2015


WEATHER ITEM   OBSERVED TIME   RECORD YEAR NORMAL DEPARTURE LAST
                VALUE   (LST)  VALUE       VALUE  FROM      YEAR
                                                  NORMAL
..................................................................
TEMPERATURE (F)
 TODAY
  MAXIMUM         94   1204 PM  99    2014  85      9       99
  MINIMUM         53    513 AM  33    1974  54     -1       62
  AVERAGE         74                        69      5       81

PRECIPITATION (IN)
  TODAY            0.00          0.46 1999   0.06  -0.06     0.00
  MONTH TO DATE    0.00                      0.18  -0.18     0.00
  SINCE JAN 1     19.27                     15.34   3.93    11.68

DEGREE DAYS
 HEATING
  TODAY            0                         1     -1        0
  MONTH TO DATE    0                         3     -3        1
  SINCE SEP 1      0                         3     -3        1
  SINCE JUL 1     38                        14     24       13

 COOLING
  TODAY            9                         5      4       16
  MONTH TO DATE   29                        17     12       16
  SINCE SEP 1     29                        17     12       16
  SINCE JAN 1    597                       759   -162      574
..................................................................


WIND (MPH)
  HIGHEST WIND SPEED    28   HIGHEST WIND DIRECTION     W (290)
  HIGHEST GUST SPEED    33   HIGHEST GUST DIRECTION    NW (300)
  AVERAGE WIND SPEED     5.9


SKY COVER
  AVERAGE SKY COVER 0.0


WEATHER CONDITIONS
 THE FOLLOWING WEATHER WAS RECORDED TODAY.
  NO SIGNIFICANT WEATHER WAS OBSERVED.


RELATIVE HUMIDITY (PERCENT)
 HIGHEST    72           200 AM
 LOWEST     19           100 PM
 AVERAGE    46

..........................................................


THE SIDNEY NE AIRPORT CLIMATE NORMALS FOR TOMORROW
                         NORMAL    RECORD    YEAR
 MAXIMUM TEMPERATURE (F)   84       100      1998
 MINIMUM TEMPERATURE (F)   53        33      1974


SUNRISE AND SUNSET
SEPTEMBER  3 2015.....SUNRISE   620 AM MDT   SUNSET   722 PM MDT
SEPTEMBER  4 2015.....SUNRISE   621 AM MDT   SUNSET   720 PM MDT


-  INDICATES NEGATIVE NUMBERS.
R  INDICATES RECORD WAS SET OR TIED.
MM INDICATES DATA IS MISSING.
T  INDICATES TRACE AMOUNT.




$$
