000
CDUS45 KCYS 050327
CLISNY


CLIMATE REPORT
NATIONAL WEATHER SERVICE CHEYENNE WY
926 PM MDT TUE AUG 4 2015


...................................

...THE SIDNEY NE AIRPORT CLIMATE SUMMARY FOR AUGUST 4 2015...
VALID TODAY AS OF 0900 PM LOCAL TIME.

CLIMATE NORMAL PERIOD 1981 TO 2010
CLIMATE RECORD PERIOD 1948 TO 2015


WEATHER ITEM   OBSERVED TIME   RECORD YEAR NORMAL DEPARTURE LAST
                VALUE   (LST)  VALUE       VALUE  FROM      YEAR
                                                  NORMAL
..................................................................
TEMPERATURE (F)
 TODAY
  MAXIMUM         78    243 PM 103    1960  90    -12       95
  MINIMUM         53    247 AM  40    1974  60     -7       61
  AVERAGE         66                        75     -9       78

PRECIPITATION (IN)
  TODAY            0.01          0.95 1963   0.09  -0.08     0.00
  MONTH TO DATE    0.01                      0.36  -0.35     0.00
  SINCE JAN 1     18.74                     13.26   5.48     8.77

DEGREE DAYS
 HEATING
  TODAY            0                         0      0        0
  MONTH TO DATE    0                         0      0        0
  SINCE JUN 1      7                        62    -55       64
  SINCE JUL 1      7                         3      4        9

 COOLING
  TODAY            1                        10     -9       13
  MONTH TO DATE   36                        40     -4       34
  SINCE JUN 1    385                       496   -111      361
  SINCE JAN 1    385                       518   -133      377
..................................................................


WIND (MPH)
  HIGHEST WIND SPEED    17   HIGHEST WIND DIRECTION     E (90)
  HIGHEST GUST SPEED    20   HIGHEST GUST DIRECTION     E (80)
  AVERAGE WIND SPEED     7.2


SKY COVER
  AVERAGE SKY COVER 0.4


WEATHER CONDITIONS
 THE FOLLOWING WEATHER WAS RECORDED TODAY.
  THUNDERSTORM


RELATIVE HUMIDITY (PERCENT)
 HIGHEST    84           800 PM
 LOWEST     47          1000 AM
 AVERAGE    66

..........................................................


THE SIDNEY NE AIRPORT CLIMATE NORMALS FOR TOMORROW
                         NORMAL    RECORD    YEAR
 MAXIMUM TEMPERATURE (F)   90       102      1979
 MINIMUM TEMPERATURE (F)   60        43      1980


SUNRISE AND SUNSET
AUGUST  4 2015........SUNRISE   550 AM MDT   SUNSET   805 PM MDT
AUGUST  5 2015........SUNRISE   551 AM MDT   SUNSET   804 PM MDT


-  INDICATES NEGATIVE NUMBERS.
R  INDICATES RECORD WAS SET OR TIED.
MM INDICATES DATA IS MISSING.
T  INDICATES TRACE AMOUNT.




$$
