000
CDUS45 KPUB 231039
CLISPD


CLIMATE REPORT
NATIONAL WEATHER SERVICE PUEBLO
439 AM MDT WED JUL 23 2014


...................................

...THE SPRINGFIELD CO CLIMATE SUMMARY FOR JULY 22 2014...

CLIMATE NORMAL PERIOD 1981 TO 2010
CLIMATE RECORD PERIOD 9999 TO 9999


WEATHER ITEM   OBSERVED TIME   NORMAL DEPARTURE LAST
                VALUE   (LST)  VALUE  FROM      YEAR
                                      NORMAL
......................................................
TEMPERATURE (F)
 YESTERDAY
  MAXIMUM         93    431 PM  91      2      101
  MINIMUM         63    513 AM  62      1       64
  AVERAGE         78                            83

PRECIPITATION (IN)
  YESTERDAY        0.00          0.08  -0.08     0.00
  MONTH TO DATE    2.41          2.00   0.41     1.96
  SINCE JUN 1      4.34          4.50  -0.16     3.70
  SINCE JAN 1      8.23         10.07  -1.84     5.68

DEGREE DAYS
 HEATING
  YESTERDAY        0             0      0        0
  MONTH TO DATE    1             0      1        0
  SINCE JUN 1     23            21      2       19
  SINCE JUL 1      1             0      1        0

 COOLING
  YESTERDAY       13            12      1       18
  MONTH TO DATE  231           248    -17      256
  SINCE JUN 1    450           456     -6      607
  SINCE JAN 1    508           510     -2      724
......................................................


WIND (MPH)
  HIGHEST WIND SPEED    20   HIGHEST WIND DIRECTION    SE (140)
  HIGHEST GUST SPEED    24   HIGHEST GUST DIRECTION    SE (130)
  AVERAGE WIND SPEED     9.0


SKY COVER
  POSSIBLE SUNSHINE  MM



RELATIVE HUMIDITY (PERCENT)
 HIGHEST    87           200 AM
 LOWEST     28           400 PM
 AVERAGE    58

..........................................................


THE SPRINGFIELD CO CLIMATE NORMALS FOR TODAY
                         NORMAL    RECORD    YEAR
 MAXIMUM TEMPERATURE (F)   91        MM        MM
 MINIMUM TEMPERATURE (F)   62        MM        MM


SUNRISE AND SUNSET
JULY 23 2014..........SUNRISE   548 AM MDT   SUNSET   806 PM MDT
JULY 24 2014..........SUNRISE   549 AM MDT   SUNSET   805 PM MDT


-  INDICATES NEGATIVE NUMBERS.
R  INDICATES RECORD WAS SET OR TIED.
MM INDICATES DATA IS MISSING.
T  INDICATES TRACE AMOUNT.




$$
