000
CDUS45 KPUB 271042
CLISPD


CLIMATE REPORT
NATIONAL WEATHER SERVICE PUEBLO
442 AM MDT WED AUG 27 2014


...................................

...THE SPRINGFIELD CO CLIMATE SUMMARY FOR AUGUST 26 2014...

CLIMATE NORMAL PERIOD 1981 TO 2010
CLIMATE RECORD PERIOD 9999 TO 9999


WEATHER ITEM   OBSERVED TIME   NORMAL DEPARTURE LAST
                VALUE   (LST)  VALUE  FROM      YEAR
                                      NORMAL
......................................................
TEMPERATURE (F)
 YESTERDAY
  MAXIMUM         89   1208 PM  87      2       93
  MINIMUM         59    532 AM  59      0       69
  AVERAGE         74                            81

PRECIPITATION (IN)
  YESTERDAY        0.61          0.08   0.53     0.00
  MONTH TO DATE    1.23          2.50  -1.27     2.29
  SINCE JUN 1      6.75          7.83  -1.08     7.76
  SINCE JAN 1     10.64         13.40  -2.76     9.74

DEGREE DAYS
 HEATING
  YESTERDAY        0             0      0        0
  MONTH TO DATE    0             0      0        1
  SINCE JUN 1     28            23      5       20
  SINCE JUL 1      6             2      4        1

 COOLING
  YESTERDAY        9             8      1       16
  MONTH TO DATE  280           253     27      259
  SINCE JUN 1    817           810      7      969
  SINCE JAN 1    875           864     11     1086
......................................................


WIND (MPH)
  HIGHEST WIND SPEED    23   HIGHEST WIND DIRECTION     S (180)
  HIGHEST GUST SPEED    30   HIGHEST GUST DIRECTION     S (180)
  AVERAGE WIND SPEED    11.5


SKY COVER
  POSSIBLE SUNSHINE  MM



RELATIVE HUMIDITY (PERCENT)
 HIGHEST   100           900 PM
 LOWEST     34          1200 PM
 AVERAGE    67

..........................................................


THE SPRINGFIELD CO CLIMATE NORMALS FOR TODAY
                         NORMAL    RECORD    YEAR
 MAXIMUM TEMPERATURE (F)   86        MM        MM
 MINIMUM TEMPERATURE (F)   59        MM        MM


SUNRISE AND SUNSET
AUGUST 27 2014........SUNRISE   617 AM MDT   SUNSET   726 PM MDT
AUGUST 28 2014........SUNRISE   618 AM MDT   SUNSET   725 PM MDT


-  INDICATES NEGATIVE NUMBERS.
R  INDICATES RECORD WAS SET OR TIED.
MM INDICATES DATA IS MISSING.
T  INDICATES TRACE AMOUNT.




$$
