000
CDUS45 KPUB 121154
CLISPD


CLIMATE REPORT
NATIONAL WEATHER SERVICE PUEBLO
454 AM MST FRI FEB 12 2016


...................................

...THE SPRINGFIELD CO CLIMATE SUMMARY FOR FEBRUARY 11 2016...

CLIMATE NORMAL PERIOD 1981 TO 2010
CLIMATE RECORD PERIOD 9999 TO 9999


WEATHER ITEM   OBSERVED TIME   NORMAL DEPARTURE LAST
                VALUE   (LST)  VALUE  FROM      YEAR
                                      NORMAL
......................................................
TEMPERATURE (F)
 YESTERDAY
  MAXIMUM         69    250 PM  49     20       46
  MINIMUM         24    549 AM  20      4       17
  AVERAGE         47                            32

PRECIPITATION (IN)
  YESTERDAY        0.00          0.02  -0.02     0.00
  MONTH TO DATE    0.14          0.20  -0.06     0.00
  SINCE DEC 1      0.39          1.08  -0.69     1.81
  SINCE JAN 1      0.30          0.57  -0.27     1.04

DEGREE DAYS
 HEATING
  YESTERDAY       18            30    -12       33
  MONTH TO DATE  345           343      2      240
  SINCE DEC 1   2294          2373    -79     2163
  SINCE JUL 1   3299          3519   -220     3295

 COOLING
  YESTERDAY        0             0      0        0
  MONTH TO DATE    0             0      0        0
  SINCE DEC 1      0             0      0        0
  SINCE JAN 1      0             0      0        0
......................................................


WIND (MPH)
  HIGHEST WIND SPEED    17   HIGHEST WIND DIRECTION     N (20)
  HIGHEST GUST SPEED    23   HIGHEST GUST DIRECTION     N (20)
  AVERAGE WIND SPEED     9.6


SKY COVER
  POSSIBLE SUNSHINE  MM



RELATIVE HUMIDITY (PERCENT)
 HIGHEST    75           500 AM
 LOWEST      9           300 PM
 AVERAGE    42

..........................................................


THE SPRINGFIELD CO CLIMATE NORMALS FOR TODAY
                         NORMAL    RECORD    YEAR
 MAXIMUM TEMPERATURE (F)   49        MM        MM
 MINIMUM TEMPERATURE (F)   20        MM        MM


SUNRISE AND SUNSET
FEBRUARY 12 2016......SUNRISE   643 AM MST   SUNSET   527 PM MST
FEBRUARY 13 2016......SUNRISE   642 AM MST   SUNSET   528 PM MST


-  INDICATES NEGATIVE NUMBERS.
R  INDICATES RECORD WAS SET OR TIED.
MM INDICATES DATA IS MISSING.
T  INDICATES TRACE AMOUNT.




$$
