000
CDUS45 KPUB 231145
CLISPD


CLIMATE REPORT
NATIONAL WEATHER SERVICE PUEBLO
444 AM MST MON JAN 23 2017


...................................

...THE SPRINGFIELD CO CLIMATE SUMMARY FOR JANUARY 22 2017...

CLIMATE NORMAL PERIOD 1981 TO 2010
CLIMATE RECORD PERIOD 9999 TO 9999


WEATHER ITEM   OBSERVED TIME   NORMAL DEPARTURE LAST
                VALUE   (LST)  VALUE  FROM      YEAR
                                      NORMAL
......................................................
TEMPERATURE (F)
 YESTERDAY
  MAXIMUM         49    102 PM  47      2       53
  MINIMUM         20    859 PM  18      2       17
  AVERAGE         35                            35

PRECIPITATION (IN)
  YESTERDAY        0.00          0.01  -0.01     0.00
  MONTH TO DATE    0.17          0.21  -0.04     0.15
  SINCE DEC 1      0.24          0.72  -0.48     0.24
  SINCE JAN 1      0.17          0.21  -0.04     0.15

DEGREE DAYS
 HEATING
  YESTERDAY       30            33     -3       30
  MONTH TO DATE  757           731     26      747
  SINCE DEC 1   1850          1743    107     1724
  SINCE JUL 1   2667          2889   -222     2729

 COOLING
  YESTERDAY        0             0      0        0
  MONTH TO DATE    0             0      0        0
  SINCE DEC 1      0             0      0        0
  SINCE JAN 1      0             0      0        0
......................................................


WIND (MPH)
  HIGHEST WIND SPEED    24   HIGHEST WIND DIRECTION     N (350)
  HIGHEST GUST SPEED    31   HIGHEST GUST DIRECTION     N (340)
  AVERAGE WIND SPEED    11.7


SKY COVER
  POSSIBLE SUNSHINE  MM



RELATIVE HUMIDITY (PERCENT)
 HIGHEST    92           100 AM
 LOWEST     31           100 PM
 AVERAGE    62

..........................................................


THE SPRINGFIELD CO CLIMATE NORMALS FOR TODAY
                         NORMAL    RECORD    YEAR
 MAXIMUM TEMPERATURE (F)   47        MM        MM
 MINIMUM TEMPERATURE (F)   18        MM        MM


SUNRISE AND SUNSET
JANUARY 23 2017.......SUNRISE   700 AM MST   SUNSET   506 PM MST
JANUARY 24 2017.......SUNRISE   659 AM MST   SUNSET   507 PM MST


-  INDICATES NEGATIVE NUMBERS.
R  INDICATES RECORD WAS SET OR TIED.
MM INDICATES DATA IS MISSING.
T  INDICATES TRACE AMOUNT.




$$
