000
CDUS45 KPUB 021032
CLISPD


CLIMATE REPORT
NATIONAL WEATHER SERVICE PUEBLO
432 AM MDT THU JUL 2 2015


...................................

...THE SPRINGFIELD CO CLIMATE SUMMARY FOR JULY 1 2015...

CLIMATE NORMAL PERIOD 1981 TO 2010
CLIMATE RECORD PERIOD 9999 TO 9999


WEATHER ITEM   OBSERVED TIME   NORMAL DEPARTURE LAST
                VALUE   (LST)  VALUE  FROM      YEAR
                                      NORMAL
......................................................
TEMPERATURE (F)
 YESTERDAY
  MAXIMUM         97    251 PM  90      7       79
  MINIMUM         63    440 AM  60      3       60
  AVERAGE         80                            70

PRECIPITATION (IN)
  YESTERDAY        0.11          0.10   0.01     0.00
  MONTH TO DATE    0.11          0.10   0.01     0.00
  SINCE JUN 1      0.97          2.60  -1.63     1.93
  SINCE JAN 1      8.54          8.17   0.37     5.82

DEGREE DAYS
 HEATING
  YESTERDAY        0             0      0        0
  MONTH TO DATE    0             0      0        0
  SINCE JUN 1      0            21    -21       22
  SINCE JUL 1      0             0      0        0

 COOLING
  YESTERDAY       15            10      5        5
  MONTH TO DATE   15            10      5        5
  SINCE JUN 1    262           218     44      224
  SINCE JAN 1    263           272     -9      282
......................................................


WIND (MPH)
  HIGHEST WIND SPEED    39   HIGHEST WIND DIRECTION    NW (320)
  HIGHEST GUST SPEED    50   HIGHEST GUST DIRECTION    NW (310)
  AVERAGE WIND SPEED    12.2


SKY COVER
  POSSIBLE SUNSHINE  MM



RELATIVE HUMIDITY (PERCENT)
 HIGHEST    93          1000 PM
 LOWEST     20           200 PM
 AVERAGE    57

..........................................................


THE SPRINGFIELD CO CLIMATE NORMALS FOR TODAY
                         NORMAL    RECORD    YEAR
 MAXIMUM TEMPERATURE (F)   91        MM        MM
 MINIMUM TEMPERATURE (F)   60        MM        MM


SUNRISE AND SUNSET
JULY  2 2015..........SUNRISE   534 AM MDT   SUNSET   815 PM MDT
JULY  3 2015..........SUNRISE   535 AM MDT   SUNSET   815 PM MDT


-  INDICATES NEGATIVE NUMBERS.
R  INDICATES RECORD WAS SET OR TIED.
MM INDICATES DATA IS MISSING.
T  INDICATES TRACE AMOUNT.




$$
