000
CDUS45 KPUB 281125
CLISPD


CLIMATE REPORT
NATIONAL WEATHER SERVICE PUEBLO
425 AM MST TUE FEB 28 2017


...................................

...THE SPRINGFIELD CO CLIMATE SUMMARY FOR FEBRUARY 27 2017...

CLIMATE NORMAL PERIOD 1981 TO 2010
CLIMATE RECORD PERIOD 9999 TO 9999


WEATHER ITEM   OBSERVED TIME   NORMAL DEPARTURE LAST
                VALUE   (LST)  VALUE  FROM      YEAR
                                      NORMAL
......................................................
TEMPERATURE (F)
 YESTERDAY
  MAXIMUM         66    436 PM  53     13       76
  MINIMUM          8    313 AM  23    -15       29
  AVERAGE         37                            53

PRECIPITATION (IN)
  YESTERDAY        0.00          0.01  -0.01     0.00
  MONTH TO DATE    0.01          0.42  -0.41     0.16
  SINCE DEC 1      0.26          1.30  -1.04     0.41
  SINCE JAN 1      0.19          0.79  -0.60     0.32

DEGREE DAYS
 HEATING
  YESTERDAY       28            27      1       12
  MONTH TO DATE  641           804   -163      688
  SINCE DEC 1   2751          2834    -83     2637
  SINCE JUL 1   3568          3980   -412     3642

 COOLING
  YESTERDAY        0             0      0        0
  MONTH TO DATE    0             0      0        0
  SINCE DEC 1      0             0      0        0
  SINCE JAN 1      0             0      0        0
......................................................


WIND (MPH)
  HIGHEST WIND SPEED    24   HIGHEST WIND DIRECTION    SW (240)
  HIGHEST GUST SPEED    34   HIGHEST GUST DIRECTION    SW (230)
  AVERAGE WIND SPEED    10.3


SKY COVER
  POSSIBLE SUNSHINE  MM



RELATIVE HUMIDITY (PERCENT)
 HIGHEST    80           300 AM
 LOWEST      8           500 PM
 AVERAGE    44

..........................................................


THE SPRINGFIELD CO CLIMATE NORMALS FOR TODAY
                         NORMAL    RECORD    YEAR
 MAXIMUM TEMPERATURE (F)   53        MM        MM
 MINIMUM TEMPERATURE (F)   24        MM        MM


SUNRISE AND SUNSET
FEBRUARY 28 2017......SUNRISE   623 AM MST   SUNSET   544 PM MST
MARCH  1 2017.........SUNRISE   621 AM MST   SUNSET   545 PM MST


-  INDICATES NEGATIVE NUMBERS.
R  INDICATES RECORD WAS SET OR TIED.
MM INDICATES DATA IS MISSING.
T  INDICATES TRACE AMOUNT.




$$
