838
CDUS43 KILX 132246
CLISPI


CLIMATE REPORT
NATIONAL WEATHER SERVICE LINCOLN IL
445 PM CST SAT FEB 13 2016


...................................

...THE SPRINGFIELD IL CLIMATE SUMMARY FOR FEBRUARY 13 2016...
VALID TODAY AS OF 0400 PM LOCAL TIME.

CLIMATE NORMAL PERIOD 1981 TO 2010
CLIMATE RECORD PERIOD 1879 TO 2016


WEATHER ITEM   OBSERVED TIME   RECORD YEAR NORMAL DEPARTURE LAST
                VALUE   (LST)  VALUE       VALUE  FROM      YEAR
                                                  NORMAL
..................................................................
TEMPERATURE (F)
 TODAY
  MAXIMUM         22    345 PM  69    1938  39    -17       35
  MINIMUM          7    702 AM -24    1905  22    -15       11
  AVERAGE         15                        30    -15       23

PRECIPITATION (IN)
  TODAY            0.00          1.26 1946   0.06  -0.06     0.00
  MONTH TO DATE    0.62                      0.77  -0.15     0.47
  SINCE DEC 1      8.27                      5.11   3.16     3.82
  SINCE JAN 1      1.71                      2.59  -0.88     1.87

SNOWFALL (IN)
  TODAY            0.0           8.4  2007   0.2   -0.2      0.0
  MONTH TO DATE    2.4                       2.8   -0.4      3.0
  SINCE DEC 1      9.2                      14.8   -5.6      6.9
  SINCE JUL 1      9.7                      15.4   -5.7     10.6
  SNOW DEPTH       1

DEGREE DAYS
 HEATING
  TODAY           50                        35     15       42
  MONTH TO DATE  465                       469     -4      486
  SINCE DEC 1   2270                      2727   -457     2579
  SINCE JUL 1   3040                      3795   -755     3815

 COOLING
  TODAY            0                         0      0        0
  MONTH TO DATE    0                         0      0        0
  SINCE DEC 1      0                         0      0        0
  SINCE JAN 1      0                         0      0        0
..................................................................


WIND (MPH)
  HIGHEST WIND SPEED    18   HIGHEST WIND DIRECTION    NW (330)
  HIGHEST GUST SPEED    23   HIGHEST GUST DIRECTION    NW (330)
  AVERAGE WIND SPEED     6.0


SKY COVER
  POSSIBLE SUNSHINE  MM
  AVERAGE SKY COVER 0.0


WEATHER CONDITIONS
 THE FOLLOWING WEATHER WAS RECORDED TODAY.
  NO SIGNIFICANT WEATHER WAS OBSERVED.


RELATIVE HUMIDITY (PERCENT)
 HIGHEST    69           400 AM
 LOWEST     39          1200 PM
 AVERAGE    54

..........................................................


THE SPRINGFIELD IL CLIMATE NORMALS FOR TOMORROW
                         NORMAL    RECORD    YEAR
 MAXIMUM TEMPERATURE (F)   39        71      1954
 MINIMUM TEMPERATURE (F)   22       -10      1905


SUNRISE AND SUNSET
FEBRUARY 13 2016......SUNRISE   654 AM CST   SUNSET   532 PM CST
FEBRUARY 14 2016......SUNRISE   653 AM CST   SUNSET   533 PM CST


-  INDICATES NEGATIVE NUMBERS.
R  INDICATES RECORD WAS SET OR TIED.
MM INDICATES DATA IS MISSING.
T  INDICATES TRACE AMOUNT.




$$
