000
CDUS43 KILX 300651
CLISPI


CLIMATE REPORT
NATIONAL WEATHER SERVICE LINCOLN IL
150 AM CDT TUE SEP 30 2014


...................................

...THE SPRINGFIELD IL CLIMATE SUMMARY FOR SEPTEMBER 29 2014...

CLIMATE NORMAL PERIOD 1981 TO 2010
CLIMATE RECORD PERIOD 1879 TO 2014


WEATHER ITEM   OBSERVED TIME   RECORD YEAR NORMAL DEPARTURE LAST
                VALUE   (LST)  VALUE       VALUE  FROM      YEAR
                                                  NORMAL
..................................................................
TEMPERATURE (F)
 YESTERDAY
  MAXIMUM         87    318 PM 100    1953  74     13       74
  MINIMUM         54    609 AM  31    1899  49      5       47
  AVERAGE         71                        61     10       61

PRECIPITATION (IN)
  YESTERDAY        0.00          1.69 1955   0.10  -0.10     0.05
  MONTH TO DATE    5.18                      2.81   2.37     1.25
  SINCE SEP 1      5.18                      2.81   2.37     1.25
  SINCE JAN 1     37.51                     28.46   9.05    31.92

SNOWFALL (IN)
  YESTERDAY        0.0           0.0    MM   0.0    0.0      0.0
  MONTH TO DATE    0.0                       0.0    0.0      0.0
  SINCE SEP 1      0.0                       0.0    0.0      0.0
  SINCE JUL 1      0.0                       0.0    0.0      0.0
  SNOW DEPTH       0

DEGREE DAYS
 HEATING
  YESTERDAY        0                         6     -6        4
  MONTH TO DATE   77                        71      6       35
  SINCE SEP 1     77                        71      6       35
  SINCE JUL 1     80                        76      4       46

 COOLING
  YESTERDAY        6                         2      4        0
  MONTH TO DATE  114                       126    -12      160
  SINCE SEP 1    114                       126    -12      160
  SINCE JAN 1   1147                      1096     51     1100
..................................................................


WIND (MPH)
  HIGHEST WIND SPEED     9   HIGHEST WIND DIRECTION     N (340)
  HIGHEST GUST SPEED    14   HIGHEST GUST DIRECTION     N (350)
  AVERAGE WIND SPEED     2.1


SKY COVER
  POSSIBLE SUNSHINE  MM
  AVERAGE SKY COVER 0.0


WEATHER CONDITIONS
 THE FOLLOWING WEATHER WAS RECORDED YESTERDAY.
  FOG


RELATIVE HUMIDITY (PERCENT)
 HIGHEST    93          1200 AM
 LOWEST     35           200 PM
 AVERAGE    64

..........................................................


THE SPRINGFIELD IL CLIMATE NORMALS FOR TODAY
                         NORMAL    RECORD    YEAR
 MAXIMUM TEMPERATURE (F)   73        92      1971
                                             1952
 MINIMUM TEMPERATURE (F)   48        31      1899


SUNRISE AND SUNSET
SEPTEMBER 30 2014.....SUNRISE   654 AM CDT   SUNSET   643 PM CDT
OCTOBER  1 2014.......SUNRISE   655 AM CDT   SUNSET   641 PM CDT


-  INDICATES NEGATIVE NUMBERS.
R  INDICATES RECORD WAS SET OR TIED.
MM INDICATES DATA IS MISSING.
T  INDICATES TRACE AMOUNT.




$$
