000
CDUS43 KILX 232152
CLISPI


CLIMATE REPORT
NATIONAL WEATHER SERVICE LINCOLN IL
442 PM CDT TUE SEP 23 2014


...................................

...THE SPRINGFIELD IL CLIMATE SUMMARY FOR SEPTEMBER 23 2014...
VALID TODAY AS OF 0400 PM LOCAL TIME.

CLIMATE NORMAL PERIOD 1981 TO 2010
CLIMATE RECORD PERIOD 1879 TO 2014


WEATHER ITEM   OBSERVED TIME   RECORD YEAR NORMAL DEPARTURE LAST
                VALUE   (LST)  VALUE       VALUE  FROM      YEAR
                                                  NORMAL
..................................................................
TEMPERATURE (F)
 TODAY
  MAXIMUM         76    259 PM  93    2007  76      0       76
  MINIMUM         45    605 AM  32    1995  51     -6       47
  AVERAGE         61                        64     -3       62

PRECIPITATION (IN)
  TODAY            0.00          1.38 1984   0.09  -0.09     0.00
  MONTH TO DATE    5.18                      2.23   2.95     1.00
  SINCE SEP 1      5.18                      2.23   2.95     1.00
  SINCE JAN 1     37.51                     27.88   9.63    31.67

SNOWFALL (IN)
  TODAY            0.0           0.0    MM   0.0    0.0      0.0
  MONTH TO DATE    0.0                       0.0    0.0      0.0
  SINCE SEP 1      0.0                       0.0    0.0      0.0
  SINCE JUL 1      0.0                       0.0    0.0      0.0
  SNOW DEPTH       0

DEGREE DAYS
 HEATING
  TODAY            4                         4      0        3
  MONTH TO DATE   77                        40     37       31
  SINCE SEP 1     77                        40     37       31
  SINCE JUL 1     80                        45     35       42

 COOLING
  TODAY            0                         3     -3        0
  MONTH TO DATE   87                       113    -26      142
  SINCE SEP 1     87                       113    -26      142
  SINCE JAN 1   1120                      1083     37     1082
..................................................................


WIND (MPH)
  HIGHEST WIND SPEED     9   HIGHEST WIND DIRECTION    SE (130)
  HIGHEST GUST SPEED    12   HIGHEST GUST DIRECTION    SE (130)
  AVERAGE WIND SPEED     2.5


SKY COVER
  POSSIBLE SUNSHINE  MM
  AVERAGE SKY COVER 0.0


WEATHER CONDITIONS
 THE FOLLOWING WEATHER WAS RECORDED TODAY.
  NO SIGNIFICANT WEATHER WAS OBSERVED.


RELATIVE HUMIDITY (PERCENT)
 HIGHEST    93           100 AM
 LOWEST     38           200 PM
 AVERAGE    66

..........................................................


THE SPRINGFIELD IL CLIMATE NORMALS FOR TOMORROW
                         NORMAL    RECORD    YEAR
 MAXIMUM TEMPERATURE (F)   76        93      2007
                                             1891
 MINIMUM TEMPERATURE (F)   51        33      2012
                                             1989


SUNRISE AND SUNSET
SEPTEMBER 23 2014.....SUNRISE   647 AM CDT   SUNSET   654 PM CDT
SEPTEMBER 24 2014.....SUNRISE   648 AM CDT   SUNSET   653 PM CDT


-  INDICATES NEGATIVE NUMBERS.
R  INDICATES RECORD WAS SET OR TIED.
MM INDICATES DATA IS MISSING.
T  INDICATES TRACE AMOUNT.




$$
