000
CDUS43 KILX 290704
CLISPI


CLIMATE REPORT
NATIONAL WEATHER SERVICE LINCOLN IL
203 AM CDT SAT JUL 29 2017


...................................

...THE SPRINGFIELD IL CLIMATE SUMMARY FOR JULY 28 2017...

CLIMATE NORMAL PERIOD 1981 TO 2010
CLIMATE RECORD PERIOD 1879 TO 2017


WEATHER ITEM   OBSERVED TIME   RECORD YEAR NORMAL DEPARTURE LAST
                VALUE   (LST)  VALUE       VALUE  FROM      YEAR
                                                  NORMAL
..................................................................
TEMPERATURE (F)
 YESTERDAY
  MAXIMUM         86    123 PM 104    1930  86      0       89
  MINIMUM         65   1159 PM  48    2013  65      0       71
  AVERAGE         76                        75      1       80

PRECIPITATION (IN)
  YESTERDAY        0.00          2.33 1907   0.12  -0.12     0.43
  MONTH TO DATE    5.15                      3.60   1.55     9.51
  SINCE JUN 1      6.72                      8.06  -1.34    11.44
  SINCE JAN 1     23.44                     22.07   1.37    25.03

SNOWFALL (IN)
  YESTERDAY        0.0           0.0    MM   0.0    0.0      0.0
  MONTH TO DATE    0.0                       0.0    0.0      0.0
  SINCE JUN 1      0.0                       0.0    0.0      0.0
  SINCE JUL 1      0.0                       0.0    0.0      0.0
  SNOW DEPTH       0

DEGREE DAYS
 HEATING
  YESTERDAY        0                         0      0        0
  MONTH TO DATE    0                         0      0        1
  SINCE JUN 1      2                        15    -13        1
  SINCE JUL 1      0                         0      0        1

 COOLING
  YESTERDAY       11                        10      1       15
  MONTH TO DATE  407                       306    101      363
  SINCE JUN 1    726                       546    180      730
  SINCE JAN 1    870                       650    220      855
..................................................................


WIND (MPH)
  HIGHEST WIND SPEED    20   HIGHEST WIND DIRECTION    NE (30)
  HIGHEST GUST SPEED    24   HIGHEST GUST DIRECTION    NE (50)
  AVERAGE WIND SPEED    10.4


SKY COVER
  POSSIBLE SUNSHINE  MM
  AVERAGE SKY COVER 0.2


WEATHER CONDITIONS
 THE FOLLOWING WEATHER WAS RECORDED YESTERDAY.
  NO SIGNIFICANT WEATHER WAS OBSERVED.


RELATIVE HUMIDITY (PERCENT)
 HIGHEST    93          1200 AM
 LOWEST     54           600 PM
 AVERAGE    74

..........................................................


THE SPRINGFIELD IL CLIMATE NORMALS FOR TODAY
                         NORMAL    RECORD    YEAR
 MAXIMUM TEMPERATURE (F)   86       103      1913
 MINIMUM TEMPERATURE (F)   65        50      2013


SUNRISE AND SUNSET
JULY 29 2017..........SUNRISE   555 AM CDT   SUNSET   815 PM CDT
JULY 30 2017..........SUNRISE   556 AM CDT   SUNSET   814 PM CDT


-  INDICATES NEGATIVE NUMBERS.
R  INDICATES RECORD WAS SET OR TIED.
MM INDICATES DATA IS MISSING.
T  INDICATES TRACE AMOUNT.




$$
