000
CDUS43 KILX 222146
CLISPI


CLIMATE REPORT
NATIONAL WEATHER SERVICE LINCOLN IL
435 PM CDT FRI MAY 22 2015


...................................

...THE SPRINGFIELD IL CLIMATE SUMMARY FOR MAY 22 2015...
VALID TODAY AS OF 0400 PM LOCAL TIME.

CLIMATE NORMAL PERIOD 1981 TO 2010
CLIMATE RECORD PERIOD 1879 TO 2015


WEATHER ITEM   OBSERVED TIME   RECORD YEAR NORMAL DEPARTURE LAST
                VALUE   (LST)  VALUE       VALUE  FROM      YEAR
                                                  NORMAL
..................................................................
TEMPERATURE (F)
 TODAY
  MAXIMUM         80    147 PM  95    1925  77      3       79
  MINIMUM         50    442 AM  34    1883  55     -5       59
  AVERAGE         65                        66     -1       69

PRECIPITATION (IN)
  TODAY            0.00          1.38 1968   0.15  -0.15      T
  MONTH TO DATE    3.28                      2.97   0.31     2.15
  SINCE MAR 1      6.96                      9.11  -2.15     8.25
  SINCE JAN 1     10.24                     12.74  -2.50    13.68

SNOWFALL (IN)
  TODAY            0.0           0.0    MM   0.0    0.0      0.0
  MONTH TO DATE    0.0                       0.0    0.0      0.0
  SINCE MAR 1      3.7                       2.8    0.9      3.4
  SINCE JUL 1     33.9                      20.9   13.0     45.7
  SNOW DEPTH       0

DEGREE DAYS
 HEATING
  TODAY            0                         3     -3        0
  MONTH TO DATE   70                       106    -36      115
  SINCE MAR 1   1085                      1180    -95     1259
  SINCE JUL 1   5654                      5451    203     6206

 COOLING
  TODAY            0                         3     -3        4
  MONTH TO DATE   96                        46     50       84
  SINCE MAR 1    106                        66     40       94
  SINCE JAN 1    106                        66     40       94
..................................................................


WIND (MPH)
  HIGHEST WIND SPEED    10   HIGHEST WIND DIRECTION    NW (320)
  HIGHEST GUST SPEED    15   HIGHEST GUST DIRECTION     W (260)
  AVERAGE WIND SPEED     6.1


SKY COVER
  POSSIBLE SUNSHINE  MM
  AVERAGE SKY COVER 0.0


WEATHER CONDITIONS
 THE FOLLOWING WEATHER WAS RECORDED TODAY.
  NO SIGNIFICANT WEATHER WAS OBSERVED.


RELATIVE HUMIDITY (PERCENT)
 HIGHEST    77           500 AM
 LOWEST     23           200 PM
 AVERAGE    50

..........................................................


THE SPRINGFIELD IL CLIMATE NORMALS FOR TOMORROW
                         NORMAL    RECORD    YEAR
 MAXIMUM TEMPERATURE (F)   77        92      1964
                                             1921
 MINIMUM TEMPERATURE (F)   55        36      1963
                                             1961


SUNRISE AND SUNSET
MAY 22 2015...........SUNRISE   538 AM CDT   SUNSET   813 PM CDT
MAY 23 2015...........SUNRISE   538 AM CDT   SUNSET   814 PM CDT


-  INDICATES NEGATIVE NUMBERS.
R  INDICATES RECORD WAS SET OR TIED.
MM INDICATES DATA IS MISSING.
T  INDICATES TRACE AMOUNT.




$$
