000
CDUS43 KILX 050650
CLISPI


CLIMATE REPORT
NATIONAL WEATHER SERVICE LINCOLN IL
1238 AM CST THU MAR 5 2015


...................................

...THE SPRINGFIELD IL CLIMATE SUMMARY FOR MARCH 4 2015...

CLIMATE NORMAL PERIOD 1981 TO 2010
CLIMATE RECORD PERIOD 1879 TO 2015


WEATHER ITEM   OBSERVED TIME   RECORD YEAR NORMAL DEPARTURE LAST
                VALUE   (LST)  VALUE       VALUE  FROM      YEAR
                                                  NORMAL
..................................................................
TEMPERATURE (F)
 YESTERDAY
  MAXIMUM         34    104 AM  79    1961  47    -13       36
  MINIMUM         16    737 AM  -6    1978  28    -12       13
                                      1960
  AVERAGE         25                        38    -13       25

PRECIPITATION (IN)
  YESTERDAY        T             1.83 1963   0.08  -0.08     0.00
  MONTH TO DATE    0.33                      0.31   0.02     0.12
  SINCE MAR 1      0.33                      0.31   0.02     0.12
  SINCE JAN 1      3.61                      3.94  -0.33     5.55

SNOWFALL (IN)
  YESTERDAY        T             4.0  2008   0.1   -0.1      0.0
  MONTH TO DATE    3.7                       0.5    3.2      0.9
  SINCE MAR 1      3.7                       0.5    3.2      0.9
  SINCE JUL 1     33.9                      18.6   15.3     43.2
  SNOW DEPTH       6

DEGREE DAYS
 HEATING
  YESTERDAY       40                        28     12       40
  MONTH TO DATE  155                       113     42      186
  SINCE MAR 1    155                       113     42      186
  SINCE JUL 1   4724                      4384    340     5133

 COOLING
  YESTERDAY        0                         0      0        0
  MONTH TO DATE    0                         0      0        0
  SINCE MAR 1      0                         0      0        0
  SINCE JAN 1      0                         0      0        0
..................................................................


WIND (MPH)
  HIGHEST WIND SPEED    24   HIGHEST WIND DIRECTION    NW (320)
  HIGHEST GUST SPEED    31   HIGHEST GUST DIRECTION    NW (320)
  AVERAGE WIND SPEED    12.3


SKY COVER
  POSSIBLE SUNSHINE  MM
  AVERAGE SKY COVER 0.4


WEATHER CONDITIONS
 THE FOLLOWING WEATHER WAS RECORDED YESTERDAY.
  LIGHT SNOW


RELATIVE HUMIDITY (PERCENT)
 HIGHEST    78           200 AM
 LOWEST     45           600 PM
 AVERAGE    62

..........................................................


THE SPRINGFIELD IL CLIMATE NORMALS FOR TODAY
                         NORMAL    RECORD    YEAR
 MAXIMUM TEMPERATURE (F)   47        76      1956
 MINIMUM TEMPERATURE (F)   29       -12      1960


SUNRISE AND SUNSET
MARCH  5 2015.........SUNRISE   626 AM CST   SUNSET   555 PM CST
MARCH  6 2015.........SUNRISE   625 AM CST   SUNSET   556 PM CST


-  INDICATES NEGATIVE NUMBERS.
R  INDICATES RECORD WAS SET OR TIED.
MM INDICATES DATA IS MISSING.
T  INDICATES TRACE AMOUNT.




$$
