000
CDUS43 KILX 202231
CLISPI


CLIMATE REPORT
NATIONAL WEATHER SERVICE LINCOLN IL
430 PM CST FRI JAN 20 2017


...................................

...THE SPRINGFIELD IL CLIMATE SUMMARY FOR JANUARY 20 2017...
VALID TODAY AS OF 0400 PM LOCAL TIME.

CLIMATE NORMAL PERIOD 1981 TO 2010
CLIMATE RECORD PERIOD 1879 TO 2017


WEATHER ITEM   OBSERVED TIME   RECORD YEAR NORMAL DEPARTURE LAST
                VALUE   (LST)  VALUE       VALUE  FROM      YEAR
                                                  NORMAL
..................................................................
TEMPERATURE (F)
 TODAY
  MAXIMUM         53    355 PM  71    1906  35     18       25
  MINIMUM         43    527 AM -21    1985  18     25        8
  AVERAGE         48                        26     22       17

PRECIPITATION (IN)
  TODAY            0.07          1.55 1898   0.05   0.02     0.03
  MONTH TO DATE    1.02                      1.22  -0.20     1.09
  SINCE DEC 1      1.93                      3.74  -1.81     7.65
  SINCE JAN 1      1.02                      1.22  -0.20     1.09

SNOWFALL (IN)
  TODAY            0.0           5.6  1922   0.2   -0.2      0.4
  MONTH TO DATE    0.9                       4.1   -3.2      6.7
  SINCE DEC 1      3.6                       9.7   -6.1      6.8
  SINCE JUL 1      3.6                      10.3   -6.7      7.3
  SNOW DEPTH       0

DEGREE DAYS
 HEATING
  TODAY           17                        38    -21       48
  MONTH TO DATE  663                       767   -104      764
  SINCE DEC 1   1711                      1839   -128     1456
  SINCE JUL 1   2362                      2907   -545     2226

 COOLING
  TODAY            0                         0      0        0
  MONTH TO DATE    0                         0      0        0
  SINCE DEC 1      0                         0      0        0
  SINCE JAN 1      0                         0      0        0
..................................................................


WIND (MPH)
  HIGHEST WIND SPEED    16   HIGHEST WIND DIRECTION    NE (60)
  HIGHEST GUST SPEED    19   HIGHEST GUST DIRECTION     S (160)
  AVERAGE WIND SPEED     3.8


SKY COVER
  POSSIBLE SUNSHINE  MM
  AVERAGE SKY COVER 1.0


WEATHER CONDITIONS
 THE FOLLOWING WEATHER WAS RECORDED TODAY.
  RAIN
  LIGHT RAIN
  FOG
  FOG W/VISIBILITY <= 1/4 MILE


RELATIVE HUMIDITY (PERCENT)
 HIGHEST   100           900 AM
 LOWEST     77           400 PM
 AVERAGE    89

..........................................................


THE SPRINGFIELD IL CLIMATE NORMALS FOR TOMORROW
                         NORMAL    RECORD    YEAR
 MAXIMUM TEMPERATURE (F)   35        63      1986
                                             1906
 MINIMUM TEMPERATURE (F)   18       -15      1984


SUNRISE AND SUNSET
JANUARY 20 2017.......SUNRISE   716 AM CST   SUNSET   504 PM CST
JANUARY 21 2017.......SUNRISE   715 AM CST   SUNSET   506 PM CST


-  INDICATES NEGATIVE NUMBERS.
R  INDICATES RECORD WAS SET OR TIED.
MM INDICATES DATA IS MISSING.
T  INDICATES TRACE AMOUNT.




$$
