000
CDUS44 KOUN 300653 RRA
CLISPS

CLIMATE REPORT
NATIONAL WEATHER SERVICE NORMAN OK
150 AM CDT MON MAY 30 2016


...................................

...THE WICHITA FALLS CLIMATE SUMMARY FOR MAY 29 2016...

CLIMATE NORMAL PERIOD 1981 TO 2010
CLIMATE RECORD PERIOD 1897 TO 2016


WEATHER ITEM   OBSERVED TIME   RECORD YEAR NORMAL DEPARTURE LAST
                VALUE   (LST)  VALUE       VALUE  FROM      YEAR
                                                  NORMAL
..................................................................
TEMPERATURE (F)
 YESTERDAY
  MAXIMUM         89    204 PM 106    1927  87      2       82
  MINIMUM         65    249 AM  42    1947  64      1       63
  AVERAGE         77                        75      2       73

PRECIPITATION (IN)
  YESTERDAY        0.19          5.00 1900   0.14   0.05     0.01
  MONTH TO DATE    5.80                      3.50   2.30    16.83
  SINCE JAN 1     16.16                     11.20   4.96    24.94

DEGREE DAYS
 COOLING
  YESTERDAY       12                        10      2        8
  MONTH TO DATE  167                       204    -37      151
  SINCE JAN 1    235                       296    -61      231
..................................................................


WIND (MPH)
  HIGHEST WIND SPEED    22   HIGHEST WIND DIRECTION     S (170)
  HIGHEST GUST SPEED    31   HIGHEST GUST DIRECTION     S (170)
  AVERAGE WIND SPEED    10.1


SKY COVER
  AVERAGE SKY COVER 0.1


WEATHER CONDITIONS
 THE FOLLOWING WEATHER WAS RECORDED YESTERDAY.
  THUNDERSTORM
  RAIN
  LIGHT RAIN
  FOG


RELATIVE HUMIDITY (PERCENT)
 HIGHEST    93          1100 PM
 LOWEST     40           200 PM
 AVERAGE    67

..........................................................


THE WICHITA FALLS CLIMATE NORMALS FOR TODAY
                         NORMAL    RECORD    YEAR
 MAXIMUM TEMPERATURE (F)   87       105      1985
 MINIMUM TEMPERATURE (F)   64        46      1947


SUNRISE AND SUNSET
MAY 30 2016...........SUNRISE   624 AM CDT   SUNSET   839 PM CDT
MAY 31 2016...........SUNRISE   624 AM CDT   SUNSET   840 PM CDT


-  INDICATES NEGATIVE NUMBERS.
R  INDICATES RECORD WAS SET OR TIED.
MM INDICATES DATA IS MISSING.
T  INDICATES TRACE AMOUNT.

$$
