000
CDUS44 KOUN 170632 RRA
CLISPS

CLIMATE REPORT
NATIONAL WEATHER SERVICE NORMAN OK
132 AM CDT TUE OCT 17 2017


...................................

...THE WICHITA FALLS CLIMATE SUMMARY FOR OCTOBER 16 2017...

CLIMATE NORMAL PERIOD 1981 TO 2010
CLIMATE RECORD PERIOD 1897 TO 2017


WEATHER ITEM   OBSERVED TIME   RECORD YEAR NORMAL DEPARTURE LAST
                VALUE   (LST)  VALUE       VALUE  FROM      YEAR
                                                  NORMAL
..................................................................
TEMPERATURE (F)
 YESTERDAY
  MAXIMUM         72    351 PM  96    1972  77     -5       91
  MINIMUM         43    451 AM  35    1977  52     -9       66
  AVERAGE         58                        64     -6       79

PRECIPITATION (IN)
  YESTERDAY        0.00          1.00 1905   0.11  -0.11     0.00
  MONTH TO DATE    0.80                      1.54  -0.74     2.03
  SINCE SEP 1      3.87                      4.35  -0.48    11.85
  SINCE JAN 1     23.95                     24.08  -0.13    34.23

SNOWFALL (IN)
  YESTERDAY        0.0

DEGREE DAYS
 HEATING
  YESTERDAY        7                         3      4        0
  MONTH TO DATE   25                        36    -11       18
  SINCE SEP 1     29                        49    -20       20
  SINCE JUL 1     29                        49    -20       20

 COOLING
  YESTERDAY        0                         3     -3       14
  MONTH TO DATE  110                        69     41       88
  SINCE SEP 1    443                       403     40      488
  SINCE JAN 1   2285                      2348    -63     2424
..................................................................


WIND (MPH)
  HIGHEST WIND SPEED    12   HIGHEST WIND DIRECTION    NE (60)
  HIGHEST GUST SPEED    16   HIGHEST GUST DIRECTION    NE (40)
  AVERAGE WIND SPEED     4.6


SKY COVER
  AVERAGE SKY COVER 0.0


WEATHER CONDITIONS
 THE FOLLOWING WEATHER WAS RECORDED YESTERDAY.
  NO SIGNIFICANT WEATHER WAS OBSERVED.


RELATIVE HUMIDITY (PERCENT)
 HIGHEST    83           300 AM
 LOWEST     29           400 PM
 AVERAGE    56

..........................................................


THE WICHITA FALLS CLIMATE NORMALS FOR TODAY
                         NORMAL    RECORD    YEAR
 MAXIMUM TEMPERATURE (F)   77       102      1972
 MINIMUM TEMPERATURE (F)   52        35      1976


SUNRISE AND SUNSET
OCTOBER 17 2017.......SUNRISE   741 AM CDT   SUNSET   657 PM CDT
OCTOBER 18 2017.......SUNRISE   742 AM CDT   SUNSET   656 PM CDT


-  INDICATES NEGATIVE NUMBERS.
R  INDICATES RECORD WAS SET OR TIED.
MM INDICATES DATA IS MISSING.
T  INDICATES TRACE AMOUNT.




$$
