000
CDUS44 KOUN 292217
CLISPS

CLIMATE REPORT
NATIONAL WEATHER SERVICE NORMAN OK
515 PM CDT MON AUG 29 2016


...................................

...THE WICHITA FALLS CLIMATE SUMMARY FOR AUGUST 29 2016...
VALID TODAY AS OF 0500 PM LOCAL TIME.

CLIMATE NORMAL PERIOD 1981 TO 2010
CLIMATE RECORD PERIOD 1897 TO 2016


WEATHER ITEM   OBSERVED TIME   RECORD YEAR NORMAL DEPARTURE LAST
                VALUE   (LST)  VALUE       VALUE  FROM      YEAR
                                                  NORMAL
..................................................................
TEMPERATURE (F)
 TODAY
  MAXIMUM         94    358 PM 108    2011  94      0       98
  MINIMUM         69    628 AM  57    1986  69      0       71
  AVERAGE         82                        82      0       85

PRECIPITATION (IN)
  TODAY            0.00          1.46 1996   0.09  -0.09     0.00
  MONTH TO DATE    0.77                      2.30  -1.53     1.49
  SINCE JAN 1     22.37                     19.53   2.84    33.58

DEGREE DAYS
 COOLING
  TODAY           17                        17      0       20
  MONTH TO DATE  538                       555    -17      555
  SINCE JAN 1   1900                      1911    -11     1852
..................................................................


WIND (MPH)
  HIGHEST WIND SPEED    14   HIGHEST WIND DIRECTION     E (110)
  HIGHEST GUST SPEED    17   HIGHEST GUST DIRECTION    NE (60)
  AVERAGE WIND SPEED     5.5


SKY COVER
  AVERAGE SKY COVER 0.3


WEATHER CONDITIONS
 THE FOLLOWING WEATHER WAS RECORDED TODAY.
  NO SIGNIFICANT WEATHER WAS OBSERVED.


RELATIVE HUMIDITY (PERCENT)
 HIGHEST    90           300 AM
 LOWEST     36           400 PM
 AVERAGE    63

..........................................................


THE WICHITA FALLS CLIMATE NORMALS FOR TOMORROW
                         NORMAL    RECORD    YEAR
 MAXIMUM TEMPERATURE (F)   94       109      2011
 MINIMUM TEMPERATURE (F)   69        56      1946


SUNRISE AND SUNSET
AUGUST 29 2016........SUNRISE   706 AM CDT   SUNSET   803 PM CDT
AUGUST 30 2016........SUNRISE   707 AM CDT   SUNSET   802 PM CDT


-  INDICATES NEGATIVE NUMBERS.
R  INDICATES RECORD WAS SET OR TIED.
MM INDICATES DATA IS MISSING.
T  INDICATES TRACE AMOUNT.

$$
