000
CDUS44 KOUN 252316 RRA
CLISPS

CLIMATE REPORT
NATIONAL WEATHER SERVICE NORMAN OK
516 PM CST SAT FEB 25 2017


...................................

...THE WICHITA FALLS CLIMATE SUMMARY FOR FEBRUARY 25 2017...
VALID TODAY AS OF 0500 PM LOCAL TIME.

CLIMATE NORMAL PERIOD 1981 TO 2010
CLIMATE RECORD PERIOD 1897 TO 2017


WEATHER ITEM   OBSERVED TIME   RECORD YEAR NORMAL DEPARTURE LAST
                VALUE   (LST)  VALUE       VALUE  FROM      YEAR
                                                  NORMAL
..................................................................
TEMPERATURE (F)
 TODAY
  MAXIMUM         50    438 PM  87    2008  61    -11       54
  MINIMUM         25    657 AM   7    1960  36    -11       32
  AVERAGE         38                        48    -10       43

PRECIPITATION (IN)
  TODAY            0.00          0.73 1982   0.07  -0.07     0.00
  MONTH TO DATE    2.10                      1.51   0.59     1.27
  SINCE JAN 1      3.97                      2.65   1.32     1.70

SNOWFALL (IN)
  TODAY            0.0                       0.0    0.0      0.0
  MONTH TO DATE    0.0                       0.6   -0.6      0.0
  SINCE JUL 1      T                         3.3   -3.3      2.6
  SNOW DEPTH       0

DEGREE DAYS
 HEATING
  TODAY           27                        17     10       22
  MONTH TO DATE  295                       489   -194      359
  SINCE JUL 1   1823                      2399   -576     1928
..................................................................


WIND (MPH)
  HIGHEST WIND SPEED    17   HIGHEST WIND DIRECTION     N (20)
  HIGHEST GUST SPEED    20   HIGHEST GUST DIRECTION     N (20)
  AVERAGE WIND SPEED     8.1


SKY COVER
  AVERAGE SKY COVER 0.0


WEATHER CONDITIONS
 THE FOLLOWING WEATHER WAS RECORDED TODAY.
  NO SIGNIFICANT WEATHER WAS OBSERVED.


RELATIVE HUMIDITY (PERCENT)
 HIGHEST    85           500 AM
 LOWEST     29           400 PM
 AVERAGE    57

..........................................................


THE WICHITA FALLS CLIMATE NORMALS FOR TOMORROW
                         NORMAL    RECORD    YEAR
 MAXIMUM TEMPERATURE (F)   61        91      2009
 MINIMUM TEMPERATURE (F)   36        16      1934


SUNRISE AND SUNSET
FEBRUARY 25 2017......SUNRISE   707 AM CST   SUNSET   627 PM CST
FEBRUARY 26 2017......SUNRISE   706 AM CST   SUNSET   628 PM CST


-  INDICATES NEGATIVE NUMBERS.
R  INDICATES RECORD WAS SET OR TIED.
MM INDICATES DATA IS MISSING.
T  INDICATES TRACE AMOUNT.

$$
