000
CDUS44 KOUN 282217
CLISPS

CLIMATE REPORT
NATIONAL WEATHER SERVICE NORMAN OK
515 PM CDT WED SEP 28 2016


...................................

...THE WICHITA FALLS CLIMATE SUMMARY FOR SEPTEMBER 28 2016...
VALID TODAY AS OF 0500 PM LOCAL TIME.

CLIMATE NORMAL PERIOD 1981 TO 2010
CLIMATE RECORD PERIOD 1897 TO 2016


WEATHER ITEM   OBSERVED TIME   RECORD YEAR NORMAL DEPARTURE LAST
                VALUE   (LST)  VALUE       VALUE  FROM      YEAR
                                                  NORMAL
..................................................................
TEMPERATURE (F)
 TODAY
  MAXIMUM         91    359 PM 106    1953  83      8       90
  MINIMUM         55    647 AM  41    1945  58     -3       62
  AVERAGE         73                        71      2       76

PRECIPITATION (IN)
  TODAY            0.00          1.05 1980   0.08  -0.08     0.00
  MONTH TO DATE    9.82                      2.66   7.16     1.60
  SINCE JAN 1     32.20                     22.39   9.81    35.18

DEGREE DAYS
 HEATING
  TODAY            0                         1     -1        0
  MONTH TO DATE    0                        10    -10        0
  SINCE JUL 1      0                        10    -10        0

 COOLING
  TODAY            8                         7      1       11
  MONTH TO DATE  400                       322     78      441
  SINCE JAN 1   2336                      2267     69     2326
..................................................................


WIND (MPH)
  HIGHEST WIND SPEED    12   HIGHEST WIND DIRECTION    NW (320)
  HIGHEST GUST SPEED    16   HIGHEST GUST DIRECTION     W (280)
  AVERAGE WIND SPEED     7.0


SKY COVER
  AVERAGE SKY COVER 0.3


WEATHER CONDITIONS
 THE FOLLOWING WEATHER WAS RECORDED TODAY.
  NO SIGNIFICANT WEATHER WAS OBSERVED.


RELATIVE HUMIDITY (PERCENT)
 HIGHEST    86           700 AM
 LOWEST     25           400 PM
 AVERAGE    56

..........................................................


THE WICHITA FALLS CLIMATE NORMALS FOR TOMORROW
                         NORMAL    RECORD    YEAR
 MAXIMUM TEMPERATURE (F)   83       104      1977
 MINIMUM TEMPERATURE (F)   58        43      1984


SUNRISE AND SUNSET
SEPTEMBER 28 2016.....SUNRISE   727 AM CDT   SUNSET   722 PM CDT
SEPTEMBER 29 2016.....SUNRISE   727 AM CDT   SUNSET   720 PM CDT


-  INDICATES NEGATIVE NUMBERS.
R  INDICATES RECORD WAS SET OR TIED.
MM INDICATES DATA IS MISSING.
T  INDICATES TRACE AMOUNT.

$$
