000
CDUS44 KOUN 042226 RRA
CLISPS

CLIMATE REPORT
NATIONAL WEATHER SERVICE NORMAN OK
525 PM CDT TUE AUG 4 2015


...................................

...THE WICHITA FALLS CLIMATE SUMMARY FOR AUGUST 4 2015...
VALID TODAY AS OF 0500 PM LOCAL TIME.

CLIMATE NORMAL PERIOD 1981 TO 2010
CLIMATE RECORD PERIOD 1897 TO 2015


WEATHER ITEM   OBSERVED TIME   RECORD YEAR NORMAL DEPARTURE LAST
                VALUE   (LST)  VALUE       VALUE  FROM      YEAR
                                                  NORMAL
..................................................................
TEMPERATURE (F)
 TODAY
  MAXIMUM         95    359 PM 111    2011  98     -3       90
  MINIMUM         72    911 AM  62    1973  73     -1       68
  AVERAGE         84                        85     -1       79

PRECIPITATION (IN)
  TODAY            0.13          2.02 1978   0.08   0.05     0.00
  MONTH TO DATE    1.04                      0.28   0.76     0.00
  SINCE JAN 1     33.13                     17.51  15.62    13.77

DEGREE DAYS
 COOLING
  TODAY           19                        20     -1       14
  MONTH TO DATE   71                        80     -9       49
  SINCE JAN 1   1368                      1436    -68     1439
..................................................................


WIND (MPH)
  HIGHEST WIND SPEED    21   HIGHEST WIND DIRECTION    SE (120)
  HIGHEST GUST SPEED    24   HIGHEST GUST DIRECTION     S (200)
  AVERAGE WIND SPEED    12.2


SKY COVER
  AVERAGE SKY COVER 0.7


WEATHER CONDITIONS
 THE FOLLOWING WEATHER WAS RECORDED TODAY.
  HEAVY RAIN
  RAIN
  LIGHT RAIN
  FOG


RELATIVE HUMIDITY (PERCENT)
 HIGHEST    74           500 AM
 LOWEST     44           400 PM
 AVERAGE    59

..........................................................


THE WICHITA FALLS CLIMATE NORMALS FOR TOMORROW
                         NORMAL    RECORD    YEAR
 MAXIMUM TEMPERATURE (F)   98       110      2011
                                             1964
 MINIMUM TEMPERATURE (F)   73        61      1948


SUNRISE AND SUNSET
AUGUST  4 2015........SUNRISE   647 AM CDT   SUNSET   832 PM CDT
AUGUST  5 2015........SUNRISE   648 AM CDT   SUNSET   831 PM CDT


-  INDICATES NEGATIVE NUMBERS.
R  INDICATES RECORD WAS SET OR TIED.
MM INDICATES DATA IS MISSING.
T  INDICATES TRACE AMOUNT.

$$
