000
CDUS44 KOUN 300646 RRA
CLISPS

CLIMATE REPORT
NATIONAL WEATHER SERVICE NORMAN OK
145 AM CDT THU MAR 30 2017


...................................

...THE WICHITA FALLS CLIMATE SUMMARY FOR MARCH 29 2017...

CLIMATE NORMAL PERIOD 1981 TO 2010
CLIMATE RECORD PERIOD 1897 TO 2017


WEATHER ITEM   OBSERVED TIME   RECORD YEAR NORMAL DEPARTURE LAST
                VALUE   (LST)  VALUE       VALUE  FROM      YEAR
                                                  NORMAL
..................................................................
TEMPERATURE (F)
 YESTERDAY
  MAXIMUM         70   1228 PM  98    1967  71     -1       76
  MINIMUM         48   1155 PM  23    1944  44      4       46
  AVERAGE         59                        58      1       61

PRECIPITATION (IN)
  YESTERDAY        0.27          0.92 1933   0.06   0.21     0.00
  MONTH TO DATE    0.75                      2.07  -1.32     1.35
  SINCE JAN 1      4.72                      4.96  -0.24     3.05

SNOWFALL (IN)
  YESTERDAY        0.0                       0.0    0.0      0.0
  MONTH TO DATE    0.0                       0.5   -0.5      0.0
  SINCE JUL 1      T                         3.9   -3.9      2.6
  SNOW DEPTH       0

DEGREE DAYS
 HEATING
  YESTERDAY        6                         8     -2        4
  MONTH TO DATE  197                       342   -145      222
  SINCE JUL 1   2041                      2788   -747     2184

 COOLING
  YESTERDAY        0                         1     -1        0
  MONTH TO DATE   57                        15     42        3
  SINCE JAN 1     75                        18     57       12
..................................................................


WIND (MPH)
  HIGHEST WIND SPEED    28   HIGHEST WIND DIRECTION     N (350)
  HIGHEST GUST SPEED    31   HIGHEST GUST DIRECTION     N (350)
  AVERAGE WIND SPEED    14.9


SKY COVER
  AVERAGE SKY COVER 0.7


WEATHER CONDITIONS
 THE FOLLOWING WEATHER WAS RECORDED YESTERDAY.
  THUNDERSTORM
  RAIN
  LIGHT RAIN
  FOG


RELATIVE HUMIDITY (PERCENT)
 HIGHEST    93           200 AM
 LOWEST     53          1200 PM
 AVERAGE    73

..........................................................


THE WICHITA FALLS CLIMATE NORMALS FOR TODAY
                         NORMAL    RECORD    YEAR
 MAXIMUM TEMPERATURE (F)   71        91      2008
 MINIMUM TEMPERATURE (F)   45        23      1987


SUNRISE AND SUNSET
MARCH 30 2017.........SUNRISE   724 AM CDT   SUNSET   753 PM CDT
MARCH 31 2017.........SUNRISE   722 AM CDT   SUNSET   754 PM CDT


-  INDICATES NEGATIVE NUMBERS.
R  INDICATES RECORD WAS SET OR TIED.
MM INDICATES DATA IS MISSING.
T  INDICATES TRACE AMOUNT.




$$
