000
CDUS44 KOUN 070632
CLISPS

CLIMATE REPORT
NATIONAL WEATHER SERVICE NORMAN OK
1229 AM CST SUN FEB 7 2016


...................................

...THE WICHITA FALLS CLIMATE SUMMARY FOR FEBRUARY 6 2016...

CLIMATE NORMAL PERIOD 1981 TO 2010
CLIMATE RECORD PERIOD 1897 TO 2016


WEATHER ITEM   OBSERVED TIME   RECORD YEAR NORMAL DEPARTURE LAST
                VALUE   (LST)  VALUE       VALUE  FROM      YEAR
                                                  NORMAL
..................................................................
TEMPERATURE (F)
 YESTERDAY
  MAXIMUM         54    447 PM  83    1950  56     -2       64
  MINIMUM         31    729 AM  10    1989  32     -1       26
                                      1982
  AVERAGE         43                        44     -1       45

PRECIPITATION (IN)
  YESTERDAY        0.00          0.58 2005   0.05  -0.05     0.00
  MONTH TO DATE    0.01                      0.27  -0.26      T
  SINCE JAN 1      0.44                      1.41  -0.97     2.17

SNOWFALL (IN)
  YESTERDAY        0.0                       0.1   -0.1      0.0
  MONTH TO DATE    0.0                       0.2   -0.2      0.0
  SINCE JUL 1      2.6                       2.9   -0.3      2.3
  SNOW DEPTH       0

DEGREE DAYS
 HEATING
  YESTERDAY       22                        21      1       20
  MONTH TO DATE  126                       128     -2      161
  SINCE JUL 1   1695                      2038   -343     1977
..................................................................


WIND (MPH)
  HIGHEST WIND SPEED    20   HIGHEST WIND DIRECTION     N (340)
  HIGHEST GUST SPEED    24   HIGHEST GUST DIRECTION    NW (330)
  AVERAGE WIND SPEED     9.2


SKY COVER
  AVERAGE SKY COVER 0.0


WEATHER CONDITIONS
 THE FOLLOWING WEATHER WAS RECORDED YESTERDAY.
  NO SIGNIFICANT WEATHER WAS OBSERVED.


RELATIVE HUMIDITY (PERCENT)
 HIGHEST    85           500 AM
 LOWEST     35           300 PM
 AVERAGE    60

..........................................................


THE WICHITA FALLS CLIMATE NORMALS FOR TODAY
                         NORMAL    RECORD    YEAR
 MAXIMUM TEMPERATURE (F)   57        85      1950
 MINIMUM TEMPERATURE (F)   32         3      1933


SUNRISE AND SUNSET
FEBRUARY  7 2016......SUNRISE   726 AM CST   SUNSET   610 PM CST
FEBRUARY  8 2016......SUNRISE   726 AM CST   SUNSET   611 PM CST


-  INDICATES NEGATIVE NUMBERS.
R  INDICATES RECORD WAS SET OR TIED.
MM INDICATES DATA IS MISSING.
T  INDICATES TRACE AMOUNT.




$$
