000
CDUS44 KOUN 222318 RRA
CLISPS

CLIMATE REPORT
NATIONAL WEATHER SERVICE NORMAN OK
518 PM CST MON DEC 22 2014


...................................

...THE WICHITA FALLS CLIMATE SUMMARY FOR DECEMBER 22 2014...
VALID TODAY AS OF 0500 PM LOCAL TIME.

CLIMATE NORMAL PERIOD 1981 TO 2010
CLIMATE RECORD PERIOD 1897 TO 2014


WEATHER ITEM   OBSERVED TIME   RECORD YEAR NORMAL DEPARTURE LAST
                VALUE   (LST)  VALUE       VALUE  FROM      YEAR
                                                  NORMAL
..................................................................
TEMPERATURE (F)
 TODAY
  MAXIMUM         63    225 PM  80    1982  53     10       39
  MINIMUM         40    851 AM  -4    1989  30     10       24
  AVERAGE         52                        42     10       32

PRECIPITATION (IN)
  TODAY            0.00          2.20 1918   0.05  -0.05     0.00
  MONTH TO DATE    0.80                      1.19  -0.39     1.29
  SINCE JAN 1     23.62                     28.49  -4.87    21.33

SNOWFALL (IN)
  TODAY            0.0                       0.0    0.0      0.0
  MONTH TO DATE    0.0                       0.6   -0.6      0.5
  SINCE JUL 1      0.3                       0.9   -0.6      0.7
  SNOW DEPTH       0

DEGREE DAYS
 HEATING
  TODAY           13                        23    -10       33
  MONTH TO DATE  354                       476   -122      566
  SINCE JUL 1    866                       983   -117     1124
..................................................................


WIND (MPH)
  HIGHEST WIND SPEED    21   HIGHEST WIND DIRECTION    NW (330)
  HIGHEST GUST SPEED    27   HIGHEST GUST DIRECTION    NW (320)
  AVERAGE WIND SPEED    12.9


SKY COVER
  AVERAGE SKY COVER 0.1


WEATHER CONDITIONS
 THE FOLLOWING WEATHER WAS RECORDED TODAY.
  FOG


RELATIVE HUMIDITY (PERCENT)
 HIGHEST    93           900 AM
 LOWEST     39           300 PM
 AVERAGE    66

..........................................................


THE WICHITA FALLS CLIMATE NORMALS FOR TOMORROW
                         NORMAL    RECORD    YEAR
 MAXIMUM TEMPERATURE (F)   53        76      1982
                                             1971
                                             1955
 MINIMUM TEMPERATURE (F)   30        -7      1989


SUNRISE AND SUNSET
DECEMBER 22 2014......SUNRISE   736 AM CST   SUNSET   529 PM CST
DECEMBER 23 2014......SUNRISE   736 AM CST   SUNSET   530 PM CST


-  INDICATES NEGATIVE NUMBERS.
R  INDICATES RECORD WAS SET OR TIED.
MM INDICATES DATA IS MISSING.
T  INDICATES TRACE AMOUNT.

$$
