000
CDUS44 KOUN 230634
CLISPS

CLIMATE REPORT
NATIONAL WEATHER SERVICE NORMAN OK
132 AM CDT FRI JUN 23 2017


...................................

...THE WICHITA FALLS CLIMATE SUMMARY FOR JUNE 22 2017...

CLIMATE NORMAL PERIOD 1981 TO 2010
CLIMATE RECORD PERIOD 1897 TO 2017


WEATHER ITEM   OBSERVED TIME   RECORD YEAR NORMAL DEPARTURE LAST
                VALUE   (LST)  VALUE       VALUE  FROM      YEAR
                                                  NORMAL
..................................................................
TEMPERATURE (F)
 YESTERDAY
  MAXIMUM         92    539 PM 107    1936  93     -1       95
  MINIMUM         63    522 AM  58    1970  69     -6       74
  AVERAGE         78                        81     -3       85

PRECIPITATION (IN)
  YESTERDAY        0.00          1.54 2004   0.11  -0.11     0.00
  MONTH TO DATE    1.72                      3.39  -1.67     3.29
  SINCE JUN 1      1.72                      3.39  -1.67     3.29
  SINCE JAN 1     12.04                     14.88  -2.84    19.78

SNOWFALL (IN)
  YESTERDAY        0.0

DEGREE DAYS
 HEATING
  YESTERDAY        0                         0      0        0
  MONTH TO DATE    0                         0      0        0
  SINCE JUN 1      0                         0      0        0
  SINCE JUL 1   2162                      2968   -806     2312

 COOLING
  YESTERDAY       13                        16     -3       20
  MONTH TO DATE  297                       300     -3      316
  SINCE JUN 1    297                       300     -3      316
  SINCE JAN 1    646                       619     27      569
..................................................................


WIND (MPH)
  HIGHEST WIND SPEED    13   HIGHEST WIND DIRECTION    SE (140)
  HIGHEST GUST SPEED    15   HIGHEST GUST DIRECTION    SE (140)
  AVERAGE WIND SPEED     6.0


SKY COVER
  AVERAGE SKY COVER 0.2


WEATHER CONDITIONS
 THE FOLLOWING WEATHER WAS RECORDED YESTERDAY.
  NO SIGNIFICANT WEATHER WAS OBSERVED.


RELATIVE HUMIDITY (PERCENT)
 HIGHEST    87           500 AM
 LOWEST     36           400 PM
 AVERAGE    62

..........................................................


THE WICHITA FALLS CLIMATE NORMALS FOR TODAY
                         NORMAL    RECORD    YEAR
 MAXIMUM TEMPERATURE (F)   93       104      2011
                                             1984
                                             1967
 MINIMUM TEMPERATURE (F)   69        60      2004


SUNRISE AND SUNSET
JUNE 23 2017..........SUNRISE   624 AM CDT   SUNSET   849 PM CDT
JUNE 24 2017..........SUNRISE   624 AM CDT   SUNSET   849 PM CDT


-  INDICATES NEGATIVE NUMBERS.
R  INDICATES RECORD WAS SET OR TIED.
MM INDICATES DATA IS MISSING.
T  INDICATES TRACE AMOUNT.




$$
