000
CDUS42 KTBW 262214
CLISRQ


CLIMATE REPORT
NATIONAL WEATHER SERVICE TAMPA BAY FL
512 PM EST THU FEB 26 2015


...................................

...THE SARASOTA BRADENTON CLIMATE SUMMARY FOR FEBRUARY 26 2015...
VALID TODAY AS OF 0500 PM LOCAL TIME.

CLIMATE NORMAL PERIOD 1981 TO 2010
CLIMATE RECORD PERIOD 1911 TO 2015


WEATHER ITEM   OBSERVED TIME   RECORD YEAR NORMAL DEPARTURE LAST
                VALUE   (LST)  VALUE       VALUE  FROM      YEAR
                                                  NORMAL
..................................................................
TEMPERATURE (F)
 TODAY
  MAXIMUM         70   1054 AM  87    1962  74     -4       76
  MINIMUM         61    459 PM  27    1967  55      6       57
  AVERAGE         66                        64      2       67

PRECIPITATION (IN)
  TODAY            0.01          3.19 1992   0.15  -0.14     0.10
  MONTH TO DATE    3.81                      2.40   1.41     1.47
  SINCE DEC 1      5.35                      7.42  -2.07     3.78
  SINCE JAN 1      4.88                      4.89  -0.01     3.57

DEGREE DAYS
 HEATING
  TODAY            0                         3     -3        0
  MONTH TO DATE  142                        92     50       45
  SINCE DEC 1    363                       379    -16      280
  SINCE JUL 1    448                       412     36      298

 COOLING
  TODAY            1                         2     -1        2
  MONTH TO DATE   11                        48    -37       85
  SINCE DEC 1    159                       174    -15      273
  SINCE JAN 1     70                       100    -30      116
..................................................................


WIND (MPH)
  RESULTANT WIND SPEED   5   RESULTANT WIND DIRECTION  SW (240)
  HIGHEST WIND SPEED    26   HIGHEST WIND DIRECTION     S (190)
  HIGHEST GUST SPEED    35   HIGHEST GUST DIRECTION     S (190)
  AVERAGE WIND SPEED    13.7


SKY COVER
  POSSIBLE SUNSHINE  MM
  AVERAGE SKY COVER 1.0


WEATHER CONDITIONS
 THE FOLLOWING WEATHER WAS RECORDED TODAY.
  LIGHT RAIN
  FOG


RELATIVE HUMIDITY (PERCENT)
 HIGHEST   100           200 AM
 LOWEST     68           200 PM

..........................................................


THE SARASOTA BRADENTON CLIMATE NORMALS FOR TOMORROW
                         NORMAL    RECORD    YEAR
 MAXIMUM TEMPERATURE (F)   74        86      1927
 MINIMUM TEMPERATURE (F)   55        31      1974


SUNRISE AND SUNSET
FEBRUARY 26 2015......SUNRISE   658 AM EST   SUNSET   629 PM EST
FEBRUARY 27 2015......SUNRISE   657 AM EST   SUNSET   630 PM EST


-  INDICATES NEGATIVE NUMBERS.
R  INDICATES RECORD WAS SET OR TIED.
MM INDICATES DATA IS MISSING.
T  INDICATES TRACE AMOUNT.




$$


&&
------------------------------------------------------------------
******************** SUPPLEMENTAL DATA ***************************

...GULF WATER TEMPERATURE AT NEW PASS 64
