000
CDUS42 KTBW 132217
CLISRQ


CLIMATE REPORT
NATIONAL WEATHER SERVICE TAMPA BAY FL
514 PM EST WED DEC 13 2017


...................................

...THE SARASOTA BRADENTON CLIMATE SUMMARY FOR DECEMBER 13 2017...
VALID TODAY AS OF 0500 PM LOCAL TIME.

CLIMATE NORMAL PERIOD 1981 TO 2010
CLIMATE RECORD PERIOD 1911 TO 2017


WEATHER ITEM   OBSERVED TIME   RECORD YEAR NORMAL DEPARTURE LAST
                VALUE   (LST)  VALUE       VALUE  FROM      YEAR
                                                  NORMAL
..................................................................
TEMPERATURE (F)
 TODAY
  MAXIMUM         63    257 PM  87    1965  74    -11       79
  MINIMUM         45    726 AM  22    1962  54     -9       61
  AVERAGE         54                        64    -10       70

PRECIPITATION (IN)
  TODAY            0.00          3.50 1997   0.09  -0.09     0.00
  MONTH TO DATE    1.04                      0.94   0.10     1.22
  SINCE DEC 1      1.04                      0.94   0.10     1.22
  SINCE JAN 1     65.23                     51.42  13.81    49.08

DEGREE DAYS
 HEATING
  TODAY           11                         4      7        0
  MONTH TO DATE   45                        39      6        9
  SINCE DEC 1     45                        39      6        9
  SINCE JUL 1     58                        72    -14       20

 COOLING
  TODAY            0                         3     -3        5
  MONTH TO DATE   54                        39     15       62
  SINCE DEC 1     54                        39     15       62
  SINCE JAN 1   3757                      3339    418     4088
..................................................................


WIND (MPH)
  RESULTANT WIND SPEED   5   RESULTANT WIND DIRECTION   N (10)
  HIGHEST WIND SPEED    13   HIGHEST WIND DIRECTION    NW (310)
  HIGHEST GUST SPEED    18   HIGHEST GUST DIRECTION    NW (310)
  AVERAGE WIND SPEED     7.2


SKY COVER
  POSSIBLE SUNSHINE  MM
  AVERAGE SKY COVER 0.0


WEATHER CONDITIONS
 THE FOLLOWING WEATHER WAS RECORDED TODAY.
  NO SIGNIFICANT WEATHER WAS OBSERVED.


RELATIVE HUMIDITY (PERCENT)
 HIGHEST    86           600 AM
 LOWEST     51          1100 AM

..........................................................


THE SARASOTA BRADENTON CLIMATE NORMALS FOR TOMORROW
                         NORMAL    RECORD    YEAR
 MAXIMUM TEMPERATURE (F)   73        90      1971
 MINIMUM TEMPERATURE (F)   54        23      1962


SUNRISE AND SUNSET
DECEMBER 13 2017......SUNRISE   712 AM EST   SUNSET   538 PM EST
DECEMBER 14 2017......SUNRISE   712 AM EST   SUNSET   538 PM EST


-  INDICATES NEGATIVE NUMBERS.
R  INDICATES RECORD WAS SET OR TIED.
MM INDICATES DATA IS MISSING.
T  INDICATES TRACE AMOUNT.




$$


&&
------------------------------------------------------------------
******************** SUPPLEMENTAL DATA ***************************

...GULF WATER TEMPERATURE AT VENICE 67 DEGREES
