000
CDUS42 KTBW 032123
CLISRQ


CLIMATE REPORT
NATIONAL WEATHER SERVICE TAMPA BAY FL
521 PM EDT TUE MAY 3 2016


...................................

...THE SARASOTA BRADENTON CLIMATE SUMMARY FOR MAY 3 2016...
VALID TODAY AS OF 0500 PM LOCAL TIME.

CLIMATE NORMAL PERIOD 1981 TO 2010
CLIMATE RECORD PERIOD 1911 TO 2016


WEATHER ITEM   OBSERVED TIME   RECORD YEAR NORMAL DEPARTURE LAST
                VALUE   (LST)  VALUE       VALUE  FROM      YEAR
                                                  NORMAL
..................................................................
TEMPERATURE (F)
 TODAY
  MAXIMUM         87    250 PM  95    1990  84      3       86
  MINIMUM         75    656 AM  46    1925  64     11       61
  AVERAGE         81                        74      7       74

PRECIPITATION (IN)
  TODAY            0.00          2.37 1923   0.06  -0.06     0.00
  MONTH TO DATE    0.00                      0.18  -0.18     0.00
  SINCE MAR 1      1.83                      6.48  -4.65     2.64
  SINCE JAN 1      7.51                     11.67  -4.16     7.52

DEGREE DAYS
 HEATING
  TODAY            0                         0      0        0
  MONTH TO DATE    0                         0      0        0
  SINCE MAR 1     14                        59    -45       13
  SINCE JUL 1    320                       477   -157      470

 COOLING
  TODAY           16                         9      7        9
  MONTH TO DATE   44                        27     17       24
  SINCE MAR 1    524                       320    204      580
  SINCE JAN 1    590                       424    166      649
..................................................................


WIND (MPH)
  RESULTANT WIND SPEED   7   RESULTANT WIND DIRECTION  SW (210)
  HIGHEST WIND SPEED    15   HIGHEST WIND DIRECTION    SW (240)
  HIGHEST GUST SPEED    20   HIGHEST GUST DIRECTION    SW (220)
  AVERAGE WIND SPEED     8.1


SKY COVER
  POSSIBLE SUNSHINE  MM
  AVERAGE SKY COVER 0.4


WEATHER CONDITIONS
 THE FOLLOWING WEATHER WAS RECORDED TODAY.
  FOG


RELATIVE HUMIDITY (PERCENT)
 HIGHEST    87           400 AM
 LOWEST     65          1100 AM

..........................................................


THE SARASOTA BRADENTON CLIMATE NORMALS FOR TOMORROW
                         NORMAL    RECORD    YEAR
 MAXIMUM TEMPERATURE (F)   84        94      1991
 MINIMUM TEMPERATURE (F)   65        48      1929


SUNRISE AND SUNSET
MAY  3 2016...........SUNRISE   649 AM EDT   SUNSET   805 PM EDT
MAY  4 2016...........SUNRISE   648 AM EDT   SUNSET   806 PM EDT


-  INDICATES NEGATIVE NUMBERS.
R  INDICATES RECORD WAS SET OR TIED.
MM INDICATES DATA IS MISSING.
T  INDICATES TRACE AMOUNT.




$$


&&
------------------------------------------------------------------
******************** SUPPLEMENTAL DATA ***************************

...GULF WATER TEMPERATURE AT VENICE 85 DEGREES
