000
CDUS42 KJAX 280531
CLISSI


CLIMATE REPORT
NATIONAL WEATHER SERVICE JACKSONVILLE FL
131 AM EDT MON JUL 28 2014


...................................

...THE ST SIMONS ISLAND CLIMATE SUMMARY FOR JULY 27 2014...

CLIMATE NORMAL PERIOD 1981 TO 2010
CLIMATE RECORD PERIOD 1948 TO 2014


WEATHER ITEM   OBSERVED TIME   RECORD YEAR NORMAL DEPARTURE LAST
                VALUE   (LST)  VALUE       VALUE  FROM      YEAR
                                                  NORMAL
..................................................................
TEMPERATURE (F)
 YESTERDAY
  MAXIMUM         95    217 PM  99    1999  91      4       88
  MINIMUM         77    602 AM  70    1989  76      1       73
  AVERAGE         86                        83      3       81

PRECIPITATION (IN)
  YESTERDAY        0.00          2.30 1977   0.14  -0.14     1.17
  MONTH TO DATE    2.63                      3.53  -0.90     6.04
  SINCE JUN 1      7.39                      8.37  -0.98    14.35
  SINCE JAN 1     25.88                     23.29   2.59    26.77

SNOWFALL (IN)
  YESTERDAY        0.0           0.0    MM                   0.0
  MONTH TO DATE    0.0                                       0.0
  SINCE JUN 1      0.0                                       0.0
  SINCE JUL 1      0.0                                       0.0
  SNOW DEPTH       0

DEGREE DAYS
 HEATING
  YESTERDAY        0                         0      0        0
  MONTH TO DATE    0                         0      0        0
  SINCE JUN 1      0                         0      0        0
  SINCE JUL 1      0                         0      0        0

 COOLING
  YESTERDAY       21                        18      3       16
  MONTH TO DATE  462                       481    -19      446
  SINCE JUN 1    929                       940    -11      941
  SINCE JAN 1   1372                      1382    -10     1342
..................................................................


WIND (MPH)
  HIGHEST WIND SPEED    14   HIGHEST WIND DIRECTION    SW (230)
  HIGHEST GUST SPEED    20   HIGHEST GUST DIRECTION    SW (240)
  AVERAGE WIND SPEED     8.7


SKY COVER
  POSSIBLE SUNSHINE  MM
  AVERAGE SKY COVER 0.1


WEATHER CONDITIONS
 THE FOLLOWING WEATHER WAS RECORDED YESTERDAY.
  FOG


RELATIVE HUMIDITY (PERCENT)
 HIGHEST    94           600 AM
 LOWEST     46           500 PM
 AVERAGE    70

..........................................................


THE ST SIMONS ISLAND CLIMATE NORMALS FOR TODAY
                         NORMAL    RECORD    YEAR
 MAXIMUM TEMPERATURE (F)   90       100      1968
 MINIMUM TEMPERATURE (F)   76        70      1984


SUNRISE AND SUNSET
JULY 28 2014..........SUNRISE   640 AM EDT   SUNSET   824 PM EDT
JULY 29 2014..........SUNRISE   641 AM EDT   SUNSET   823 PM EDT


-  INDICATES NEGATIVE NUMBERS.
R  INDICATES RECORD WAS SET OR TIED.
MM INDICATES DATA IS MISSING.
T  INDICATES TRACE AMOUNT.




$$
