000
CDUS42 KJAX 240531
CLISSI


CLIMATE REPORT
NATIONAL WEATHER SERVICE JACKSONVILLE
131 AM EDT THU APR 24 2014


...................................

...THE ST SIMONS ISLAND CLIMATE SUMMARY FOR APRIL 23 2014...

CLIMATE NORMAL PERIOD 1981 TO 2010
CLIMATE RECORD PERIOD 1948 TO 2014


WEATHER ITEM   OBSERVED TIME   RECORD YEAR NORMAL DEPARTURE LAST
                VALUE   (LST)  VALUE       VALUE  FROM      YEAR
                                                  NORMAL
..................................................................
TEMPERATURE (F)
 YESTERDAY
  MAXIMUM         84    427 PM  91    1980  77      7       65
  MINIMUM         63    626 AM  42    1993  60      3       54
  AVERAGE         74                        68      6       60

PRECIPITATION (IN)
  YESTERDAY        0.00          1.47 1997   0.07  -0.07     0.00
  MONTH TO DATE    7.92                      2.03   5.89     2.32
  SINCE MAR 1     10.46                      5.91   4.55     4.43
  SINCE JAN 1     16.94                     12.60   4.34     8.54

SNOWFALL (IN)
  YESTERDAY        0.0           0.0    MM                   0.0
  MONTH TO DATE    0.0                                       0.0
  SINCE MAR 1      0.0                                       0.0
  SINCE JUL 1      T                                         0.0
  SNOW DEPTH       0

DEGREE DAYS
 HEATING
  YESTERDAY        0                         1     -1        5
  MONTH TO DATE   37                        50    -13       38
  SINCE MAR 1    265                       227     38      351
  SINCE JUL 1   1493                      1478     15     1266

 COOLING
  YESTERDAY        9                         4      5        0
  MONTH TO DATE   57                        67    -10       73
  SINCE MAR 1     71                        98    -27       84
  SINCE JAN 1     79                       107    -28      112
..................................................................


WIND (MPH)
  HIGHEST WIND SPEED    14   HIGHEST WIND DIRECTION     W (270)
  HIGHEST GUST SPEED    19   HIGHEST GUST DIRECTION     W (250)
  AVERAGE WIND SPEED     6.2


SKY COVER
  POSSIBLE SUNSHINE  MM
  AVERAGE SKY COVER 0.0


WEATHER CONDITIONS
 THE FOLLOWING WEATHER WAS RECORDED YESTERDAY.
  LIGHT RAIN


RELATIVE HUMIDITY (PERCENT)
 HIGHEST    93           500 AM
 LOWEST     40           400 PM
 AVERAGE    67

..........................................................


THE ST SIMONS ISLAND CLIMATE NORMALS FOR TODAY
                         NORMAL    RECORD    YEAR
 MAXIMUM TEMPERATURE (F)   77        93      1999
 MINIMUM TEMPERATURE (F)   60        47      1986


SUNRISE AND SUNSET
APRIL 24 2014.........SUNRISE   648 AM EDT   SUNSET   800 PM EDT
APRIL 25 2014.........SUNRISE   647 AM EDT   SUNSET   801 PM EDT


-  INDICATES NEGATIVE NUMBERS.
R  INDICATES RECORD WAS SET OR TIED.
MM INDICATES DATA IS MISSING.
T  INDICATES TRACE AMOUNT.




$$
