690
CDUS42 KJAX 220528
CLISSI


CLIMATE REPORT
NATIONAL WEATHER SERVICE JACKSONVILLE FL
128 AM EDT THU JUN 22 2017


...................................

...THE ST SIMONS ISLAND CLIMATE SUMMARY FOR JUNE 21 2017...

CLIMATE NORMAL PERIOD 1981 TO 2010
CLIMATE RECORD PERIOD 1948 TO 2017


WEATHER ITEM   OBSERVED TIME   RECORD YEAR NORMAL DEPARTURE LAST
                VALUE   (LST)  VALUE       VALUE  FROM      YEAR
                                                  NORMAL
..................................................................
TEMPERATURE (F)
 YESTERDAY
  MAXIMUM         86   1232 PM  98    2009  88     -2       84
  MINIMUM         81    623 AM  64    1965  74      7       67
  AVERAGE         84                        81      3       76

PRECIPITATION (IN)
  YESTERDAY        0.00          2.37 2002   0.18  -0.18     0.00
  MONTH TO DATE    3.44                      3.42   0.02     3.23
  SINCE JUN 1      3.44                      3.42   0.02     3.23
  SINCE JAN 1     15.58                     18.34  -2.76    16.26

SNOWFALL (IN)
  YESTERDAY        0.0           0.0    MM                   0.0
  MONTH TO DATE    0.0                                       0.0
  SINCE JUN 1      0.0                                       0.0
  SINCE JUL 1      0.0                                       0.0
  SNOW DEPTH       0

DEGREE DAYS
 HEATING
  YESTERDAY        0                         0      0        0
  MONTH TO DATE    0                         0      0        0
  SINCE JUN 1      0                         0      0        0
  SINCE JUL 1    781                      1488   -707     1021

 COOLING
  YESTERDAY       19                        16      3       11
  MONTH TO DATE  301                       310     -9      354
  SINCE JUN 1    301                       310     -9      354
  SINCE JAN 1   1009                       752    257      878
..................................................................


WIND (MPH)
  HIGHEST WIND SPEED    14   HIGHEST WIND DIRECTION    SE (150)
  HIGHEST GUST SPEED    20   HIGHEST GUST DIRECTION    SE (150)
  AVERAGE WIND SPEED     8.8


SKY COVER
  POSSIBLE SUNSHINE  MM
  AVERAGE SKY COVER 0.8


WEATHER CONDITIONS
 THE FOLLOWING WEATHER WAS RECORDED YESTERDAY.
  NO SIGNIFICANT WEATHER WAS OBSERVED.


RELATIVE HUMIDITY (PERCENT)
 HIGHEST    91           300 AM
 LOWEST     77          1200 PM
 AVERAGE    84

..........................................................


THE ST SIMONS ISLAND CLIMATE NORMALS FOR TODAY
                         NORMAL    RECORD    YEAR
 MAXIMUM TEMPERATURE (F)   88        96      1974
 MINIMUM TEMPERATURE (F)   74        64      1965


SUNRISE AND SUNSET
JUNE 22 2017..........SUNRISE   622 AM EDT   SUNSET   833 PM EDT
JUNE 23 2017..........SUNRISE   623 AM EDT   SUNSET   833 PM EDT


-  INDICATES NEGATIVE NUMBERS.
R  INDICATES RECORD WAS SET OR TIED.
MM INDICATES DATA IS MISSING.
T  INDICATES TRACE AMOUNT.




$$
