000
CDUS42 KJAX 280534
CLISSI


CLIMATE REPORT
NATIONAL WEATHER SERVICE JACKSONVILLE FL
1233 AM EST TUE FEB 28 2017


...................................

...THE ST SIMONS ISLAND CLIMATE SUMMARY FOR FEBRUARY 27 2017...

CLIMATE NORMAL PERIOD 1981 TO 2010
CLIMATE RECORD PERIOD 1948 TO 2017


WEATHER ITEM   OBSERVED TIME   RECORD YEAR NORMAL DEPARTURE LAST
                VALUE   (LST)  VALUE       VALUE  FROM      YEAR
                                                  NORMAL
..................................................................
TEMPERATURE (F)
 YESTERDAY
  MAXIMUM         74    325 PM  81    1971  65      9       64
  MINIMUM         58    100 AM  28    1974  48     10       37
  AVERAGE         66                        57      9       51

PRECIPITATION (IN)
  YESTERDAY        T             3.83 2005   0.12  -0.12     0.00
  MONTH TO DATE    0.86                      3.34  -2.48     3.99
  SINCE DEC 1      8.88                      9.20  -0.32     8.49
  SINCE JAN 1      5.86                      6.56  -0.70     7.14

SNOWFALL (IN)
  YESTERDAY        0.0           0.0    MM                   0.0
  MONTH TO DATE    0.0                                       0.0
  SINCE DEC 1      0.0                                       0.0
  SINCE JUL 1      0.0                                       0.0
  SNOW DEPTH       0

DEGREE DAYS
 HEATING
  YESTERDAY        0                         9     -9       14
  MONTH TO DATE  107                       293   -186      289
  SINCE DEC 1    510                      1064   -554      821
  SINCE JUL 1    615                      1244   -629      886

 COOLING
  YESTERDAY        1                         0      1        0
  MONTH TO DATE   31                         0     31        4
  SINCE DEC 1     75                        16     59       94
  SINCE JAN 1     50                         3     47        4
..................................................................


WIND (MPH)
  HIGHEST WIND SPEED    14   HIGHEST WIND DIRECTION     E (110)
  HIGHEST GUST SPEED    20   HIGHEST GUST DIRECTION    SE (130)
  AVERAGE WIND SPEED     8.7


SKY COVER
  POSSIBLE SUNSHINE  MM
  AVERAGE SKY COVER 0.4


WEATHER CONDITIONS
 THE FOLLOWING WEATHER WAS RECORDED YESTERDAY.
  LIGHT RAIN


RELATIVE HUMIDITY (PERCENT)
 HIGHEST    87           900 PM
 LOWEST     44          1200 AM
 AVERAGE    66

..........................................................


THE ST SIMONS ISLAND CLIMATE NORMALS FOR TODAY
                         NORMAL    RECORD    YEAR
 MAXIMUM TEMPERATURE (F)   66        85      1962
 MINIMUM TEMPERATURE (F)   48        26      2002


SUNRISE AND SUNSET
FEBRUARY 28 2017......SUNRISE   653 AM EST   SUNSET   623 PM EST
MARCH  1 2017.........SUNRISE   652 AM EST   SUNSET   624 PM EST


-  INDICATES NEGATIVE NUMBERS.
R  INDICATES RECORD WAS SET OR TIED.
MM INDICATES DATA IS MISSING.
T  INDICATES TRACE AMOUNT.




$$
