000
CDUS42 KJAX 260536
CLISSI


CLIMATE REPORT
NATIONAL WEATHER SERVICE JACKSONVILLE FL
1235 AM EST WED NOV 26 2014


...................................

...THE ST SIMONS ISLAND CLIMATE SUMMARY FOR NOVEMBER 25 2014...

CLIMATE NORMAL PERIOD 1981 TO 2010
CLIMATE RECORD PERIOD 1948 TO 2014


WEATHER ITEM   OBSERVED TIME   RECORD YEAR NORMAL DEPARTURE LAST
                VALUE   (LST)  VALUE       VALUE  FROM      YEAR
                                                  NORMAL
..................................................................
TEMPERATURE (F)
 YESTERDAY
  MAXIMUM         66   1200 PM  81    1955  68     -2       58
  MINIMUM         60   1159 PM  21    1950  51      9       47
  AVERAGE         63                        59      4       53

PRECIPITATION (IN)
  YESTERDAY        1.14          1.32 2004   0.06   1.08     0.01
  MONTH TO DATE    3.36                      1.70   1.66     1.97
  SINCE SEP 1     11.83                     11.92  -0.09    14.03
  SINCE JAN 1     42.58                     42.03   0.55    48.97

SNOWFALL (IN)
  YESTERDAY        0.0           0.0    MM                   0.0
  MONTH TO DATE    0.0                                       0.0
  SINCE SEP 1      0.0                                       0.0
  SINCE JUL 1      0.0                                       0.0
  SNOW DEPTH       0

DEGREE DAYS
 HEATING
  YESTERDAY        2                         7     -5       12
  MONTH TO DATE  198                       113     85      100
  SINCE SEP 1    215                       143     72      122
  SINCE JUL 1    215                       143     72      122

 COOLING
  YESTERDAY        0                         1     -1        0
  MONTH TO DATE   18                        48    -30       45
  SINCE SEP 1    581                       633    -52      642
  SINCE JAN 1   2586                      2609    -23     2587
..................................................................


WIND (MPH)
  HIGHEST WIND SPEED    18   HIGHEST WIND DIRECTION     N (10)
  HIGHEST GUST SPEED    23   HIGHEST GUST DIRECTION    NE (30)
  AVERAGE WIND SPEED     6.3


SKY COVER
  POSSIBLE SUNSHINE  MM
  AVERAGE SKY COVER 0.9


WEATHER CONDITIONS
 THE FOLLOWING WEATHER WAS RECORDED YESTERDAY.
  HEAVY RAIN
  RAIN
  LIGHT RAIN
  FOG


RELATIVE HUMIDITY (PERCENT)
 HIGHEST   100           500 AM
 LOWEST     87          1000 AM
 AVERAGE    94

..........................................................


THE ST SIMONS ISLAND CLIMATE NORMALS FOR TODAY
                         NORMAL    RECORD    YEAR
 MAXIMUM TEMPERATURE (F)   68        83      2010
 MINIMUM TEMPERATURE (F)   50        25      1950


SUNRISE AND SUNSET
NOVEMBER 26 2014......SUNRISE   702 AM EST   SUNSET   523 PM EST
NOVEMBER 27 2014......SUNRISE   703 AM EST   SUNSET   523 PM EST


-  INDICATES NEGATIVE NUMBERS.
R  INDICATES RECORD WAS SET OR TIED.
MM INDICATES DATA IS MISSING.
T  INDICATES TRACE AMOUNT.




$$
