780
CDUS42 KJAX 250538
CLISSI


CLIMATE REPORT
NATIONAL WEATHER SERVICE JACKSONVILLE FL
138 AM EDT WED MAY 25 2016


...................................

...THE ST SIMONS ISLAND CLIMATE SUMMARY FOR MAY 24 2016...

CLIMATE NORMAL PERIOD 1981 TO 2010
CLIMATE RECORD PERIOD 1948 TO 2016


WEATHER ITEM   OBSERVED TIME   RECORD YEAR NORMAL DEPARTURE LAST
                VALUE   (LST)  VALUE       VALUE  FROM      YEAR
                                                  NORMAL
..................................................................
TEMPERATURE (F)
 YESTERDAY
  MAXIMUM         82    156 PM  96    1953  84     -2       83
  MINIMUM         64    552 AM  55    1967  69     -5       74
  AVERAGE         73                        77     -4       79

PRECIPITATION (IN)
  YESTERDAY        0.00          0.91 2009   0.07  -0.07     0.00
  MONTH TO DATE    1.68                      1.27   0.41     0.61
  SINCE MAR 1      5.89                      7.64  -1.75     6.41
  SINCE JAN 1     13.03                     14.33  -1.30    12.13

SNOWFALL (IN)
  YESTERDAY        0.0           0.0    MM                   0.0
  MONTH TO DATE    0.0                                       0.0
  SINCE MAR 1      0.0                                       0.0
  SINCE JUL 1      0.0                                       0.0
  SNOW DEPTH       0

DEGREE DAYS
 HEATING
  YESTERDAY        0                         0      0        0
  MONTH TO DATE    4                         2      2        1
  SINCE MAR 1    115                       235   -120      115
  SINCE JUL 1   1021                      1486   -465     1495

 COOLING
  YESTERDAY        8                        12     -4       14
  MONTH TO DATE  227                       211     16      246
  SINCE MAR 1    430                       345     85      451
  SINCE JAN 1    434                       354     80      457
..................................................................


WIND (MPH)
  HIGHEST WIND SPEED    16   HIGHEST WIND DIRECTION    SE (130)
  HIGHEST GUST SPEED    27   HIGHEST GUST DIRECTION     E (100)
  AVERAGE WIND SPEED     7.3


SKY COVER
  POSSIBLE SUNSHINE  MM
  AVERAGE SKY COVER 0.2


WEATHER CONDITIONS
 THE FOLLOWING WEATHER WAS RECORDED YESTERDAY.
  NO SIGNIFICANT WEATHER WAS OBSERVED.


RELATIVE HUMIDITY (PERCENT)
 HIGHEST    93           500 AM
 LOWEST     54          1000 AM
 AVERAGE    74

..........................................................


THE ST SIMONS ISLAND CLIMATE NORMALS FOR TODAY
                         NORMAL    RECORD    YEAR
 MAXIMUM TEMPERATURE (F)   84        96      1953
 MINIMUM TEMPERATURE (F)   70        55      1967


SUNRISE AND SUNSET
MAY 25 2016...........SUNRISE   624 AM EDT   SUNSET   821 PM EDT
MAY 26 2016...........SUNRISE   624 AM EDT   SUNSET   822 PM EDT


-  INDICATES NEGATIVE NUMBERS.
R  INDICATES RECORD WAS SET OR TIED.
MM INDICATES DATA IS MISSING.
T  INDICATES TRACE AMOUNT.




$$
