672
CDUS43 KMPX 250706
CLISTC


CLIMATE REPORT
NATIONAL WEATHER SERVICE CHANHASSEN MN
106 AM CST SUN FEB 25 2018


...................................

...THE ST CLOUD MN CLIMATE SUMMARY FOR FEBRUARY 24 2018...

CLIMATE NORMAL PERIOD 1981 TO 2010
CLIMATE RECORD PERIOD 1893 TO 2018


WEATHER ITEM   OBSERVED TIME   RECORD YEAR NORMAL DEPARTURE LAST
                VALUE   (LST)  VALUE       VALUE  FROM      YEAR
                                                  NORMAL
..................................................................
TEMPERATURE (F)
 YESTERDAY
  MAXIMUM         26   1046 PM  55    1998  30     -4       27
  MINIMUM         -9    543 AM -22    1950  11    -20       18
  AVERAGE          9                        20    -11       23

PRECIPITATION (IN)
  YESTERDAY        0.58          1.00 2007   0.02   0.56     0.00
  MONTH TO DATE    1.40                      0.47   0.93     0.64
  SINCE DEC 1      2.02                      1.94   0.08     2.73
  SINCE JAN 1      1.58                      1.12   0.46     1.18

SNOWFALL (IN)
  YESTERDAY        6.0           7.6  2007   0.2    5.8      0.0
  MONTH TO DATE   16.1                       5.8   10.3      0.3
  SINCE DEC 1     25.4                      23.8    1.6     19.1
  SINCE JUL 1     32.5                      33.0   -0.5     26.4
  SNOW DEPTH       6

DEGREE DAYS
 HEATING
  YESTERDAY       56                        45     11       42
  MONTH TO DATE 1376                      1169    207      896
  SINCE DEC 1   4514                      4346    168     3838
  SINCE JUL 1   6280                      6271      9     5212

 COOLING
  YESTERDAY        0                         0      0        0
  MONTH TO DATE    0                         0      0        0
  SINCE DEC 1      0                         0      0        0
  SINCE JAN 1      0                         0      0        0
..................................................................


WIND (MPH)
  HIGHEST WIND SPEED    18   HIGHEST WIND DIRECTION     W (270)
  HIGHEST GUST SPEED    22   HIGHEST GUST DIRECTION    NE (60)
  AVERAGE WIND SPEED     5.3


SKY COVER
  POSSIBLE SUNSHINE  MM
  AVERAGE SKY COVER 0.6


WEATHER CONDITIONS
 THE FOLLOWING WEATHER WAS RECORDED YESTERDAY.
  HEAVY SNOW
  SNOW
  LIGHT SNOW
  FOG
  FOG W/VISIBILITY <= 1/4 MILE
  HAZE


RELATIVE HUMIDITY (PERCENT)
 HIGHEST   100           600 PM
 LOWEST     74           200 PM
 AVERAGE    87

..........................................................


THE ST CLOUD MN CLIMATE NORMALS FOR TODAY
                         NORMAL    RECORD    YEAR
 MAXIMUM TEMPERATURE (F)   30        54      1958
 MINIMUM TEMPERATURE (F)   12       -30      1940


SUNRISE AND SUNSET
FEBRUARY 25 2018......SUNRISE   702 AM CST   SUNSET   558 PM CST
FEBRUARY 26 2018......SUNRISE   700 AM CST   SUNSET   559 PM CST


-  INDICATES NEGATIVE NUMBERS.
R  INDICATES RECORD WAS SET OR TIED.
MM INDICATES DATA IS MISSING.
T  INDICATES TRACE AMOUNT.




$$
