000
CDUS43 KMPX 022122
CLISTC


CLIMATE REPORT
NATIONAL WEATHER SERVICE CHANHASSEN MN
422 PM CDT THU JUL 2 2015


...................................

...THE ST CLOUD MN CLIMATE SUMMARY FOR JULY 2 2015...
VALID AS OF 0400 PM LOCAL TIME.

CLIMATE NORMAL PERIOD 1981 TO 2010
CLIMATE RECORD PERIOD 1893 TO 2015


WEATHER ITEM   OBSERVED TIME   RECORD YEAR NORMAL DEPARTURE LAST
                VALUE   (LST)  VALUE       VALUE  FROM      YEAR
                                                  NORMAL
..................................................................
TEMPERATURE (F)
 TODAY
  MAXIMUM         77    218 PM  97    2012  82     -5       76
  MINIMUM         50    502 AM  42    1994  58     -8       56
                                      1980
  AVERAGE         64                        70     -6       66

PRECIPITATION (IN)
  TODAY            0.00          4.80 1903   0.11  -0.11     0.00
  MONTH TO DATE    0.00                      0.23  -0.23     0.01
  SINCE JUN 1      4.66                      4.40   0.26     6.19
  SINCE JAN 1     13.33                     12.71   0.62    22.54

SNOWFALL (IN)
  TODAY            0.0           0.0    MM   0.0    0.0      0.0
  MONTH TO DATE    0.0                       0.0    0.0      0.0
  SINCE JUN 1      0.0                       0.0    0.0      0.0
  SINCE JUL 1      0.0                       0.0    0.0      0.0
  SNOW DEPTH       0

DEGREE DAYS
 HEATING
  TODAY            1                         1      0        0
  MONTH TO DATE    2                         2      0        0
  SINCE JUN 1     30                        80    -50       26
  SINCE JUL 1      2                         2      0        0

 COOLING
  TODAY            0                         6     -6        1
  MONTH TO DATE    0                        11    -11        2
  SINCE JUN 1     72                       106    -34      135
  SINCE JAN 1     77                       131    -54      179
..................................................................


WIND (MPH)
  HIGHEST WIND SPEED    10   HIGHEST WIND DIRECTION     S (190)
  HIGHEST GUST SPEED    14   HIGHEST GUST DIRECTION     S (170)
  AVERAGE WIND SPEED     2.9


SKY COVER
  POSSIBLE SUNSHINE  MM
  AVERAGE SKY COVER 0.1


WEATHER CONDITIONS
 THE FOLLOWING WEATHER WAS RECORDED TODAY.
  FOG


RELATIVE HUMIDITY (PERCENT)
 HIGHEST   100           200 AM
 LOWEST     46           100 PM
 AVERAGE    73

..........................................................


THE ST CLOUD MN CLIMATE NORMALS FOR TOMORROW
                         NORMAL    RECORD    YEAR
 MAXIMUM TEMPERATURE (F)   82       102      1949
 MINIMUM TEMPERATURE (F)   58        45      1972
                                             1967
                                             1915


SUNRISE AND SUNSET
JULY  2 2015..........SUNRISE   532 AM CDT   SUNSET   909 PM CDT
JULY  3 2015..........SUNRISE   532 AM CDT   SUNSET   908 PM CDT


-  INDICATES NEGATIVE NUMBERS.
R  INDICATES RECORD WAS SET OR TIED.
MM INDICATES DATA IS MISSING.
T  INDICATES TRACE AMOUNT.




$$
