000
CDUS43 KMPX 310825
CLISTC


CLIMATE REPORT
NATIONAL WEATHER SERVICE CHANHASSEN MN
322 AM CDT MON AUG 31 2015


...................................

...THE ST CLOUD MN CLIMATE SUMMARY FOR AUGUST 30 2015...

CLIMATE NORMAL PERIOD 1981 TO 2010
CLIMATE RECORD PERIOD 1893 TO 2015


WEATHER ITEM   OBSERVED TIME   RECORD YEAR NORMAL DEPARTURE LAST
                VALUE   (LST)  VALUE       VALUE  FROM      YEAR
                                                  NORMAL
..................................................................
TEMPERATURE (F)
 YESTERDAY
  MAXIMUM         80    346 PM  98    1921  77      3       75
  MINIMUM         57    259 AM  38    1974  53      4       65
  AVERAGE         69                        65      4       70

PRECIPITATION (IN)
  YESTERDAY        0.00          1.58 1969   0.14  -0.14      T
  MONTH TO DATE    3.10                      3.66  -0.56     4.80
  SINCE JUN 1     14.94                     11.14   3.80    12.23
  SINCE JAN 1     23.61                     19.45   4.16    28.58

SNOWFALL (IN)
  YESTERDAY        0.0           0.0    MM   0.0    0.0      0.0
  MONTH TO DATE    0.0                       0.0    0.0      0.0
  SINCE JUN 1      0.0                       0.0    0.0      0.0
  SINCE JUL 1      0.0                       0.0    0.0      0.0
  SNOW DEPTH       0

DEGREE DAYS
 HEATING
  YESTERDAY        0                         3     -3        0
  MONTH TO DATE   40                        39      1        2
  SINCE JUN 1     80                       134    -54       35
  SINCE JUL 1     52                        56     -4        9

 COOLING
  YESTERDAY        4                         3      1        5
  MONTH TO DATE  103                       124    -21      194
  SINCE JUN 1    372                       401    -29      502
  SINCE JAN 1    377                       426    -49      546
..................................................................


WIND (MPH)
  HIGHEST WIND SPEED    17   HIGHEST WIND DIRECTION     S (170)
  HIGHEST GUST SPEED    20   HIGHEST GUST DIRECTION     S (160)
  AVERAGE WIND SPEED     9.8


SKY COVER
  POSSIBLE SUNSHINE  MM
  AVERAGE SKY COVER 0.3


WEATHER CONDITIONS
 THE FOLLOWING WEATHER WAS RECORDED YESTERDAY.
  FOG


RELATIVE HUMIDITY (PERCENT)
 HIGHEST   100          1200 AM
 LOWEST     62           200 PM
 AVERAGE    81

..........................................................


THE ST CLOUD MN CLIMATE NORMALS FOR TODAY
                         NORMAL    RECORD    YEAR
 MAXIMUM TEMPERATURE (F)   76        95      1907
 MINIMUM TEMPERATURE (F)   53        33      1974


SUNRISE AND SUNSET
AUGUST 31 2015........SUNRISE   636 AM CDT   SUNSET   756 PM CDT
SEPTEMBER  1 2015.....SUNRISE   637 AM CDT   SUNSET   754 PM CDT


-  INDICATES NEGATIVE NUMBERS.
R  INDICATES RECORD WAS SET OR TIED.
MM INDICATES DATA IS MISSING.
T  INDICATES TRACE AMOUNT.




$$
